{"id":50392,"date":"2026-03-18T22:36:31","date_gmt":"2026-03-18T22:36:31","guid":{"rendered":"https:\/\/soydeaqui.ddns.net\/pachuca\/index.php\/producto\/multimetro-avanzado-de-alta-precision-con-pantalla-dual\/"},"modified":"2026-03-18T22:36:38","modified_gmt":"2026-03-18T22:36:38","slug":"multimetro-avanzado-de-alta-precision-con-pantalla-dual","status":"publish","type":"product","link":"https:\/\/soydeaqui.ddns.net\/pachuca\/index.php\/producto\/multimetro-avanzado-de-alta-precision-con-pantalla-dual\/","title":{"rendered":"Mult\u00edmetro Avanzado de alta precisi\u00f3n con Pantalla Dual"},"content":{"rendered":"<div style='width: 100%; max-width: 1200px; margin: 0 auto; font-family: sans-serif; line-height: 1.6; color: inherit; background-color: transparent;'>\n<div style='display: flex; flex-wrap: wrap; gap: 30px; margin-bottom: 30px;'>\n<div style='flex: 1 1 300px; min-width: 280px;'> <img style='width: 100%; height: auto; border: 1px solid rgba(150&comma;150&comma;150&comma;0.3); border-radius: 8px;' src='https:\/\/ftp3.syscom.mx\/usuarios\/orobles\/GREENLEE\/TEMPO-COMMUNICATIONS-lg.jpg' alt=''> <\/div>\n<\/p><\/div>\n<div style='display: flex; flex-wrap: wrap; gap: 30px; margin-bottom: 30px;'>\n<div style='flex: 1 1 300px; min-width: 280px;'>\n<p style='font-size: 14pt; margin: 1em 0;'>El MM810 de Tempo Communications es un mult\u00edmetro avanzado dirigido a t\u00e9cnicos y electricistas profesionales. El MM810 es un mult\u00edmetro de doble pantalla de alta precisi\u00f3n&comma; alta precisi\u00f3n&comma; True-RMS (TRMS) con todas las caracter\u00edsticas de medici\u00f3n que probablemente necesite en el campo.<\/p>\n<p style='font-size: 14pt; margin: 1em 0;'>Construido seg\u00fan los est\u00e1ndares internacionales de seguridad&comma; el MM-810 realiza todas las pruebas que cualquier electricista desear\u00eda con la precisi\u00f3n adicional de la respuesta de verdadero RMS para mediciones de CA. Las caracter\u00edsticas como &#8216;BeepJack&#8217; mejoran la seguridad y ayudan a prevenir da\u00f1os cuando los cables est\u00e1n conectados a los terminales incorrectos para el tipo de prueba seleccionado. Totalmente autom\u00e1tico o manual: la elecci\u00f3n es suya. La pantalla LCD retroiluminada ayuda cuando se prueba en esos armarios inc\u00f3modos.<\/p>\n<\/p><\/div>\n<\/p><\/div>\n<div style='display: flex; flex-wrap: wrap; gap: 20px; margin-bottom: 30px;'>\n<div style='flex: 1 1 250px; border: 1px solid rgba(150&comma; 150&comma; 150&comma; 0.4); border-radius: 8px; overflow: hidden; display: flex; flex-direction: column;'>\n<div style='padding: 15px; border-bottom: 1px solid rgba(150&comma; 150&comma; 150&comma; 0.2); font-weight: bold; font-size: 18px; color: inherit;'>Caracter\u00edsticas<\/div>\n<div style='padding: 15px; color: inherit;'>\n<ul style='padding-left: 20px; margin: 0; font-size: 14px; list-style-type: disc;'>\n<li style='margin-bottom: 5px; font-size: 14pt;'>13 funciones: volts&comma; ohms&comma; corriente&comma; frecuencia&comma; ciclo de trabajo y frecuencia l\u00f3gica&comma; mV&comma; mA&comma; rangos dedicados uA<\/li>\n<li style='margin-bottom: 5px; font-size: 14pt;'>Continuidad&comma; diodo&comma; capacitancia&comma; mediciones relativas.<\/li>\n<li style='margin-bottom: 5px; font-size: 14pt;'>Rangos de milivoltios y microamperios para mediciones de precisi\u00f3n<\/li>\n<li style='margin-bottom: 5px; font-size: 14pt;'>Rangos autom\u00e1ticos y manuales<\/li>\n<li style='margin-bottom: 5px; font-size: 14pt;'>La pantalla dual puede mostrar RMS y frecuencia&comma; o RMS y DC<\/li>\n<li style='margin-bottom: 5px; font-size: 14pt;'>Se suministra con una funda de tela personalizada.<\/li>\n<\/ul><\/div>\n<\/p><\/div>\n<\/p><\/div>\n<div style='display: flex; flex-wrap: wrap; gap: 30px; margin-bottom: 30px;'>\n<div style='flex: 1 1 300px; min-width: 280px;'>\n<div style='position: relative; padding-bottom: 56.25%; height: 0; overflow: hidden; margin-bottom: 30px;'>   <\/div>\n<\/p><\/div>\n<div style='flex: 1 1 300px; min-width: 280px;'>\n<div style='position: relative; padding-bottom: 56.25%; height: 0; overflow: hidden; margin-bottom: 30px;'>   <\/div>\n<\/p><\/div>\n<\/p><\/div>\n<hr style='border: 0; border-top: 1px solid rgba(150&comma; 150&comma; 150&comma; 0.3); margin: 30px 0;'> <\/div>\n","protected":false},"excerpt":{"rendered":"<p>Mult\u00edmetro Avanzado de alta precisi\u00f3n con Pantalla Dual<\/p>\n","protected":false},"featured_media":50391,"comment_status":"open","ping_status":"closed","template":"","meta":[],"product_brand":[],"product_cat":[130],"product_tag":[25,131,658],"class_list":{"0":"post-50392","1":"product","2":"type-product","3":"status-publish","4":"has-post-thumbnail","6":"product_cat-herramientas-electricas","7":"product_tag-herramientas","8":"product_tag-herramientas-electricas","9":"product_tag-tempo","11":"first","12":"instock","13":"sale","14":"shipping-taxable","15":"purchasable","16":"product-type-simple"},"_links":{"self":[{"href":"https:\/\/soydeaqui.ddns.net\/pachuca\/index.php\/wp-json\/wp\/v2\/product\/50392","targetHints":{"allow":["GET"]}}],"collection":[{"href":"https:\/\/soydeaqui.ddns.net\/pachuca\/index.php\/wp-json\/wp\/v2\/product"}],"about":[{"href":"https:\/\/soydeaqui.ddns.net\/pachuca\/index.php\/wp-json\/wp\/v2\/types\/product"}],"replies":[{"embeddable":true,"href":"https:\/\/soydeaqui.ddns.net\/pachuca\/index.php\/wp-json\/wp\/v2\/comments?post=50392"}],"wp:featuredmedia":[{"embeddable":true,"href":"https:\/\/soydeaqui.ddns.net\/pachuca\/index.php\/wp-json\/wp\/v2\/media\/50391"}],"wp:attachment":[{"href":"https:\/\/soydeaqui.ddns.net\/pachuca\/index.php\/wp-json\/wp\/v2\/media?parent=50392"}],"wp:term":[{"taxonomy":"product_brand","embeddable":true,"href":"https:\/\/soydeaqui.ddns.net\/pachuca\/index.php\/wp-json\/wp\/v2\/product_brand?post=50392"},{"taxonomy":"product_cat","embeddable":true,"href":"https:\/\/soydeaqui.ddns.net\/pachuca\/index.php\/wp-json\/wp\/v2\/product_cat?post=50392"},{"taxonomy":"product_tag","embeddable":true,"href":"https:\/\/soydeaqui.ddns.net\/pachuca\/index.php\/wp-json\/wp\/v2\/product_tag?post=50392"}],"curies":[{"name":"wp","href":"https:\/\/api.w.org\/{rel}","templated":true}]}}