{"id":50086,"date":"2026-03-18T22:27:42","date_gmt":"2026-03-18T22:27:42","guid":{"rendered":"https:\/\/soydeaqui.ddns.net\/pachuca\/index.php\/producto\/probador-de-tomacorrientes-estandar-con-secuencia-de-luces-para-indicar-un-cableado-correcto-incorrecto\/"},"modified":"2026-03-18T22:27:51","modified_gmt":"2026-03-18T22:27:51","slug":"probador-de-tomacorrientes-estandar-con-secuencia-de-luces-para-indicar-un-cableado-correcto-incorrecto","status":"publish","type":"product","link":"https:\/\/soydeaqui.ddns.net\/pachuca\/index.php\/producto\/probador-de-tomacorrientes-estandar-con-secuencia-de-luces-para-indicar-un-cableado-correcto-incorrecto\/","title":{"rendered":"Probador de Tomacorrientes Est\u00e1ndar, con Secuencia de Luces para Indicar un Cableado Correcto\/Incorrecto."},"content":{"rendered":"<div style='width: 100%; max-width: 1200px; margin: 0 auto; font-family: sans-serif; line-height: 1.6; color: inherit; background-color: transparent;'> <!-- Descripci\u00f3n principal --> <\/p>\n<div style='margin-bottom: 30px; font-size: 15px; color: inherit;'> El probador de tomacorrientes Klein Tools RT110 detecta los problemas de cableado m\u00e1s comunes en tomacorrientes est\u00e1ndar. <\/div>\n<p> <!-- Secci\u00f3n de caracter\u00edsticas --> <\/p>\n<div style='display: flex; flex-wrap: wrap; gap: 30px; margin-bottom: 30px;'>\n<div style='flex: 1 1 300px; min-width: 280px;'>\n<h3 style='font-size: 22px; border-bottom: 2px solid currentColor; padding-bottom: 5px; margin-top: 0; color: inherit; opacity: 0.8;'>Caracter\u00edsticas<\/h3>\n<ul style='padding-left: 20px; font-size: 15px; color: inherit;'>\n<li style='margin-bottom: 5px;'> Probador de tomacorrientes con secuencia de luces en el probador de recept\u00e1culo que indica un cableado correcto\/incorrecto. <\/li>\n<li style='margin-bottom: 5px;'> Dise\u00f1ado para detectar los problemas de cableado m\u00e1s comunes en recept\u00e1culos est\u00e1ndar. <\/li>\n<li style='margin-bottom: 5px;'> Probador de recept\u00e1culo que cumple con las normas UL 1436 y est\u00e1 certificado seg\u00fan la norma CSA STD C22.2 n.\u00ba 160. <\/li>\n<li style='margin-bottom: 5px;'> Temperatura de operaci\u00f3n: 32 \u00b0F a 104 \u00b0F (0 \u00b0C a 40 \u00b0C). <\/li>\n<li style='margin-bottom: 5px;'> Unidad construida para resistir una ca\u00edda desde 6&comma;6&#8242; (2 m). <\/li>\n<li style='margin-bottom: 5px;'> Voltaje nominal: 110 V CA\/125 V CA a 50 Hz\/60 Hz en toma de 3 alambres. <\/li>\n<\/ul><\/div>\n<p> <!-- Secci\u00f3n de condiciones detectadas --> <\/p>\n<div style='flex: 1 1 300px; min-width: 280px;'>\n<h3 style='font-size: 22px; border-bottom: 2px solid currentColor; padding-bottom: 5px; margin-top: 0; color: inherit; opacity: 0.8;'>Condiciones detectadas<\/h3>\n<ul style='padding-left: 20px; font-size: 15px; color: inherit;'>\n<li style='margin-bottom: 5px;'>Cableado correcto<\/li>\n<li style='margin-bottom: 5px;'>Puesta a tierra abierta<\/li>\n<li style='margin-bottom: 5px;'>Tomacorrientes inverso<\/li>\n<li style='margin-bottom: 5px;'>Vivo abierto<\/li>\n<li style='margin-bottom: 5px;'>Neutro abierto<\/li>\n<li style='margin-bottom: 5px;'>Vivo\/tierra invertidos<\/li>\n<\/ul><\/div>\n<p> <!-- Secci\u00f3n de condiciones no detectadas --> <\/p>\n<div style='flex: 1 1 300px; min-width: 280px;'>\n<h3 style='font-size: 22px; border-bottom: 2px solid currentColor; padding-bottom: 5px; margin-top: 0; color: inherit; opacity: 0.8;'>Condiciones no detectadas<\/h3>\n<ul style='padding-left: 20px; font-size: 15px; color: inherit;'>\n<li style='margin-bottom: 5px;'>Calidad de tierra<\/li>\n<li style='margin-bottom: 5px;'>M\u00faltiples cables vivos<\/li>\n<li style='margin-bottom: 5px;'>Combinaciones de defectos<\/li>\n<li style='margin-bottom: 5px;'>Inversi\u00f3n de conductor conectado a tierra<\/li>\n<li style='margin-bottom: 5px;'>Conductor de conexi\u00f3n a tierra<\/li>\n<\/ul><\/div>\n<\/p><\/div>\n<p> <!-- Secci\u00f3n de especificaciones --> <\/p>\n<div style='display: flex; flex-wrap: wrap; gap: 20px; margin-bottom: 30px;'>\n<div style='flex: 1 1 250px; border: 1px solid rgba(150&comma; 150&comma; 150&comma; 0.4); border-radius: 8px; overflow: hidden; display: flex; flex-direction: column;'>\n<div style='padding: 15px; border-bottom: 1px solid rgba(150&comma; 150&comma; 150&comma; 0.2); font-weight: bold; font-size: 18px; color: inherit;'>Dimensiones<\/div>\n<div style='padding: 15px; color: inherit;'>\n<ul style='padding-left: 20px; margin: 0; font-size: 14px; list-style-type: disc;'>\n<li style='margin-bottom: 5px;'><strong>Longitud:<\/strong> 1.62&#8242; (41 mm)<\/li>\n<li style='margin-bottom: 5px;'><strong>Altura:<\/strong> 2.88&#8242; (73 mm)<\/li>\n<li style='margin-bottom: 5px;'><strong>Ancho:<\/strong> 1.88&#8242; (48 mm)<\/li>\n<li style='margin-bottom: 5px;'><strong>Protecci\u00f3n anti ca\u00edda:<\/strong> 6.6&#8242; (2 m)<\/li>\n<\/ul><\/div>\n<\/p><\/div>\n<div style='flex: 1 1 250px; border: 1px solid rgba(150&comma; 150&comma; 150&comma; 0.4); border-radius: 8px; overflow: hidden; display: flex; flex-direction: column;'>\n<div style='padding: 15px; border-bottom: 1px solid rgba(150&comma; 150&comma; 150&comma; 0.2); font-weight: bold; font-size: 18px; color: inherit;'>Especificaciones El\u00e9ctricas<\/div>\n<div style='padding: 15px; color: inherit;'>\n<ul style='padding-left: 20px; margin: 0; font-size: 14px; list-style-type: disc;'>\n<li style='margin-bottom: 5px;'><strong>Voltaje nominal:<\/strong> 110\/125 V CA a 50 Hz\/60 Hz<\/li>\n<li style='margin-bottom: 5px;'><strong>Frecuencia:<\/strong> 50 Hz &#8211; 500 Hz<\/li>\n<li style='margin-bottom: 5px;'><strong>Tipo de toma:<\/strong> 3 alambres<\/li>\n<\/ul><\/div>\n<\/p><\/div>\n<div style='flex: 1 1 250px; border: 1px solid rgba(150&comma; 150&comma; 150&comma; 0.4); border-radius: 8px; overflow: hidden; display: flex; flex-direction: column;'>\n<div style='padding: 15px; border-bottom: 1px solid rgba(150&comma; 150&comma; 150&comma; 0.2); font-weight: bold; font-size: 18px; color: inherit;'>Caracter\u00edsticas F\u00edsicas<\/div>\n<div style='padding: 15px; color: inherit;'>\n<ul style='padding-left: 20px; margin: 0; font-size: 14px; list-style-type: disc;'>\n<li style='margin-bottom: 5px;'><strong>Peso:<\/strong> 54 g (1.9 oz)<\/li>\n<\/ul><\/div>\n<\/p><\/div>\n<\/p><\/div>\n<p> <!-- Separador --> <\/p>\n<hr style='border: 0; border-top: 1px solid rgba(150&comma; 150&comma; 150&comma; 0.3); margin: 30px 0;'> <\/div>\n","protected":false},"excerpt":{"rendered":"<p>Probador de Tomacorrientes Est\u00e1ndar, con Secuencia de Luces para Indicar un Cableado Correcto\/Incorrecto.<\/p>\n","protected":false},"featured_media":50085,"comment_status":"open","ping_status":"closed","template":"","meta":[],"product_brand":[],"product_cat":[24],"product_tag":[26,25,432],"class_list":{"0":"post-50086","1":"product","2":"type-product","3":"status-publish","4":"has-post-thumbnail","6":"product_cat-accesorios-de-instalacion","7":"product_tag-accesorios-de-instalacion","8":"product_tag-herramientas","9":"product_tag-klein-tools","11":"first","12":"instock","13":"sale","14":"shipping-taxable","15":"purchasable","16":"product-type-simple"},"_links":{"self":[{"href":"https:\/\/soydeaqui.ddns.net\/pachuca\/index.php\/wp-json\/wp\/v2\/product\/50086","targetHints":{"allow":["GET"]}}],"collection":[{"href":"https:\/\/soydeaqui.ddns.net\/pachuca\/index.php\/wp-json\/wp\/v2\/product"}],"about":[{"href":"https:\/\/soydeaqui.ddns.net\/pachuca\/index.php\/wp-json\/wp\/v2\/types\/product"}],"replies":[{"embeddable":true,"href":"https:\/\/soydeaqui.ddns.net\/pachuca\/index.php\/wp-json\/wp\/v2\/comments?post=50086"}],"wp:featuredmedia":[{"embeddable":true,"href":"https:\/\/soydeaqui.ddns.net\/pachuca\/index.php\/wp-json\/wp\/v2\/media\/50085"}],"wp:attachment":[{"href":"https:\/\/soydeaqui.ddns.net\/pachuca\/index.php\/wp-json\/wp\/v2\/media?parent=50086"}],"wp:term":[{"taxonomy":"product_brand","embeddable":true,"href":"https:\/\/soydeaqui.ddns.net\/pachuca\/index.php\/wp-json\/wp\/v2\/product_brand?post=50086"},{"taxonomy":"product_cat","embeddable":true,"href":"https:\/\/soydeaqui.ddns.net\/pachuca\/index.php\/wp-json\/wp\/v2\/product_cat?post=50086"},{"taxonomy":"product_tag","embeddable":true,"href":"https:\/\/soydeaqui.ddns.net\/pachuca\/index.php\/wp-json\/wp\/v2\/product_tag?post=50086"}],"curies":[{"name":"wp","href":"https:\/\/api.w.org\/{rel}","templated":true}]}}