{"id":49891,"date":"2026-03-18T22:22:11","date_gmt":"2026-03-18T22:22:11","guid":{"rendered":"https:\/\/soydeaqui.ddns.net\/pachuca\/index.php\/producto\/muliticontacto-con-proteccion-contra-sobretensiones-de-8-salidas-de-120-vca-y-telco-hasta-6-transformadores-control-de-acceso-sistemas-de-seguridad-sistemas-de-voceo-trabajo-en-casa\/"},"modified":"2026-03-18T22:22:16","modified_gmt":"2026-03-18T22:22:16","slug":"muliticontacto-con-proteccion-contra-sobretensiones-de-8-salidas-de-120-vca-y-telco-hasta-6-transformadores-control-de-acceso-sistemas-de-seguridad-sistemas-de-voceo-trabajo-en-casa","status":"publish","type":"product","link":"https:\/\/soydeaqui.ddns.net\/pachuca\/index.php\/producto\/muliticontacto-con-proteccion-contra-sobretensiones-de-8-salidas-de-120-vca-y-telco-hasta-6-transformadores-control-de-acceso-sistemas-de-seguridad-sistemas-de-voceo-trabajo-en-casa\/","title":{"rendered":"Muliticontacto con Protecci\u00f3n Contra Sobretensiones de 8 Salidas de 120 VCA y Telco, Hasta 6 Transformadores, Control de Acceso, Sistemas de Seguridad, Sistemas de Voceo, Trabajo en Casa"},"content":{"rendered":"<div style='width: 100%; max-width: 1200px; margin: 0 auto; font-family: sans-serif; line-height: 1.6; color: inherit;'>\n<div style='display: flex; flex-wrap: wrap; gap: 30px; margin-bottom: 30px;'>\n<div style='flex: 1 1 300px; min-width: 280px;'> <img style='width: 100%; height: auto; border: 1px solid rgba(150&comma;150&comma;150&comma;0.3); border-radius: 8px;' src='https:\/\/ftp3.syscom.mx\/usuarios\/fotos\/DTK8FF\/15138-logo.jpg' alt=''> <\/div>\n<\/p><\/div>\n<div style='display: flex; flex-wrap: wrap; gap: 30px; margin-bottom: 30px;'>\n<div style='flex: 1 1 300px; min-width: 280px;'>\n<h3 style='font-size: 22px; border-bottom: 2px solid currentColor; padding-bottom: 5px; margin-top: 0; color: inherit; opacity: 0.8;'>Caracter\u00edsticas principales<\/h3>\n<ul style='padding-left: 20px; font-size: 15px; color: inherit;'>\n<li style='margin-bottom: 5px;'>8 salidas de CA protegidas<\/li>\n<li style='margin-bottom: 5px;'>Hasta 6 transformadores al mismo tiempo<\/li>\n<li style='margin-bottom: 5px;'>El LED de diagn\u00f3stico indica la presencia de tierra y funci\u00f3n supresora<\/li>\n<li style='margin-bottom: 5px;'>La funci\u00f3n de apagado autom\u00e1tico apaga la alimentaci\u00f3n en caso de sobrecarga del supresor<\/li>\n<li style='margin-bottom: 5px;'>Aplicaciones: <strong>Transformadores de Paneles de Alarma&comma; Sistemas de Control de Acceso&comma; Sistemas de Voceo&comma; Electrodom\u00e9sticos&comma; M\u00e1quinas Contestadoras&comma; Fax&comma; Impresoras<\/strong><\/li>\n<\/ul><\/div>\n<div style='flex: 1 1 300px; min-width: 280px;'>\n<h3 style='font-size: 22px; border-bottom: 2px solid currentColor; padding-bottom: 5px; margin-top: 0; color: inherit; opacity: 0.8;'>Caracter\u00edsticas el\u00e9ctricas y f\u00edsicas<\/h3>\n<ul style='padding-left: 20px; font-size: 15px; color: inherit;'>\n<li style='margin-bottom: 5px;'><strong>M\u00e9todo de conexi\u00f3n:<\/strong> NEMA 5-15P y largo de 1.8m.&comma; RJ11 (Telco)<\/li>\n<li style='margin-bottom: 5px;'><strong>Clasificaci\u00f3n de protecci\u00f3n de voltaje:<\/strong> 400 V<\/li>\n<li style='margin-bottom: 5px;'><strong>M\u00e1xima corriente continua:<\/strong> 15 A<\/li>\n<li style='margin-bottom: 5px;'><strong>Clasificaci\u00f3n de corriente de sobretensi\u00f3n:<\/strong> 144&comma;000 A (5&comma;000 A Telco)<\/li>\n<li style='margin-bottom: 5px;'><strong>Carcasa:<\/strong> ABS<\/li>\n<li style='margin-bottom: 5px;'><strong>Temperatura de operaci\u00f3n:<\/strong> -40\u00b0C a 70 \u00b0C (-40\u00b0F a 158\u00b0F)<\/li>\n<li style='margin-bottom: 5px;'><strong>Dimensiones:<\/strong> 26.7 x 99 x 36 mm<\/li>\n<li style='margin-bottom: 5px;'><strong>Peso:<\/strong> 590 g<\/li>\n<li style='margin-bottom: 5px;'><strong>Supresi\u00f3n de sobretensiones:<\/strong> 2160 Joules<\/li>\n<li style='margin-bottom: 5px;'><a style='color: inherit; text-decoration: underline;' href='https:\/\/ftp3.syscom.mx\/usuarios\/scorrea\/A\/DITEK\/DTK8FF\/spec_sheet.pdf' target='_blank' rel='noopener'>Revise la ficha completa<\/a><\/li>\n<\/ul><\/div>\n<div style='flex: 1 1 300px; min-width: 280px;'>\n<h3 style='font-size: 22px; border-bottom: 2px solid currentColor; padding-bottom: 5px; margin-top: 0; color: inherit; opacity: 0.8;'>Caracter\u00edsticas Destacadas<\/h3>\n<p style='font-size: 15px; color: inherit;'>El dispositivo de protecci\u00f3n contra sobretensiones (SPD) de ocho salidas DTK-8FF de DITEK protege la alimentaci\u00f3n de CA y las l\u00edneas de telecomunicaciones\/m\u00f3dem\/fax.<\/p>\n<p style='font-size: 15px; color: inherit;'>Su circuito h\u00edbrido proporciona una excelente protecci\u00f3n en el punto de uso. Se pueden usar hasta seis transformadores al mismo tiempo&comma; y el filtrado EMI\/RFI brinda protecci\u00f3n adicional para los componentes electr\u00f3nicos sensibles.<\/p>\n<\/p><\/div>\n<\/p><\/div>\n<div style='display: flex; flex-wrap: wrap; gap: 30px; margin-bottom: 30px;'>\n<div style='flex: 1 1 300px; min-width: 280px;'> <img style='width: 100%; height: auto; border: 1px solid rgba(150&comma;150&comma;150&comma;0.3); border-radius: 8px;' src='https:\/\/ftp3.syscom.mx\/usuarios\/fotos\/DTK8FF\/15138-ul.jpg' alt=''> <\/div>\n<\/p><\/div>\n<div style='display: flex; flex-wrap: wrap; gap: 30px; margin-bottom: 30px;'>\n<div style='flex: 1 1 300px; min-width: 280px;'> <img style='width: 100%; height: auto; border: 1px solid rgba(150&comma;150&comma;150&comma;0.3); border-radius: 8px;' src='https:\/\/ftp3.syscom.mx\/usuarios\/scorrea\/A\/DITEK\/DTK8FF\/aplicacion.JPG' alt=''> <\/div>\n<\/p><\/div>\n<hr style='border: 0; border-top: 1px solid rgba(150&comma; 150&comma; 150&comma; 0.3); margin: 30px 0;'> <\/div>\n","protected":false},"excerpt":{"rendered":"<p>Muliticontacto con Protecci\u00f3n Contra Sobretensiones de 8 Salidas de 120 VCA y Telco, Hasta 6 Transformadores, Control de Acceso, Sistemas de Seguridad, Sistemas de Voceo, Trabajo en Casa<\/p>\n","protected":false},"featured_media":49890,"comment_status":"open","ping_status":"closed","template":"","meta":[],"product_brand":[],"product_cat":[967],"product_tag":[968,534,898],"class_list":{"0":"post-49891","1":"product","2":"type-product","3":"status-publish","4":"has-post-thumbnail","6":"product_cat-corriente-alterna","7":"product_tag-corriente-alterna","8":"product_tag-ditek","9":"product_tag-proteccion-contra-descargas","11":"first","12":"instock","13":"sale","14":"shipping-taxable","15":"purchasable","16":"product-type-simple"},"_links":{"self":[{"href":"https:\/\/soydeaqui.ddns.net\/pachuca\/index.php\/wp-json\/wp\/v2\/product\/49891","targetHints":{"allow":["GET"]}}],"collection":[{"href":"https:\/\/soydeaqui.ddns.net\/pachuca\/index.php\/wp-json\/wp\/v2\/product"}],"about":[{"href":"https:\/\/soydeaqui.ddns.net\/pachuca\/index.php\/wp-json\/wp\/v2\/types\/product"}],"replies":[{"embeddable":true,"href":"https:\/\/soydeaqui.ddns.net\/pachuca\/index.php\/wp-json\/wp\/v2\/comments?post=49891"}],"wp:featuredmedia":[{"embeddable":true,"href":"https:\/\/soydeaqui.ddns.net\/pachuca\/index.php\/wp-json\/wp\/v2\/media\/49890"}],"wp:attachment":[{"href":"https:\/\/soydeaqui.ddns.net\/pachuca\/index.php\/wp-json\/wp\/v2\/media?parent=49891"}],"wp:term":[{"taxonomy":"product_brand","embeddable":true,"href":"https:\/\/soydeaqui.ddns.net\/pachuca\/index.php\/wp-json\/wp\/v2\/product_brand?post=49891"},{"taxonomy":"product_cat","embeddable":true,"href":"https:\/\/soydeaqui.ddns.net\/pachuca\/index.php\/wp-json\/wp\/v2\/product_cat?post=49891"},{"taxonomy":"product_tag","embeddable":true,"href":"https:\/\/soydeaqui.ddns.net\/pachuca\/index.php\/wp-json\/wp\/v2\/product_tag?post=49891"}],"curies":[{"name":"wp","href":"https:\/\/api.w.org\/{rel}","templated":true}]}}