{"id":49889,"date":"2026-03-18T22:22:07","date_gmt":"2026-03-18T22:22:07","guid":{"rendered":"https:\/\/soydeaqui.ddns.net\/pachuca\/index.php\/producto\/panel-solar-plegable-200w-recomendado-para-el-power-station-portable-de-1200w-ugreen-alta-eficiencia-de-conversion-alineacion-inteligente-de-la-luz-solar-resistente-al-agua-y-duradero-inclu\/"},"modified":"2026-03-18T22:22:07","modified_gmt":"2026-03-18T22:22:07","slug":"panel-solar-plegable-200w-recomendado-para-el-power-station-portable-de-1200w-ugreen-alta-eficiencia-de-conversion-alineacion-inteligente-de-la-luz-solar-resistente-al-agua-y-duradero-inclu","status":"publish","type":"product","link":"https:\/\/soydeaqui.ddns.net\/pachuca\/index.php\/producto\/panel-solar-plegable-200w-recomendado-para-el-power-station-portable-de-1200w-ugreen-alta-eficiencia-de-conversion-alineacion-inteligente-de-la-luz-solar-resistente-al-agua-y-duradero-inclu\/","title":{"rendered":"Panel Solar Plegable 200W \/ Recomendado para el Power Station Portable de 1200W UGREEN \/  Alta Eficiencia de Conversi\u00f3n \/ Alineaci\u00f3n Inteligente de la Luz Solar \/ Resistente Al Agua y Duradero \/ Incluye Cable XT60 Macho a Macho 2m."},"content":{"rendered":"<div style='width: 100%; max-width: 1200px; margin: 0 auto; font-family: sans-serif; line-height: 1.6; color: inherit; background-color: transparent;'>\n<div style='width: 100%; margin-bottom: 30px;'> <img style='width: 100%; height: auto; border: 1px solid rgba(150&comma;150&comma;150&comma;0.3); border-radius: 8px;' src='http:\/\/ftp3.syscom.mx\/usuarios\/hallende\/UGREEN2\/Cargadores\/15114\/15114-1.jpg' alt=''> <\/div>\n<div style='display: flex; flex-wrap: wrap; gap: 30px; margin-bottom: 30px;'>\n<div style='flex: 1 1 300px; min-width: 280px;'>\n<h3 style='font-size: 22px; border-bottom: 2px solid currentColor; padding-bottom: 5px; margin-top: 0; color: inherit; opacity: 0.8;'>Alta eficiencia de conversi\u00f3n<\/h3>\n<p style='font-size: 15px; color: inherit;'>El panel solar UGREEN convierte hasta el 23% de la energ\u00eda del sol en electricidad&comma; lo que permite que el panel solar funcione de forma \u00f3ptima incluso en d\u00edas nublados. El UGREEN Power Roam 1200 se puede cargar completamente en 3 horas con dos paneles solares de 200 W.<\/p>\n<\/p><\/div>\n<div style='flex: 1 1 300px; min-width: 280px;'>\n<h3 style='font-size: 22px; border-bottom: 2px solid currentColor; padding-bottom: 5px; margin-top: 0; color: inherit; opacity: 0.8;'>Alineaci\u00f3n inteligente de la luz solar<\/h3>\n<p style='font-size: 15px; color: inherit;'>Equipado con el heliostato&comma; puedes ajustar el \u00e1ngulo del panel solar para capturar la luz solar directa \u00f3ptima para una carga m\u00e1s r\u00e1pida.<\/p>\n<\/p><\/div>\n<div style='flex: 1 1 300px; min-width: 280px;'>\n<h3 style='font-size: 22px; border-bottom: 2px solid currentColor; padding-bottom: 5px; margin-top: 0; color: inherit; opacity: 0.8;'>Dise\u00f1o port\u00e1til y plegable<\/h3>\n<p style='font-size: 15px; color: inherit;'>El panel solar port\u00e1til mono cristalino tiene un dise\u00f1o plegable y un asa para llevarlo como un malet\u00edn. El soporte ajustable integrado se puede ajustar a diferentes \u00e1ngulos para una luz solar \u00f3ptima.<\/p>\n<\/p><\/div>\n<div style='flex: 1 1 300px; min-width: 280px;'>\n<h3 style='font-size: 22px; border-bottom: 2px solid currentColor; padding-bottom: 5px; margin-top: 0; color: inherit; opacity: 0.8;'>Resistente al agua y duradero<\/h3>\n<p style='font-size: 15px; color: inherit;'>El panel solar UGREEN de 200w est\u00e1 hecho de tecnolog\u00eda laminada avanzada y material ETFE de larga duraci\u00f3n&comma; por lo que es m\u00e1s duradero y resistente a los ara\u00f1azos. IP67 resistente al agua protege de salpicaduras de agua&comma; por favor&comma; no lo coloques bajo la lluvia ni lo remojes en agua.<\/p>\n<\/p><\/div>\n<div style='flex: 1 1 300px; min-width: 280px;'>\n<h3 style='font-size: 22px; border-bottom: 2px solid currentColor; padding-bottom: 5px; margin-top: 0; color: inherit; opacity: 0.8;'>Energ\u00eda donde quiera que vayas<\/h3>\n<p style='font-size: 15px; color: inherit;'>El panel solar UGREEN de 200 W te permite disfrutar de la libertad del aire libre sin preocuparte por que tu estaci\u00f3n de alimentaci\u00f3n UGREEN Power Roam 600\/1200 u otros dispositivos se queden sin energia. Adem\u00e1s&comma; los paneles solares no solo ahorran tu factura de electricidad&comma; sino que tambi\u00e9n protegen el medio ambiente.<\/p>\n<\/p><\/div>\n<\/p><\/div>\n<div style='width: 100%; margin-bottom: 30px;'> <img style='width: 100%; height: auto; border: 1px solid rgba(150&comma;150&comma;150&comma;0.3); border-radius: 8px;' src='http:\/\/ftp3.syscom.mx\/usuarios\/hallende\/UGREEN2\/Cargadores\/15114\/15114-27.jpg' alt=''> <\/div>\n<div style='width: 100%; margin-bottom: 30px;'> <img style='width: 100%; height: auto; border: 1px solid rgba(150&comma;150&comma;150&comma;0.3); border-radius: 8px;' src='http:\/\/ftp3.syscom.mx\/usuarios\/hallende\/UGREEN2\/Cargadores\/15114\/15114-28.jpg' alt=''> <\/div>\n<div style='display: flex; flex-wrap: wrap; gap: 20px; margin-bottom: 30px;'>\n<div style='flex: 1 1 250px; border: 1px solid rgba(150&comma; 150&comma; 150&comma; 0.4); border-radius: 8px; overflow: hidden; display: flex; flex-direction: column;'>\n<div style='padding: 15px; border-bottom: 1px solid rgba(150&comma; 150&comma; 150&comma; 0.2); font-weight: bold; font-size: 18px; color: inherit;'>Especificaciones<\/div>\n<div style='padding: 15px; color: inherit;'>\n<ul style='padding-left: 20px; margin: 0; font-size: 14px; list-style-type: disc;'>\n<li style='margin-bottom: 5px;'><strong>Tipo de conector:<\/strong> XT60<\/li>\n<li style='margin-bottom: 5px;'><strong>Nivel de impermeabilidad:<\/strong> IP67<\/li>\n<li style='margin-bottom: 5px;'><strong>Dimensiones plegado:<\/strong> 64X54X7 (cm)<\/li>\n<li style='margin-bottom: 5px;'><strong>Dimensiones desplegadas:<\/strong> 238X54X3.1 (cm)<\/li>\n<li style='margin-bottom: 5px;'><strong>Certificaciones:<\/strong> CE&comma; ROHS&comma; FCC<\/li>\n<li style='margin-bottom: 5px;'><strong>Garant\u00eda:<\/strong> 2 A\u00f1os por defectos de fabricaci\u00f3n<\/li>\n<\/ul><\/div>\n<\/p><\/div>\n<\/p><\/div>\n<\/p><\/div>\n","protected":false},"excerpt":{"rendered":"<p>Panel Solar Plegable 200W \/ Recomendado para el Power Station Portable de 1200W UGREEN \/  Alta Eficiencia de Conversi\u00f3n \/ Alineaci\u00f3n Inteligente de la Luz Solar \/ Resistente Al Agua y Duradero \/ Incluye Cable XT60 Macho a Macho 2m.<\/p>\n","protected":false},"featured_media":49888,"comment_status":"open","ping_status":"closed","template":"","meta":[],"product_brand":[],"product_cat":[1114],"product_tag":[1115,1101,650],"class_list":{"0":"post-49889","1":"product","2":"type-product","3":"status-publish","4":"has-post-thumbnail","6":"product_cat-estaciones-de-energia-portables","7":"product_tag-estaciones-de-energia-portables","8":"product_tag-respaldo-de-energia","9":"product_tag-ugreen","11":"first","12":"instock","13":"sale","14":"shipping-taxable","15":"purchasable","16":"product-type-simple"},"_links":{"self":[{"href":"https:\/\/soydeaqui.ddns.net\/pachuca\/index.php\/wp-json\/wp\/v2\/product\/49889","targetHints":{"allow":["GET"]}}],"collection":[{"href":"https:\/\/soydeaqui.ddns.net\/pachuca\/index.php\/wp-json\/wp\/v2\/product"}],"about":[{"href":"https:\/\/soydeaqui.ddns.net\/pachuca\/index.php\/wp-json\/wp\/v2\/types\/product"}],"replies":[{"embeddable":true,"href":"https:\/\/soydeaqui.ddns.net\/pachuca\/index.php\/wp-json\/wp\/v2\/comments?post=49889"}],"wp:featuredmedia":[{"embeddable":true,"href":"https:\/\/soydeaqui.ddns.net\/pachuca\/index.php\/wp-json\/wp\/v2\/media\/49888"}],"wp:attachment":[{"href":"https:\/\/soydeaqui.ddns.net\/pachuca\/index.php\/wp-json\/wp\/v2\/media?parent=49889"}],"wp:term":[{"taxonomy":"product_brand","embeddable":true,"href":"https:\/\/soydeaqui.ddns.net\/pachuca\/index.php\/wp-json\/wp\/v2\/product_brand?post=49889"},{"taxonomy":"product_cat","embeddable":true,"href":"https:\/\/soydeaqui.ddns.net\/pachuca\/index.php\/wp-json\/wp\/v2\/product_cat?post=49889"},{"taxonomy":"product_tag","embeddable":true,"href":"https:\/\/soydeaqui.ddns.net\/pachuca\/index.php\/wp-json\/wp\/v2\/product_tag?post=49889"}],"curies":[{"name":"wp","href":"https:\/\/api.w.org\/{rel}","templated":true}]}}