{"id":4987,"date":"2026-03-18T06:25:41","date_gmt":"2026-03-18T06:25:41","guid":{"rendered":"https:\/\/soydeaqui.ddns.net\/pachuca\/index.php\/producto\/codificador-poe-ip-para-las-series-redwall-sip-redscan-rls3060-redbeam\/"},"modified":"2026-03-18T06:25:41","modified_gmt":"2026-03-18T06:25:41","slug":"codificador-poe-ip-para-las-series-redwall-sip-redscan-rls3060-redbeam","status":"publish","type":"product","link":"https:\/\/soydeaqui.ddns.net\/pachuca\/index.php\/producto\/codificador-poe-ip-para-las-series-redwall-sip-redscan-rls3060-redbeam\/","title":{"rendered":"CODIFICADOR POE IP para las series REDWALL SIP, REDSCAN (RLS3060), REDBEAM"},"content":{"rendered":"<div style='width: 100%; max-width: 1200px; margin: 0 auto; font-family: sans-serif; line-height: 1.6; color: inherit; background-color: transparent;'>\n<div style='display: flex; flex-wrap: wrap; gap: 30px; margin-bottom: 30px;'>\n<div style='flex: 1 1 300px; min-width: 280px;'>\n<h3 style='font-size: 22px; border-bottom: 2px solid currentColor; padding-bottom: 5px; margin-top: 0; color: inherit; opacity: 0.8;'>Descripci\u00f3n general<\/h3>\n<p style='font-size: 15px; color: inherit; margin-bottom: 15px;'>Es un codificador que convierte salidas de rel\u00e9 anal\u00f3gicas a c\u00f3digo ASCII original (c\u00f3digo de evento Redwall) para Redwall SIP&comma; Redscan y detectores Redbeam. Ahora puede conectarse a todas las plataformas l\u00edderes de VMS para controlar las c\u00e1maras IP.<\/p>\n<p style='font-size: 15px; color: inherit; margin-bottom: 15px;'>Ofrece una flexibilidad extrema para prever que el sensor Optex se agregue f\u00e1cilmente a una red de seguridad con tecnolog\u00eda compatible con Milestone. La unidad tiene dos conectores RJ45 (uno como entrada de red&comma; otro como salida de paso) y suficientes entradas anal\u00f3gicas y de potencia de cable para integrarse con cualquier sensor Optex.<\/p>\n<p style='font-size: 15px; color: inherit; margin-bottom: 15px;'>Encaja en una caja de doble grupo est\u00e1ndar y act\u00faa como divisor de energ\u00eda y codificador de comando de evento de Redwall para enviar los comandos de alarma ASCII a la red.<\/p>\n<\/p><\/div>\n<\/p><\/div>\n<div style='display: flex; flex-wrap: wrap; gap: 20px; margin-bottom: 30px;'>\n<div style='flex: 1 1 250px; border: 1px solid rgba(150&comma; 150&comma; 150&comma; 0.4); border-radius: 8px; overflow: hidden; display: flex; flex-direction: column;'>\n<div style='padding: 15px; border-bottom: 1px solid rgba(150&comma; 150&comma; 150&comma; 0.2); font-weight: bold; font-size: 18px; color: inherit;'>Caracter\u00edsticas<\/div>\n<div style='padding: 15px; color: inherit;'>\n<ul style='padding-left: 20px; margin: 0; font-size: 14px; list-style-type: disc;'>\n<li style='margin-bottom: 5px;'>Convierte se\u00f1ales de salida del rel\u00e9 anal\u00f3gico (N.C.) al c\u00f3digo ASCII original<\/li>\n<li style='margin-bottom: 5px;'>Suministra energ\u00eda a los detectores usando el concentrador o conmutador PoE<\/li>\n<li style='margin-bottom: 5px;'>Integrado con plataformas l\u00edderes de VMS<\/li>\n<\/ul><\/div>\n<\/p><\/div>\n<div style='flex: 1 1 250px; border: 1px solid rgba(150&comma; 150&comma; 150&comma; 0.4); border-radius: 8px; overflow: hidden; display: flex; flex-direction: column;'>\n<div style='padding: 15px; border-bottom: 1px solid rgba(150&comma; 150&comma; 150&comma; 0.2); font-weight: bold; font-size: 18px; color: inherit;'>Especificaciones<\/div>\n<div style='padding: 15px; color: inherit;'>\n<ul style='padding-left: 20px; margin: 0; font-size: 14px; list-style-type: disc;'>\n<li style='margin-bottom: 5px;'><strong>Entrada de alimentaci\u00f3n:<\/strong> PoE (IEEE802.3af \/ en obediente)<\/li>\n<li style='margin-bottom: 5px;'><strong>Salida de alarma:<\/strong> C\u00f3digo de evento Redwall (UDP \/ TCP)<\/li>\n<li style='margin-bottom: 5px;'><strong>Consumo actual:<\/strong> 24 V CC 800 mA m\u00e1ximo&comma; 12 V CC 50 mA m\u00e1x.<\/li>\n<li style='margin-bottom: 5px;'><strong>Temperatura de operaci\u00f3n:<\/strong> -40 a +140 grados Fahrenheit<\/li>\n<\/ul><\/div>\n<\/p><\/div>\n<\/p><\/div>\n<div style='display: flex; flex-wrap: wrap; gap: 30px; margin-bottom: 30px;'>\n<div style='flex: 1 1 300px; min-width: 280px;'>\n<h3 style='font-size: 22px; border-bottom: 2px solid currentColor; padding-bottom: 5px; margin-top: 0; color: inherit; opacity: 0.8;'>Caracter\u00edsticas t\u00e9cnicas<\/h3>\n<ul style='padding-left: 20px; font-size: 15px; color: inherit;'>\n<li style='margin-bottom: 5px;'><strong>Compatibilidad:<\/strong> Compatible con Power over Ethernet (PoE) IEEE802.3 af\/at<\/li>\n<li style='margin-bottom: 5px;'><strong>Conectividad:<\/strong> Dos conectores RJ45 (entrada y salida de red)<\/li>\n<li style='margin-bottom: 5px;'><strong>Instalaci\u00f3n:<\/strong> Se monta en una caja de doble grupo est\u00e1ndar<\/li>\n<li style='margin-bottom: 5px;'><strong>Funci\u00f3n:<\/strong> Divisor de energ\u00eda y codificador de evento Redwall<\/li>\n<\/ul><\/div>\n<\/p><\/div>\n<div style='display: flex; flex-wrap: wrap; gap: 30px; margin-bottom: 30px;'>\n<div style='flex: 1 1 300px; min-width: 280px;'>\n<h3 style='font-size: 22px; border-bottom: 2px solid currentColor; padding-bottom: 5px; margin-top: 0; color: inherit; opacity: 0.8;'>Aplicaciones<\/h3>\n<p style='font-size: 15px; color: inherit; margin-bottom: 15px;'>El codificador IP Optex PoE permite la integraci\u00f3n de sensores Optex en redes de seguridad IP&comma; especialmente en sistemas que utilizan tecnolog\u00eda compatible con Milestone. Es ideal para instalaciones donde se requiere transmisi\u00f3n de datos y alimentaci\u00f3n el\u00e9ctrica a trav\u00e9s de un \u00fanico cable de red&comma; reduciendo costos y complejidad de instalaci\u00f3n.<\/p>\n<\/p><\/div>\n<\/p><\/div>\n<div style='display: flex; flex-wrap: wrap; gap: 30px; margin-bottom: 30px;'>\n<div style='flex: 1 1 300px; min-width: 280px;'>\n<h3 style='font-size: 22px; border-bottom: 2px solid currentColor; padding-bottom: 5px; margin-top: 0; color: inherit; opacity: 0.8;'>Im\u00e1genes<\/h3>\n<div style='width: 100%; margin-top: 15px;'> <img style='width: 100%; height: auto; border: 1px solid rgba(150&comma;150&comma;150&comma;0.3); border-radius: 8px;' src='https:\/\/www.optex.co.jp\/e\/products\/intrusion-detection\/redwall\/tdphtg0000001epy-img\/tdphtg0000001m67.jpg' alt=''> <\/div>\n<\/p><\/div>\n<\/p><\/div>\n<hr style='border: 0; border-top: 1px solid rgba(150&comma; 150&comma; 150&comma; 0.3); margin: 30px 0;'> <\/div>\n","protected":false},"excerpt":{"rendered":"<p>CODIFICADOR POE IP para las series REDWALL SIP, REDSCAN (RLS3060), REDBEAM<\/p>\n","protected":false},"featured_media":4986,"comment_status":"open","ping_status":"closed","template":"","meta":[],"product_brand":[],"product_cat":[154],"product_tag":[106,104,155],"class_list":{"0":"post-4987","1":"product","2":"type-product","3":"status-publish","4":"has-post-thumbnail","6":"product_cat-sensores-de-rayo-laser-y-pirs-inteligentes","7":"product_tag-optex","8":"product_tag-proteccion-perimetral","9":"product_tag-sensores-de-rayo-laser-y-pirs-inteligentes","11":"first","12":"outofstock","13":"sale","14":"shipping-taxable","15":"purchasable","16":"product-type-simple"},"_links":{"self":[{"href":"https:\/\/soydeaqui.ddns.net\/pachuca\/index.php\/wp-json\/wp\/v2\/product\/4987","targetHints":{"allow":["GET"]}}],"collection":[{"href":"https:\/\/soydeaqui.ddns.net\/pachuca\/index.php\/wp-json\/wp\/v2\/product"}],"about":[{"href":"https:\/\/soydeaqui.ddns.net\/pachuca\/index.php\/wp-json\/wp\/v2\/types\/product"}],"replies":[{"embeddable":true,"href":"https:\/\/soydeaqui.ddns.net\/pachuca\/index.php\/wp-json\/wp\/v2\/comments?post=4987"}],"wp:featuredmedia":[{"embeddable":true,"href":"https:\/\/soydeaqui.ddns.net\/pachuca\/index.php\/wp-json\/wp\/v2\/media\/4986"}],"wp:attachment":[{"href":"https:\/\/soydeaqui.ddns.net\/pachuca\/index.php\/wp-json\/wp\/v2\/media?parent=4987"}],"wp:term":[{"taxonomy":"product_brand","embeddable":true,"href":"https:\/\/soydeaqui.ddns.net\/pachuca\/index.php\/wp-json\/wp\/v2\/product_brand?post=4987"},{"taxonomy":"product_cat","embeddable":true,"href":"https:\/\/soydeaqui.ddns.net\/pachuca\/index.php\/wp-json\/wp\/v2\/product_cat?post=4987"},{"taxonomy":"product_tag","embeddable":true,"href":"https:\/\/soydeaqui.ddns.net\/pachuca\/index.php\/wp-json\/wp\/v2\/product_tag?post=4987"}],"curies":[{"name":"wp","href":"https:\/\/api.w.org\/{rel}","templated":true}]}}