{"id":49865,"date":"2026-03-18T22:21:27","date_gmt":"2026-03-18T22:21:27","guid":{"rendered":"https:\/\/soydeaqui.ddns.net\/pachuca\/index.php\/producto\/controlador-solar-de-carga-12v-4-5-a\/"},"modified":"2026-03-18T22:21:35","modified_gmt":"2026-03-18T22:21:35","slug":"controlador-solar-de-carga-12v-4-5-a","status":"publish","type":"product","link":"https:\/\/soydeaqui.ddns.net\/pachuca\/index.php\/producto\/controlador-solar-de-carga-12v-4-5-a\/","title":{"rendered":"Controlador Solar de Carga  12V 4.5 A."},"content":{"rendered":"<div style='width: 100%; max-width: 1200px; margin: 0 auto; font-family: sans-serif; line-height: 1.6; color: inherit; background-color: transparent;'>\n<div style='display: flex; flex-wrap: wrap; gap: 30px; margin-bottom: 30px;'>\n<div style='flex: 1 1 300px; min-width: 280px;'>\n<h3 style='font-size: 22px; border-bottom: 2px solid currentColor; padding-bottom: 5px; margin-top: 0; color: inherit; opacity: 0.8;'>Descripci\u00f3n General<\/h3>\n<ul style='padding-left: 20px; font-size: 15px; color: inherit;'>\n<li style='margin-bottom: 5px;'>SunGuard de Morningstar es el m\u00e1s avanzado&comma; econ\u00f3mico y peque\u00f1o controlador de carga solar del mercado actual<\/li>\n<li style='margin-bottom: 5px;'>Tecnolog\u00eda PWM (fuente conmutada) para carga de bater\u00edas<\/li>\n<li style='margin-bottom: 5px;'>Dise\u00f1o tipo serie (no por derivaci\u00f3n o tipo shunt)<\/li>\n<li style='margin-bottom: 5px;'>100% estado s\u00f3lido<\/li>\n<li style='margin-bottom: 5px;'>Compensaci\u00f3n de temperatura para rendimiento estable<\/li>\n<li style='margin-bottom: 5px;'>Especificado para sobrecargas de un 25%<\/li>\n<li style='margin-bottom: 5px;'>Protegido contra rayos con absorbedores de transitorios de 1500 W<\/li>\n<li style='margin-bottom: 5px;'>Gabinete de pl\u00e1stico ABS resistente a los impactos<\/li>\n<li style='margin-bottom: 5px;'>Totalmente encapsulado en epoxy<\/li>\n<li style='margin-bottom: 5px;'><strong>Garant\u00eda:<\/strong> 5 a\u00f1os<\/li>\n<\/ul>\n<\/div>\n<div style='flex: 1 1 300px; min-width: 280px;'>\n<h3 style='font-size: 22px; border-bottom: 2px solid currentColor; padding-bottom: 5px; margin-top: 0; color: inherit; opacity: 0.8;'>Especificaciones T\u00e9cnicas<\/h3>\n<ul style='padding-left: 20px; font-size: 15px; color: inherit;'>\n<li style='margin-bottom: 5px;'><strong>Capacidad:<\/strong> 4.5 A<\/li>\n<li style='margin-bottom: 5px;'><strong>Voltaje del sistema:<\/strong> 12 V<\/li>\n<li style='margin-bottom: 5px;'><strong>Voltaje solar m\u00e1ximo:<\/strong> 30 V<\/li>\n<li style='margin-bottom: 5px;'><strong>Entrada m\u00e1xima:<\/strong> 5.5 A (5 minutos)<\/li>\n<li style='margin-bottom: 5px;'><strong>Tensi\u00f3n de regulaci\u00f3n:<\/strong> 14.1 V<\/li>\n<li style='margin-bottom: 5px;'><strong>Precisi\u00f3n:<\/strong> 60 mV<\/li>\n<li style='margin-bottom: 5px;'><strong>Consumo propio:<\/strong> 6 mA<\/li>\n<li style='margin-bottom: 5px;'><strong>Compensaci\u00f3n de temperatura:<\/strong> -28 mV\/\u00b0C<\/li>\n<li style='margin-bottom: 5px;'><strong>P\u00e9rdida de corriente en inversa:<\/strong> <10 \u00b5A<\/li>\n<li style='margin-bottom: 5px;'><strong>Rango de temperatura:<\/strong> -40\u00b0C a +85\u00b0C<\/li>\n<\/ul>\n<\/div>\n<\/div>\n<div style='display: flex; flex-wrap: wrap; gap: 20px; margin-bottom: 30px;'>\n<div style='flex: 1 1 250px; border: 1px solid rgba(150&comma; 150&comma; 150&comma; 0.4); border-radius: 8px; overflow: hidden; display: flex; flex-direction: column;'>\n<div style='padding: 15px; border-bottom: 1px solid rgba(150&comma; 150&comma; 150&comma; 0.2); font-weight: bold; font-size: 18px; color: inherit;'>Especificaciones Mec\u00e1nicas<\/div>\n<div style='padding: 15px; color: inherit;'>\n<ul style='padding-left: 20px; margin: 0; font-size: 14px; list-style-type: disc;'>\n<li style='margin-bottom: 5px;'><strong>Tama\u00f1o del cable:<\/strong> #16 AWG<\/li>\n<li style='margin-bottom: 5px;'><strong>Gabinete:<\/strong> Pl\u00e1stico ABS<\/li>\n<li style='margin-bottom: 5px;'><strong>Encapsulado:<\/strong> En epoxy<\/li>\n<li style='margin-bottom: 5px;'><strong>Peso:<\/strong> 0.09 kg (3 oz)<\/li>\n<\/ul>\n<\/div>\n<\/div>\n<div style='flex: 1 1 250px; border: 1px solid rgba(150&comma; 150&comma; 150&comma; 0.4); border-radius: 8px; overflow: hidden; display: flex; flex-direction: column;'>\n<div style='padding: 15px; border-bottom: 1px solid rgba(150&comma; 150&comma; 150&comma; 0.2); font-weight: bold; font-size: 18px; color: inherit;'>Ventajas T\u00e9cnicas<\/div>\n<div style='padding: 15px; color: inherit;'>\n<ul style='padding-left: 20px; margin: 0; font-size: 14px; list-style-type: disc;'>\n<li style='margin-bottom: 5px;'>Hasta 30% m\u00e1s de energ\u00eda en la bater\u00eda por d\u00eda<\/li>\n<li style='margin-bottom: 5px;'>Nivel de carga promedio de 90-95%<\/li>\n<li style='margin-bottom: 5px;'>Mayor eficiencia vs reguladores encendido\/apagado<\/li>\n<li style='margin-bottom: 5px;'>Dise\u00f1o compacto (2.0&#8242; x 2.5&#8242;)<\/li>\n<li style='margin-bottom: 5px;'>Conexiones robustas<\/li>\n<\/ul>\n<\/div>\n<\/div>\n<\/div>\n<hr style='border: 0; border-top: 1px solid rgba(150&comma; 150&comma; 150&comma; 0.3); margin: 30px 0;'><\/div>\n","protected":false},"excerpt":{"rendered":"<p>Controlador Solar de Carga  12V 4.5 A.<\/p>\n","protected":false},"featured_media":49864,"comment_status":"open","ping_status":"closed","template":"","meta":[],"product_brand":[],"product_cat":[1242],"product_tag":[1243,964,1119],"class_list":{"0":"post-49865","1":"product","2":"type-product","3":"status-publish","4":"has-post-thumbnail","6":"product_cat-controladores-de-carga-pwm","7":"product_tag-controladores-de-carga-pwm","8":"product_tag-energia-solar","9":"product_tag-morningstar","11":"first","12":"instock","13":"sale","14":"shipping-taxable","15":"purchasable","16":"product-type-simple"},"_links":{"self":[{"href":"https:\/\/soydeaqui.ddns.net\/pachuca\/index.php\/wp-json\/wp\/v2\/product\/49865","targetHints":{"allow":["GET"]}}],"collection":[{"href":"https:\/\/soydeaqui.ddns.net\/pachuca\/index.php\/wp-json\/wp\/v2\/product"}],"about":[{"href":"https:\/\/soydeaqui.ddns.net\/pachuca\/index.php\/wp-json\/wp\/v2\/types\/product"}],"replies":[{"embeddable":true,"href":"https:\/\/soydeaqui.ddns.net\/pachuca\/index.php\/wp-json\/wp\/v2\/comments?post=49865"}],"wp:featuredmedia":[{"embeddable":true,"href":"https:\/\/soydeaqui.ddns.net\/pachuca\/index.php\/wp-json\/wp\/v2\/media\/49864"}],"wp:attachment":[{"href":"https:\/\/soydeaqui.ddns.net\/pachuca\/index.php\/wp-json\/wp\/v2\/media?parent=49865"}],"wp:term":[{"taxonomy":"product_brand","embeddable":true,"href":"https:\/\/soydeaqui.ddns.net\/pachuca\/index.php\/wp-json\/wp\/v2\/product_brand?post=49865"},{"taxonomy":"product_cat","embeddable":true,"href":"https:\/\/soydeaqui.ddns.net\/pachuca\/index.php\/wp-json\/wp\/v2\/product_cat?post=49865"},{"taxonomy":"product_tag","embeddable":true,"href":"https:\/\/soydeaqui.ddns.net\/pachuca\/index.php\/wp-json\/wp\/v2\/product_tag?post=49865"}],"curies":[{"name":"wp","href":"https:\/\/api.w.org\/{rel}","templated":true}]}}