{"id":49738,"date":"2026-03-18T22:17:40","date_gmt":"2026-03-18T22:17:40","guid":{"rendered":"https:\/\/soydeaqui.ddns.net\/pachuca\/index.php\/producto\/controlador-de-carga-con-funcion-de-regulacion-de-carga-eolica-tristar-60-a-12-24-48-vcc\/"},"modified":"2026-03-18T22:17:44","modified_gmt":"2026-03-18T22:17:44","slug":"controlador-de-carga-con-funcion-de-regulacion-de-carga-eolica-tristar-60-a-12-24-48-vcc","status":"publish","type":"product","link":"https:\/\/soydeaqui.ddns.net\/pachuca\/index.php\/producto\/controlador-de-carga-con-funcion-de-regulacion-de-carga-eolica-tristar-60-a-12-24-48-vcc\/","title":{"rendered":"Controlador de Carga con Funci\u00f3n de Regulaci\u00f3n de Carga E\u00f3lica TRISTAR 60 A 12 \/ 24 \/ 48 Vcc"},"content":{"rendered":"<div style='width: 100%; max-width: 1200px; margin: 0 auto; font-family: sans-serif; line-height: 1.6; color: inherit; background-color: transparent;'>\n<h1 style='text-align: center; font-size: 24pt; color: inherit; margin: 20px 0;'><strong>Porque conformarte con algo bueno&comma; si puedes elegir lo Mejor!<\/strong><\/h1>\n<div style='display: flex; justify-content: center; margin: 20px 0;'> <img style='width: 100%; max-width: 600px; height: auto; border: 1px solid rgba(150&comma;150&comma;150&comma;0.3); border-radius: 8px;' src='https:\/\/ftp3.syscom.mx\/usuarios\/mtopete\/Energia%20Solar\/TS45\/Partes%20TS45.JPG' alt=''> <\/div>\n<h3 style='font-size: 14pt; color: inherit; border-bottom: 2px solid currentColor; padding-bottom: 5px; margin-top: 30px; margin-bottom: 20px;'><strong>CARACTER\u00cdSTICAS Y BENEFICIOS CLAVE<\/strong><\/h3>\n<div style='display: flex; flex-wrap: wrap; gap: 30px; margin-bottom: 30px;'>\n<div style='flex: 1 1 300px; min-width: 280px;'>\n<ul style='padding-left: 20px; font-size: 15px; color: inherit;'>\n<li style='margin-bottom: 5px;'><strong>Alta confiabilidad:<\/strong> El disipador de calor grande y el dise\u00f1o conservador permiten operar a temperaturas de hasta 60 \u00b0C. No hay necesidad de disminuir.<\/li>\n<li style='margin-bottom: 5px;'><strong>M\u00e1s potencia:<\/strong> Rangos nominales de 60 A a 48 Vcc maneja arreglos de paneles solares de hasta 4 kW.<\/li>\n<li style='margin-bottom: 5px;'><strong>Compatibilidad de comunicaci\u00f3n:<\/strong> Puerto RS-232 se conecta a una computadora personal para configuraciones personalizadas&comma; registro de datos&comma; monitoreo y control remoto.<\/li>\n<\/ul><\/div>\n<div style='flex: 1 1 300px; min-width: 280px;'>\n<ul style='padding-left: 20px; font-size: 15px; color: inherit;'>\n<li style='margin-bottom: 5px;'><strong>Totalmente ajustable:<\/strong> El DIP Switch proporciona al usuario una opci\u00f3n de 7 preajustes digitales diferentes y configuraciones personalizadas a trav\u00e9s de RS-232.<\/li>\n<li style='margin-bottom: 5px;'><strong>Amplias protecciones electr\u00f3nicas:<\/strong> Totalmente protegido contra polaridad inversa&comma; cortocircuito&comma; sobrecorriente&comma; alta temperatura y sobretensi\u00f3n.<\/li>\n<li style='margin-bottom: 5px;'><strong>Interfaz mec\u00e1nica simple:<\/strong> Terminales de alimentaci\u00f3n m\u00e1s grandes y orificios de conduct ciegos. Espacio extra para giros de cable. Se adapta a centros de carga.<\/li>\n<\/ul><\/div>\n<\/p><\/div>\n<div style='display: flex; flex-wrap: wrap; gap: 30px; margin-bottom: 30px;'>\n<div style='flex: 1 1 300px; min-width: 280px;'>\n<ul style='padding-left: 20px; font-size: 15px; color: inherit;'>\n<li style='margin-bottom: 5px;'><strong>Mejor carga de la bater\u00eda:<\/strong> La conexi\u00f3n de los cables de la bater\u00eda y el sensor de temperatura remoto opcional mejorar\u00e1n la precisi\u00f3n del control. El algoritmo de voltaje constante PWM aumenta la capacidad y la vida \u00fatil de la bater\u00eda.<\/li>\n<\/ul><\/div>\n<div style='flex: 1 1 300px; min-width: 280px;'>\n<ul style='padding-left: 20px; font-size: 15px; color: inherit;'>\n<li style='margin-bottom: 5px;'><strong>M\u00e1s informaci\u00f3n:<\/strong> 3 LED para indicar estado&comma; fallas y alarmas. El medidor opcional muestra informaci\u00f3n extensa del sistema y del controlador&comma; capacidades de autocomprobaci\u00f3n y restablecimiento autom\u00e1tico. Conexi\u00f3n del medidor a trav\u00e9s del conector RJ-11.<\/li>\n<li style='margin-bottom: 5px;'><strong>F\u00e1cil de restablecer:<\/strong> El bot\u00f3n proporciona restablecimiento manual y detiene \/ inicia la ecualizaci\u00f3n de la bater\u00eda o la desconexi\u00f3n de carga.<\/li>\n<li style='margin-bottom: 5px;'><strong>Bajo nivel de ruido de telecomunicaciones:<\/strong> La configuraci\u00f3n del interruptor DIP cambiar\u00e1 de PWM a carga de bater\u00eda &#8216;On-Off&#8217;.<\/li>\n<\/ul><\/div>\n<\/p><\/div>\n<div style='display: flex; justify-content: center; margin: 30px 0;'> <img style='width: 100%; max-width: 800px; height: auto; border: 1px solid rgba(150&comma;150&comma;150&comma;0.3); border-radius: 8px;' src='https:\/\/ftp3.syscom.mx\/usuarios\/mtopete\/Energia%20Solar\/TS45\/TriStar-PWM-Straight%20large.png' alt=''> <\/div>\n<div style='display: flex; justify-content: center; margin: 30px 0;'> <img style='width: 100%; max-width: 500px; height: auto; border: 1px solid rgba(150&comma;150&comma;150&comma;0.3); border-radius: 8px;' src='https:\/\/ftp3.syscom.mx\/usuarios\/mtopete\/Energia%20Solar\/TS45\/Eslavon%20debil.png' alt=''> <\/div>\n<div style='margin: 30px 0; font-size: 15px; color: inherit;'>\n<p style='margin: 0 0 15px 0;'>Controlador de funci\u00f3n triple que proporciona un control de carga seguro a la bater\u00eda solar.<\/p>\n<p style='margin: 0 0 15px 0;'>Dise\u00f1ado para sistemas solares caseros y aplicaciones profesionales.<\/p>\n<ul style='padding-left: 20px;'>\n<li style='margin-bottom: 5px;'><strong>-Funciona en Sistemas de 12&comma; 24 \u00f3 48 Vcc.<\/strong><\/li>\n<li style='margin-bottom: 5px;'><strong>-Tiene un disipador de calor mucho m\u00e1s grande&comma; as\u00ed que puede ser utilizado en ambientes de hasta 45\u00baC.<\/strong><\/li>\n<li style='margin-bottom: 5px;'><strong>-Acepta cable calibre 2 AWG \/ 35 mm.<\/strong><\/li>\n<li style='margin-bottom: 5px;'><strong>-El tablero de circuito impreso esta ajustado y revestido para protecci\u00f3n contra humedad y anidaci\u00f3n de insectos.<\/strong><\/li>\n<li style='margin-bottom: 5px;'><strong>-Incluye puerto RS-232 para conexi\u00f3n con computadoras personales permite ajustes de carga&comma; registro de datos y monitoreo a distancia.<\/strong><\/li>\n<\/ul><\/div>\n<div style='text-align: center; margin: 30px 0; font-size: 18px; color: inherit;'>\n<p style='margin: 0 0 15px 0;'><strong>&#8216;Porque dise\u00f1ar un sistema solar con un punto d\u00e9bil en la cadena de conexi\u00f3n&#8217;<\/strong><\/p>\n<\/p><\/div>\n<div style='text-align: center; margin: 30px 0; font-size: 14px; color: inherit;'>\n<p style='margin: 0 0 10px 0;'>&#8216;Una hora de tu tiempo (para el webinar)&comma; puede ahorrar tiempo y dinero en tu pr\u00f3xima instalaci\u00f3n&#8217;<\/p>\n<\/p><\/div>\n<\/p><\/div>\n","protected":false},"excerpt":{"rendered":"<p>Controlador de Carga con Funci\u00f3n de Regulaci\u00f3n de Carga E\u00f3lica TRISTAR 60 A 12 \/ 24 \/ 48 Vcc<\/p>\n","protected":false},"featured_media":49737,"comment_status":"open","ping_status":"closed","template":"","meta":[],"product_brand":[],"product_cat":[1242],"product_tag":[1243,964,1119],"class_list":{"0":"post-49738","1":"product","2":"type-product","3":"status-publish","4":"has-post-thumbnail","6":"product_cat-controladores-de-carga-pwm","7":"product_tag-controladores-de-carga-pwm","8":"product_tag-energia-solar","9":"product_tag-morningstar","11":"first","12":"instock","13":"sale","14":"shipping-taxable","15":"purchasable","16":"product-type-simple"},"_links":{"self":[{"href":"https:\/\/soydeaqui.ddns.net\/pachuca\/index.php\/wp-json\/wp\/v2\/product\/49738","targetHints":{"allow":["GET"]}}],"collection":[{"href":"https:\/\/soydeaqui.ddns.net\/pachuca\/index.php\/wp-json\/wp\/v2\/product"}],"about":[{"href":"https:\/\/soydeaqui.ddns.net\/pachuca\/index.php\/wp-json\/wp\/v2\/types\/product"}],"replies":[{"embeddable":true,"href":"https:\/\/soydeaqui.ddns.net\/pachuca\/index.php\/wp-json\/wp\/v2\/comments?post=49738"}],"wp:featuredmedia":[{"embeddable":true,"href":"https:\/\/soydeaqui.ddns.net\/pachuca\/index.php\/wp-json\/wp\/v2\/media\/49737"}],"wp:attachment":[{"href":"https:\/\/soydeaqui.ddns.net\/pachuca\/index.php\/wp-json\/wp\/v2\/media?parent=49738"}],"wp:term":[{"taxonomy":"product_brand","embeddable":true,"href":"https:\/\/soydeaqui.ddns.net\/pachuca\/index.php\/wp-json\/wp\/v2\/product_brand?post=49738"},{"taxonomy":"product_cat","embeddable":true,"href":"https:\/\/soydeaqui.ddns.net\/pachuca\/index.php\/wp-json\/wp\/v2\/product_cat?post=49738"},{"taxonomy":"product_tag","embeddable":true,"href":"https:\/\/soydeaqui.ddns.net\/pachuca\/index.php\/wp-json\/wp\/v2\/product_tag?post=49738"}],"curies":[{"name":"wp","href":"https:\/\/api.w.org\/{rel}","templated":true}]}}