{"id":49730,"date":"2026-03-18T22:17:27","date_gmt":"2026-03-18T22:17:27","guid":{"rendered":"https:\/\/soydeaqui.ddns.net\/pachuca\/index.php\/producto\/controlador-de-carga-con-funcion-de-regulacion-de-carga-eolica-tristar-45-a-12-24-48-vcc\/"},"modified":"2026-03-18T22:17:35","modified_gmt":"2026-03-18T22:17:35","slug":"controlador-de-carga-con-funcion-de-regulacion-de-carga-eolica-tristar-45-a-12-24-48-vcc","status":"publish","type":"product","link":"https:\/\/soydeaqui.ddns.net\/pachuca\/index.php\/producto\/controlador-de-carga-con-funcion-de-regulacion-de-carga-eolica-tristar-45-a-12-24-48-vcc\/","title":{"rendered":"Controlador de Carga con Funci\u00f3n de Regulaci\u00f3n de Carga E\u00f3lica TRISTAR 45 A 12 \/ 24 \/ 48 Vcc"},"content":{"rendered":"<div style='width: 100%; max-width: 1200px; margin: 0 auto; font-family: sans-serif; line-height: 1.6; color: inherit; background-color: transparent;'> <!-- Secci\u00f3n de t\u00edtulo principal --> <\/p>\n<div style='text-align: center; margin-bottom: 30px;'>\n<h1 style='font-size: 24px; font-weight: bold; margin: 0; color: inherit;'> Porque conformarte con algo bueno&comma; si puedes elegir lo Mejor! <\/h1>\n<\/p><\/div>\n<p> <!-- Imagen principal --> <\/p>\n<div style='margin: 20px 0;'> <img style='width: 100%; height: auto; border: 1px solid rgba(150&comma;150&comma;150&comma;0.3); border-radius: 8px; display: block; margin: 0 auto;' src='https:\/\/ftp3.syscom.mx\/usuarios\/mtopete\/Energia%20Solar\/TS45\/Partes%20TS45.JPG' alt=''> <\/div>\n<p> <!-- Caracter\u00edsticas clave --> <\/p>\n<div style='margin-bottom: 30px;'>\n<h3 style='font-size: 20px; font-weight: bold; margin-top: 0; margin-bottom: 15px; color: inherit; border-bottom: 2px solid currentColor; padding-bottom: 5px; opacity: 0.8;'> CARACTER\u00cdSTICAS Y BENEFICIOS CLAVE <\/h3>\n<ul style='padding-left: 20px; font-size: 15px; color: inherit;'>\n<li style='margin-bottom: 10px;'><strong style='color: inherit;'>Alta confiabilidad.<\/strong> El disipador de calor grande y el dise\u00f1o conservador permiten operar a temperaturas de hasta 60 \u00b0C. No hay necesidad de disminuir.<\/li>\n<li style='margin-bottom: 10px;'><strong style='color: inherit;'>M\u00e1s potencia.<\/strong> Rangos nominales de 60 A a 48 Vcc maneja arreglos de paneles solares de hasta 4 kW.<\/li>\n<li style='margin-bottom: 10px;'><strong style='color: inherit;'>Compatibilidad de comunicacion<\/strong>. Puerto RS-232 se conecta a una computadora personal para configuraciones personalizadas&comma; registro de datos&comma; monitoreo y control remoto.<\/li>\n<li style='margin-bottom: 10px;'><strong style='color: inherit;'>Totalmente ajustable<\/strong>. El DIP Switch proporciona al usuario una opci\u00f3n de 7 preajustes digitales diferentes y configuraciones personalizadas a trav\u00e9s de RS-232.<\/li>\n<li style='margin-bottom: 10px;'><strong style='color: inherit;'>Amplias protecciones electr\u00f3nicas.<\/strong> Totalmente protegido contra polaridad inversa&comma; cortocircuito&comma; sobrecorriente&comma; alta temperatura y sobretensi\u00f3n.<\/li>\n<li style='margin-bottom: 10px;'><strong style='color: inherit;'>Interfaz mec\u00e1nica simple<\/strong>. Terminales de alimentaci\u00f3n m\u00e1s grandes y orificios de conduct ciegos. Espacio extra para giros de cable. Se adapta a centros de carga.<\/li>\n<li style='margin-bottom: 10px;'><strong style='color: inherit;'>Mejor carga de la bater\u00eda.<\/strong> La conexi\u00f3n de los cables de la bater\u00eda y el sensor de temperatura remoto opcional mejorar\u00e1n la precisi\u00f3n del control. El algoritmo de voltaje constante PWM aumenta la capacidad y la vida \u00fatil de la bater\u00eda.<\/li>\n<li style='margin-bottom: 10px;'><strong style='color: inherit;'>M\u00e1s informaci\u00f3n.<\/strong> 3 LED para indicar estado&comma; fallas y alarmas. El medidor opcional muestra informaci\u00f3n extensa del sistema y del controlador&comma; capacidades de autocomprobaci\u00f3n y restablecimiento autom\u00e1tico. Conexi\u00f3n del medidor a trav\u00e9s del conector RJ-11.<\/li>\n<li style='margin-bottom: 10px;'><strong style='color: inherit;'>F\u00e1cil de restablecer.<\/strong> El bot\u00f3n proporciona restablecimiento manual y detiene \/ inicia la ecualizaci\u00f3n de la bater\u00eda o la desconexi\u00f3n de carga.<\/li>\n<li style='margin-bottom: 10px;'><strong style='color: inherit;'>Bajo nivel de ruido de telecomunicaciones.<\/strong> La configuraci\u00f3n del interruptor DIP cambiar\u00e1 de PWM a carga de bater\u00eda &#8216;On-Off&#8217;.<\/li>\n<\/ul><\/div>\n<p> <!-- Imagen parallax --> <\/p>\n<div style='margin: 30px 0;'> <img style='width: 100%; height: auto; border: 1px solid rgba(150&comma;150&comma;150&comma;0.3); border-radius: 8px; display: block; margin: 0 auto;' src='https:\/\/ftp3.syscom.mx\/usuarios\/mtopete\/Energia%20Solar\/TS45\/TriStar-PWM-Straight%20large.png' alt=''> <\/div>\n<p> <!-- Frase destacada --> <\/p>\n<div style='text-align: center; margin: 30px 0;'>\n<p style='font-size: 24px; font-weight: bold; margin: 0; color: inherit;'> &#8216;Porque dise\u00f1ar un sistema solar con un punto d\u00e9bil en la cadena de conexi\u00f3n&#8217; <\/p>\n<\/p><\/div>\n<p> <!-- Imagen de punto d\u00e9bil --> <\/p>\n<div style='margin: 20px 0;'> <img style='width: 100%; height: auto; border: 1px solid rgba(150&comma;150&comma;150&comma;0.3); border-radius: 8px; display: block; margin: 0 auto;' src='https:\/\/ftp3.syscom.mx\/usuarios\/mtopete\/Energia%20Solar\/TS45\/Eslavon%20debil.png' alt=''> <\/div>\n<p> <!-- Especificaciones adicionales --> <\/p>\n<div style='margin-bottom: 30px;'>\n<ul style='padding-left: 20px; font-size: 15px; color: inherit;'>\n<li style='margin-bottom: 10px;'>Controlador de funci\u00f3n triple que proporciona un control de carga seguro a la bater\u00eda solar.<\/li>\n<li style='margin-bottom: 10px;'>Dise\u00f1ado para sistemas solares caseros y aplicaciones profesionales.<\/li>\n<li style='margin-bottom: 10px;'><strong style='color: inherit;'>-Funciona en Sistemas de 12&comma; 24 \u00f3 48 Vcc.<\/strong><\/li>\n<li style='margin-bottom: 10px;'>-Tiene un disipador de calor mucho m\u00e1s grande&comma; as\u00ed que puede ser utilizado en ambientes de hasta 45\u00baC.<\/li>\n<li style='margin-bottom: 10px;'>-Acepta cable calibre 2 AWG \/ 35 mm.<\/li>\n<li style='margin-bottom: 10px;'>-El tablero de circuito impreso esta ajustado y revestido para protecci\u00f3n contra humedad y anidaci\u00f3n de insectos.<\/li>\n<li style='margin-bottom: 10px;'><strong style='color: inherit;'>-Incluye puerto RS-232 para conexi\u00f3n con computadoras personales permite ajustes de carga&comma; registro de datos y monitoreo a distancia.<\/strong><\/li>\n<\/ul><\/div>\n<p> <!-- Frase final --> <\/p>\n<div style='text-align: center; margin: 30px 0; font-size: 15px; color: inherit;'> &#8216;Una hora de tu tiempo para los webinar&comma; puede ahorrar tiempo y dinero en tu pr\u00f3xima instalaci\u00f3n&#8217; <\/div>\n<\/p><\/div>\n","protected":false},"excerpt":{"rendered":"<p>Controlador de Carga con Funci\u00f3n de Regulaci\u00f3n de Carga E\u00f3lica TRISTAR 45 A 12 \/ 24 \/ 48 Vcc<\/p>\n","protected":false},"featured_media":49729,"comment_status":"open","ping_status":"closed","template":"","meta":[],"product_brand":[],"product_cat":[1242],"product_tag":[1243,964,1119],"class_list":{"0":"post-49730","1":"product","2":"type-product","3":"status-publish","4":"has-post-thumbnail","6":"product_cat-controladores-de-carga-pwm","7":"product_tag-controladores-de-carga-pwm","8":"product_tag-energia-solar","9":"product_tag-morningstar","11":"first","12":"instock","13":"sale","14":"shipping-taxable","15":"purchasable","16":"product-type-simple"},"_links":{"self":[{"href":"https:\/\/soydeaqui.ddns.net\/pachuca\/index.php\/wp-json\/wp\/v2\/product\/49730","targetHints":{"allow":["GET"]}}],"collection":[{"href":"https:\/\/soydeaqui.ddns.net\/pachuca\/index.php\/wp-json\/wp\/v2\/product"}],"about":[{"href":"https:\/\/soydeaqui.ddns.net\/pachuca\/index.php\/wp-json\/wp\/v2\/types\/product"}],"replies":[{"embeddable":true,"href":"https:\/\/soydeaqui.ddns.net\/pachuca\/index.php\/wp-json\/wp\/v2\/comments?post=49730"}],"wp:featuredmedia":[{"embeddable":true,"href":"https:\/\/soydeaqui.ddns.net\/pachuca\/index.php\/wp-json\/wp\/v2\/media\/49729"}],"wp:attachment":[{"href":"https:\/\/soydeaqui.ddns.net\/pachuca\/index.php\/wp-json\/wp\/v2\/media?parent=49730"}],"wp:term":[{"taxonomy":"product_brand","embeddable":true,"href":"https:\/\/soydeaqui.ddns.net\/pachuca\/index.php\/wp-json\/wp\/v2\/product_brand?post=49730"},{"taxonomy":"product_cat","embeddable":true,"href":"https:\/\/soydeaqui.ddns.net\/pachuca\/index.php\/wp-json\/wp\/v2\/product_cat?post=49730"},{"taxonomy":"product_tag","embeddable":true,"href":"https:\/\/soydeaqui.ddns.net\/pachuca\/index.php\/wp-json\/wp\/v2\/product_tag?post=49730"}],"curies":[{"name":"wp","href":"https:\/\/api.w.org\/{rel}","templated":true}]}}