{"id":49574,"date":"2026-03-18T22:12:52","date_gmt":"2026-03-18T22:12:52","guid":{"rendered":"https:\/\/soydeaqui.ddns.net\/pachuca\/index.php\/producto\/tablero-distribuidor-de-voltaje-8-salidas-con-fusible-de-proteccion-para-uso-con-fuentes-de-poder-altronix\/"},"modified":"2026-03-18T22:12:52","modified_gmt":"2026-03-18T22:12:52","slug":"tablero-distribuidor-de-voltaje-8-salidas-con-fusible-de-proteccion-para-uso-con-fuentes-de-poder-altronix","status":"publish","type":"product","link":"https:\/\/soydeaqui.ddns.net\/pachuca\/index.php\/producto\/tablero-distribuidor-de-voltaje-8-salidas-con-fusible-de-proteccion-para-uso-con-fuentes-de-poder-altronix\/","title":{"rendered":"Tablero distribuidor de voltaje, 8 salidas con fusible de protecci\u00f3n. Para uso con Fuentes de poder ALTRONIX."},"content":{"rendered":"<div style='width: 100%; max-width: 1200px; margin: 0 auto; font-family: sans-serif; line-height: 1.6; color: inherit; background-color: transparent;'> <!-- Secci\u00f3n de caracter\u00edsticas principales --> <\/p>\n<div style='display: flex; flex-wrap: wrap; gap: 30px; margin-bottom: 30px;'>\n<div style='flex: 1 1 300px; min-width: 280px;'>\n<h3 style='font-size: 22px; border-bottom: 2px solid currentColor; padding-bottom: 5px; margin-top: 0; color: inherit; opacity: 0.8;'>Caracter\u00edsticas Principales<\/h3>\n<ul style='padding-left: 20px; font-size: 15px; color: inherit;'>\n<li style='margin-bottom: 5px;'>M\u00f3dulo de distribuci\u00f3n con 8 salidas fusibles<\/li>\n<li style='margin-bottom: 5px;'>Convierte una entrada AC\/DC en 8 salidas<\/li>\n<li style='margin-bottom: 5px;'>Entrada 12\/24 VDC hasta 10 A o 24\/28 VAC hasta 12 A<\/li>\n<li style='margin-bottom: 5px;'>2.5 A m\u00e1ximo por salida<\/li>\n<li style='margin-bottom: 5px;'>UL reconocido para control de acceso \/ alarma<\/li>\n<\/ul><\/div>\n<\/p><\/div>\n<p> <!-- Secci\u00f3n de especificaciones t\u00e9cnicas --> <\/p>\n<div style='display: flex; flex-wrap: wrap; gap: 20px; margin-bottom: 30px;'>\n<div style='flex: 1 1 250px; border: 1px solid rgba(150&comma; 150&comma; 150&comma; 0.4); border-radius: 8px; overflow: hidden; display: flex; flex-direction: column;'>\n<div style='padding: 15px; border-bottom: 1px solid rgba(150&comma; 150&comma; 150&comma; 0.2); font-weight: bold; font-size: 18px; color: inherit;'>Especificaciones T\u00e9cnicas<\/div>\n<div style='padding: 15px; color: inherit;'>\n<ul style='padding-left: 20px; margin: 0; font-size: 14px; list-style-type: disc;'>\n<li style='margin-bottom: 5px;'><strong>Entrada:<\/strong> 12 o 24VDC hasta 10 amperios<\/li>\n<li style='margin-bottom: 5px;'><strong>Salidas:<\/strong> Ocho (8) salidas con fusibles individuales<\/li>\n<li style='margin-bottom: 5px;'><strong>Fusibles:<\/strong> Nominales de 3.5 amp \/ 250V<\/li>\n<li style='margin-bottom: 5px;'><strong>Protecci\u00f3n:<\/strong> Supresi\u00f3n de sobretensiones<\/li>\n<li style='margin-bottom: 5px;'><strong>Indicadores:<\/strong> LED de alimentaci\u00f3n<\/li>\n<\/ul><\/div>\n<\/p><\/div>\n<p> <!-- Secci\u00f3n de especificaciones el\u00e9ctricas y mec\u00e1nicas --> <\/p>\n<div style='flex: 1 1 250px; border: 1px solid rgba(150&comma; 150&comma; 150&comma; 0.4); border-radius: 8px; overflow: hidden; display: flex; flex-direction: column;'>\n<div style='padding: 15px; border-bottom: 1px solid rgba(150&comma; 150&comma; 150&comma; 0.2); font-weight: bold; font-size: 18px; color: inherit;'>Especificaciones<\/div>\n<div style='padding: 15px; color: inherit;'>\n<ul style='padding-left: 20px; margin: 0; font-size: 14px; list-style-type: disc;'>\n<li style='margin-bottom: 5px;'><strong>Temperatura de operaci\u00f3n:<\/strong> -25\u00b0C a 55\u00b0C<\/li>\n<li style='margin-bottom: 5px;'><strong>Peso del producto:<\/strong> Aprox. 0.25 lbs (0.11 kg)<\/li>\n<li style='margin-bottom: 5px;'><strong>Peso de env\u00edo:<\/strong> Aprox. 0.30 lbs (0.14 kg)<\/li>\n<li style='margin-bottom: 5px;'><strong>Dimensiones:<\/strong> 3.25&#8242; x 5.25&#8242; x 1&#8242; (82.55mm x 133.35mm x 25.4mm)<\/li>\n<\/ul><\/div>\n<\/p><\/div>\n<p> <!-- Secci\u00f3n de aprobaciones y montaje --> <\/p>\n<div style='flex: 1 1 250px; border: 1px solid rgba(150&comma; 150&comma; 150&comma; 0.4); border-radius: 8px; overflow: hidden; display: flex; flex-direction: column;'>\n<div style='padding: 15px; border-bottom: 1px solid rgba(150&comma; 150&comma; 150&comma; 0.2); font-weight: bold; font-size: 18px; color: inherit;'>Aprobaciones y Montaje<\/div>\n<div style='padding: 15px; color: inherit;'>\n<ul style='padding-left: 20px; margin: 0; font-size: 14px; list-style-type: disc;'>\n<li style='margin-bottom: 5px;'>UL Listed Sub-Assembly para sistemas de control de acceso (UL 294)<\/li>\n<li style='margin-bottom: 5px;'>UL Listed para fuentes de alimentaci\u00f3n de sistemas de se\u00f1alizaci\u00f3n de incendios (UL 1481)<\/li>\n<li style='margin-bottom: 5px;'>cUL Listed: Equipamiento de se\u00f1alizaci\u00f3n general seg\u00fan CSA C22.2 No.205-M1983<\/li>\n<li style='margin-bottom: 5px;'>Montaje en carril (requiere parte #ST3)<\/li>\n<\/ul><\/div>\n<\/p><\/div>\n<\/p><\/div>\n<p> <!-- Separador --> <\/p>\n<hr style='border: 0; border-top: 1px solid rgba(150&comma; 150&comma; 150&comma; 0.3); margin: 30px 0;'> <!-- Nota importante --> <\/p>\n<div style='background-color: rgba(255&comma; 0&comma; 0&comma; 0.05); border-left: 4px solid #ff0000; padding: 15px; margin-bottom: 30px; color: inherit;'>\n<p style='margin: 0; font-weight: bold; color: inherit;'><em>**Producto bajo pedido<\/em><\/p>\n<\/p><\/div>\n<\/p><\/div>\n","protected":false},"excerpt":{"rendered":"<p>Tablero distribuidor de voltaje, 8 salidas con fusible de protecci\u00f3n. Para uso con Fuentes de poder ALTRONIX.<\/p>\n","protected":false},"featured_media":49573,"comment_status":"open","ping_status":"closed","template":"","meta":[],"product_brand":[],"product_cat":[1108],"product_tag":[495,1085,1109],"class_list":{"0":"post-49574","1":"product","2":"type-product","3":"status-publish","4":"has-post-thumbnail","6":"product_cat-cargadores-de-baterias","7":"product_tag-altronix","8":"product_tag-baterias-y-cargadores","9":"product_tag-cargadores-de-baterias","11":"first","12":"instock","13":"sale","14":"shipping-taxable","15":"purchasable","16":"product-type-simple"},"_links":{"self":[{"href":"https:\/\/soydeaqui.ddns.net\/pachuca\/index.php\/wp-json\/wp\/v2\/product\/49574","targetHints":{"allow":["GET"]}}],"collection":[{"href":"https:\/\/soydeaqui.ddns.net\/pachuca\/index.php\/wp-json\/wp\/v2\/product"}],"about":[{"href":"https:\/\/soydeaqui.ddns.net\/pachuca\/index.php\/wp-json\/wp\/v2\/types\/product"}],"replies":[{"embeddable":true,"href":"https:\/\/soydeaqui.ddns.net\/pachuca\/index.php\/wp-json\/wp\/v2\/comments?post=49574"}],"wp:featuredmedia":[{"embeddable":true,"href":"https:\/\/soydeaqui.ddns.net\/pachuca\/index.php\/wp-json\/wp\/v2\/media\/49573"}],"wp:attachment":[{"href":"https:\/\/soydeaqui.ddns.net\/pachuca\/index.php\/wp-json\/wp\/v2\/media?parent=49574"}],"wp:term":[{"taxonomy":"product_brand","embeddable":true,"href":"https:\/\/soydeaqui.ddns.net\/pachuca\/index.php\/wp-json\/wp\/v2\/product_brand?post=49574"},{"taxonomy":"product_cat","embeddable":true,"href":"https:\/\/soydeaqui.ddns.net\/pachuca\/index.php\/wp-json\/wp\/v2\/product_cat?post=49574"},{"taxonomy":"product_tag","embeddable":true,"href":"https:\/\/soydeaqui.ddns.net\/pachuca\/index.php\/wp-json\/wp\/v2\/product_tag?post=49574"}],"curies":[{"name":"wp","href":"https:\/\/api.w.org\/{rel}","templated":true}]}}