{"id":49567,"date":"2026-03-18T22:12:42","date_gmt":"2026-03-18T22:12:42","guid":{"rendered":"https:\/\/soydeaqui.ddns.net\/pachuca\/index.php\/producto\/bateria-12v-3-4ah-para-respaldo-tecnologias-agm-vrla-5-anos-vida-util-terminales-f1-reconocida-ul-2\/"},"modified":"2026-03-18T22:12:43","modified_gmt":"2026-03-18T22:12:43","slug":"bateria-12v-3-4ah-para-respaldo-tecnologias-agm-vrla-5-anos-vida-util-terminales-f1-reconocida-ul-2","status":"publish","type":"product","link":"https:\/\/soydeaqui.ddns.net\/pachuca\/index.php\/producto\/bateria-12v-3-4ah-para-respaldo-tecnologias-agm-vrla-5-anos-vida-util-terminales-f1-reconocida-ul-2\/","title":{"rendered":"Bater\u00eda 12V, 3.4AH, Para Respaldo, Tecnolog\u00edas AGM\/VRLA, 5 A\u00f1os Vida \u00datil, Terminales F1, Reconocida UL"},"content":{"rendered":"<div style='width: 100%; max-width: 1200px; margin: 0 auto; font-family: sans-serif; line-height: 1.6; color: inherit; background-color: transparent;'> <!-- Secci\u00f3n introductoria --> <\/p>\n<div style='margin-bottom: 30px;'>\n<p style='margin: 0; padding: 0; text-align: justify; font-size: 14px; color: inherit;'> <strong style='color: inherit;'>Power Sonic<\/strong> ofrece una amplia gama de productos de bater\u00eda innovadores que incluyen tecnolog\u00edas de litio y \u00e1cido de plomo selladas. Esto garantiza que tengamos la bater\u00eda adecuada para satisfacer las demandas \u00fanicas de su aplicaci\u00f3n. <\/p>\n<p style='margin: 15px 0; text-align: justify; font-size: 14px; color: inherit;'> Power Sonic ha brindado soluciones de bater\u00edas seguras&comma; confiables y de calidad en todo el mundo durante m\u00e1s de 50 a\u00f1os. Nuestros productos de bater\u00eda est\u00e1n dise\u00f1ados y fabricados con los \u00faltimos equipos de \u00faltima generaci\u00f3n y est\u00e1n sujetos al control de calidad m\u00e1s estricto. Este proceso es clave para garantizar tanto la consistencia como la confiabilidad con cualquier producto que lleve el nombre de <strong style='color: inherit;'>Power Sonic<\/strong>. <\/p>\n<\/p><\/div>\n<p> <!-- Secci\u00f3n de caracter\u00edsticas de la serie --> <\/p>\n<div style='margin-bottom: 30px;'>\n<h3 style='font-size: 20px; border-bottom: 2px solid currentColor; padding-bottom: 5px; margin-top: 0; color: inherit; opacity: 0.8;'>Serie PS<\/h3>\n<p style='margin: 15px 0; text-align: justify; font-size: 14px; color: inherit;'> La serie PS de Power Sonic bater\u00edas selladas de plomo-\u00e1cido se ha dise\u00f1ado con tecnolog\u00eda AGM (Absorbent Glass Mat) para garantizar un rendimiento y una fiabilidad superiores. Disponibles en 2&comma; 4&comma; 6 y 12 V con capacidades desde 0.8 a 260 AH. Con gran variedad de modelos&comma; es la primera opci\u00f3n para la industria de seguridad humana. <\/p>\n<\/p><\/div>\n<p> <!-- Secci\u00f3n de caracter\u00edsticas generales --> <\/p>\n<div style='margin-bottom: 30px;'>\n<h3 style='font-size: 20px; border-bottom: 2px solid currentColor; padding-bottom: 5px; margin-top: 0; color: inherit; opacity: 0.8;'>Caracter\u00edsticas Generales Serie PS<\/h3>\n<ul style='padding-left: 20px; margin: 15px 0 0 20px; font-size: 14px; color: inherit;'>\n<li style='margin-bottom: 8px;'><strong style='color: inherit;'>Bater\u00edas selladas de plomo \u00e1cido<\/strong><\/li>\n<li style='margin-bottom: 8px;'><strong style='color: inherit;'>Dise\u00f1o de 5 a\u00f1os de vida \u00fatil<\/strong><\/li>\n<li style='margin-bottom: 8px;'><strong style='color: inherit;'>Reconocida UL<\/strong><\/li>\n<li style='margin-bottom: 8px;'><strong style='color: inherit;'>Tecnolog\u00eda VRLA<\/strong> (Bater\u00edas Regulated Lead Acid) para larga vida \u00fatil por liberaci\u00f3n de gases<\/li>\n<li style='margin-bottom: 8px;'><strong style='color: inherit;'>Tecnolog\u00eda AGM<\/strong> (Absorbent Glass Mat) para garantizar un rendimiento y una fiabilidad superiores<\/li>\n<li style='margin-bottom: 8px;'>Relaci\u00f3n de potencia y volumen que produce una densidad de energ\u00eda inigualable<\/li>\n<li style='margin-bottom: 8px;'><strong style='color: inherit;'>Libre de mantenimiento<\/strong><\/li>\n<li style='margin-bottom: 8px;'><strong style='color: inherit;'>Recargables con cargadores VRLA<\/strong><\/li>\n<li style='margin-bottom: 8px;'>Construcci\u00f3n a prueba de derrames regulada por v\u00e1lvula permite una operaci\u00f3n segura en cualquier orientaci\u00f3n (excepto el uso continuo invertido)<\/li>\n<li style='margin-bottom: 8px;'><strong style='color: inherit;'>Caja de ABS resistente a impactos<\/strong> y cubierta retardante de llama seg\u00fan UL94:HB y UL94:V0<\/li>\n<li style='margin-bottom: 8px;'>Baja tasa de descarga para una <strong style='color: inherit;'>larga vida \u00fatil<\/strong><\/li>\n<li style='margin-bottom: 8px;'>Certificado <strong style='color: inherit;'>ISO 9001:2015<\/strong><\/li>\n<\/ul><\/div>\n<p> <!-- Secci\u00f3n de especificaciones del modelo --> <\/p>\n<div style='margin-bottom: 30px;'>\n<h3 style='font-size: 20px; border-bottom: 2px solid currentColor; padding-bottom: 5px; margin-top: 0; color: inherit; opacity: 0.8;'>Caracter\u00edsticas PS-1230-F1<\/h3>\n<ul style='padding-left: 20px; margin: 15px 0 0 20px; font-size: 14px; color: inherit;'>\n<li style='margin-bottom: 8px;'><strong style='color: inherit;'>Dise\u00f1o de 5 a\u00f1os de vida \u00fatil<\/strong><\/li>\n<li style='margin-bottom: 8px;'><strong style='color: inherit;'>Reconocida UL<\/strong><\/li>\n<li style='margin-bottom: 8px;'><strong style='color: inherit;'>Tipo de terminal:<\/strong> F1<\/li>\n<li style='margin-bottom: 8px;'><strong style='color: inherit;'>Voltaje Nominal:<\/strong> 12V<\/li>\n<li style='margin-bottom: 8px;'><strong style='color: inherit;'>Capacidad @20HR:<\/strong> 3.40 AH<\/li>\n<li style='margin-bottom: 8px;'><strong style='color: inherit;'>Capacidad @10HR:<\/strong> 3.30 AH<\/li>\n<li style='margin-bottom: 8px;'><strong style='color: inherit;'>Peso:<\/strong> 1.3 kg\/2.9 lbs<\/li>\n<li style='margin-bottom: 8px;'><strong style='color: inherit;'>Dimensiones:<\/strong> 5.24\u201d\/133 mm Longitud x 2.64\u201d\/67 mm Ancho x 2.36\u201d\/60 mm Altura<\/li>\n<li style='margin-bottom: 8px;'><strong style='color: inherit;'>Recargable con cargador:<\/strong> <a style='color: inherit; text-decoration: underline;' href='https:\/\/www.syscom.mx\/producto\/PSC-12500ACX-POWER-SONIC-218408.html' target='_blank'>PSC-12500ACX<\/a><\/li>\n<\/ul><\/div>\n<p> <!-- Secci\u00f3n de aplicaciones --> <\/p>\n<div style='margin-bottom: 30px;'>\n<h3 style='font-size: 20px; border-bottom: 2px solid currentColor; padding-bottom: 5px; margin-top: 0; color: inherit; opacity: 0.8;'>Aplicaciones<\/h3>\n<p style='margin: 15px 0 10px 0; font-size: 14px; color: inherit;'><strong style='color: inherit;'>Ideal como respaldo de energ\u00eda para:<\/strong><\/p>\n<ul style='padding-left: 20px; margin: 0 0 0 20px; font-size: 14px; color: inherit;'>\n<li style='margin-bottom: 8px;'>Sistemas de seguridad y emergencia<\/li>\n<li style='margin-bottom: 8px;'>Sistemas de control de acceso<\/li>\n<li style='margin-bottom: 8px;'>Sistemas de alarma<\/li>\n<li style='margin-bottom: 8px;'>Sistemas de detecci\u00f3n de incendio<\/li>\n<li style='margin-bottom: 8px;'>Sistemas de videovigilancia<\/li>\n<\/ul><\/div>\n<\/p><\/div>\n","protected":false},"excerpt":{"rendered":"<p>Bater\u00eda 12V, 3.4AH, Para Respaldo, Tecnolog\u00edas AGM\/VRLA, 5 A\u00f1os Vida \u00datil, Terminales F1, Reconocida UL<\/p>\n","protected":false},"featured_media":49566,"comment_status":"open","ping_status":"closed","template":"","meta":[],"product_brand":[],"product_cat":[141],"product_tag":[143,142,236],"class_list":{"0":"post-49567","1":"product","2":"type-product","3":"status-publish","4":"has-post-thumbnail","6":"product_cat-baterias","7":"product_tag-baterias","8":"product_tag-energia","9":"product_tag-power-sonic","11":"first","12":"outofstock","13":"sale","14":"shipping-taxable","15":"purchasable","16":"product-type-simple"},"_links":{"self":[{"href":"https:\/\/soydeaqui.ddns.net\/pachuca\/index.php\/wp-json\/wp\/v2\/product\/49567","targetHints":{"allow":["GET"]}}],"collection":[{"href":"https:\/\/soydeaqui.ddns.net\/pachuca\/index.php\/wp-json\/wp\/v2\/product"}],"about":[{"href":"https:\/\/soydeaqui.ddns.net\/pachuca\/index.php\/wp-json\/wp\/v2\/types\/product"}],"replies":[{"embeddable":true,"href":"https:\/\/soydeaqui.ddns.net\/pachuca\/index.php\/wp-json\/wp\/v2\/comments?post=49567"}],"wp:featuredmedia":[{"embeddable":true,"href":"https:\/\/soydeaqui.ddns.net\/pachuca\/index.php\/wp-json\/wp\/v2\/media\/49566"}],"wp:attachment":[{"href":"https:\/\/soydeaqui.ddns.net\/pachuca\/index.php\/wp-json\/wp\/v2\/media?parent=49567"}],"wp:term":[{"taxonomy":"product_brand","embeddable":true,"href":"https:\/\/soydeaqui.ddns.net\/pachuca\/index.php\/wp-json\/wp\/v2\/product_brand?post=49567"},{"taxonomy":"product_cat","embeddable":true,"href":"https:\/\/soydeaqui.ddns.net\/pachuca\/index.php\/wp-json\/wp\/v2\/product_cat?post=49567"},{"taxonomy":"product_tag","embeddable":true,"href":"https:\/\/soydeaqui.ddns.net\/pachuca\/index.php\/wp-json\/wp\/v2\/product_tag?post=49567"}],"curies":[{"name":"wp","href":"https:\/\/api.w.org\/{rel}","templated":true}]}}