{"id":494,"date":"2026-03-18T05:40:09","date_gmt":"2026-03-18T05:40:09","guid":{"rendered":"https:\/\/soydeaqui.ddns.net\/pachuca\/index.php\/producto\/radar-ip-perimetral-120-metros-de-distancia-120-de-cobertura-ip67-ik10-nema-4x-32-objetos-de-deteccion-y-16-zonas-4-salidas-de-alarma-rs-485\/"},"modified":"2026-03-18T05:40:09","modified_gmt":"2026-03-18T05:40:09","slug":"radar-ip-perimetral-120-metros-de-distancia-120-de-cobertura-ip67-ik10-nema-4x-32-objetos-de-deteccion-y-16-zonas-4-salidas-de-alarma-rs-485","status":"publish","type":"product","link":"https:\/\/soydeaqui.ddns.net\/pachuca\/index.php\/producto\/radar-ip-perimetral-120-metros-de-distancia-120-de-cobertura-ip67-ik10-nema-4x-32-objetos-de-deteccion-y-16-zonas-4-salidas-de-alarma-rs-485\/","title":{"rendered":"Radar IP Perimetral \/ 120 metros de Distancia \/ 120\u00b0 de Cobertura \/ IP67 \/ IK10 \/ Nema 4X \/ 32 Objetos de Detecci\u00f3n y 16 Zonas  \/ 4 Salidas de Alarma \/ RS-485"},"content":{"rendered":"<div style='width: 100%; max-width: 1200px; margin: 0 auto; font-family: sans-serif; line-height: 1.6; color: inherit; background-color: transparent;'> <!-- Logo Hikvision --> <\/p>\n<div style='text-align: center; margin: 20px 0;'> <img style='width: 100%; max-width: 300px; height: auto; border: 1px solid rgba(150&comma;150&comma;150&comma;0.3); border-radius: 8px;' src='https:\/\/ftp3.syscom.mx\/usuarios\/jsosa\/HIKVISION\/specs\/radar\/hikvision%20launches%20security%20radar.png' alt='Logo Hikvision'> <\/div>\n<p> <!-- Video introductorio --> <\/p>\n<div style='position: relative; padding-bottom: 56.25%; height: 0; overflow: hidden; margin: 30px 0;'> <video style='position: absolute; top: 0; left: 0; width: 100%; height: 100%; border: none;' loop muted controls><source src='https:\/\/ftp3.syscom.mx\/usuarios\/jsosa\/HIKVISION\/specs\/radar\/Radar%20HIK%20-%20Solucion%20de%20Alarmas%20de%20Hikvision.mp4' type='video\/mp4'><\/video> <\/div>\n<p> <!-- Videos explicativos --> <\/p>\n<div style='display: flex; flex-wrap: wrap; gap: 30px; margin: 30px 0;'>\n<div style='flex: 1 1 400px; min-width: 300px;'>\n<h3 style='font-size: 22px; border-bottom: 2px solid currentColor; padding-bottom: 5px; margin-top: 0; color: inherit; opacity: 0.8;'>Introducci\u00f3n al Radar de Seguridad<\/h3>\n<div style='position: relative; padding-bottom: 56.25%; height: 0; overflow: hidden;'>   <\/div>\n<\/p><\/div>\n<div style='flex: 1 1 400px; min-width: 300px;'>\n<h3 style='font-size: 22px; border-bottom: 2px solid currentColor; padding-bottom: 5px; margin-top: 0; color: inherit; opacity: 0.8;'>Demostraci\u00f3n del Radar de Seguridad<\/h3>\n<div style='position: relative; padding-bottom: 56.25%; height: 0; overflow: hidden;'>   <\/div>\n<\/p><\/div>\n<\/p><\/div>\n<p> <!-- Caracter\u00edsticas principales --> <\/p>\n<div style='display: flex; flex-wrap: wrap; gap: 20px; margin: 30px 0;'>\n<div style='flex: 1 1 300px; min-width: 280px; border: 1px solid rgba(150&comma; 150&comma; 150&comma; 0.4); border-radius: 8px; overflow: hidden;'>\n<div style='padding: 15px; border-bottom: 1px solid rgba(150&comma; 150&comma; 150&comma; 0.2); font-weight: bold; font-size: 18px; color: inherit; background-color: rgba(255&comma; 0&comma; 0&comma; 0.1);'>Caracter\u00edsticas principales<\/div>\n<div style='padding: 15px; color: inherit;'>\n<ul style='padding-left: 20px; margin: 0; font-size: 14px; list-style-type: disc;'>\n<li style='margin-bottom: 5px;'>Max. 4 l\u00edneas de disparo y 16 zonas<\/li>\n<li style='margin-bottom: 5px;'>Banda de frecuencia seleccionable<\/li>\n<li style='margin-bottom: 5px;'>Vincula hasta 4 domos PTZ para el seguimiento autom\u00e1tico del objetivo<\/li>\n<li style='margin-bottom: 5px;'>Varios radares pueden conectarse a un domo PTZ<\/li>\n<li style='margin-bottom: 5px;'>Admite 4 relevadores<\/li>\n<\/ul><\/div>\n<\/p><\/div>\n<p> <!-- Caracter\u00edsticas F\u00edsicas y El\u00e9ctricas --> <\/p>\n<div style='flex: 1 1 300px; min-width: 280px; border: 1px solid rgba(150&comma; 150&comma; 150&comma; 0.4); border-radius: 8px; overflow: hidden;'>\n<div style='padding: 15px; border-bottom: 1px solid rgba(150&comma; 150&comma; 150&comma; 0.2); font-weight: bold; font-size: 18px; color: inherit; background-color: rgba(255&comma; 0&comma; 0&comma; 0.1);'>Caracter\u00edsticas F\u00edsicas y El\u00e9ctricas<\/div>\n<div style='padding: 15px; color: inherit;'>\n<ul style='padding-left: 20px; margin: 0; font-size: 14px; list-style-type: disc;'>\n<li style='margin-bottom: 5px;'>Alimentaci\u00f3n: 36 Vcc \/ 24 Watts y 24 Vcc \/ 24 Watts<\/li>\n<li style='margin-bottom: 5px;'>Temperatura de operaci\u00f3n: -40\u00b0C a 65\u00b0C<\/li>\n<li style='margin-bottom: 5px;'>Dimensiones: 228 x 206 x 61 mm<\/li>\n<li style='margin-bottom: 5px;'>Peso: 1.8Kg<\/li>\n<li style='margin-bottom: 5px;'>Protecci\u00f3n IP67 (Exterior) \/ IK10<\/li>\n<li style='margin-bottom: 5px;'>Altura de instalaci\u00f3n: 2 a 4 metros<\/li>\n<\/ul><\/div>\n<\/p><\/div>\n<p> <!-- Caracter\u00edsticas Destacadas --> <\/p>\n<div style='flex: 1 1 300px; min-width: 280px; border: 1px solid rgba(150&comma; 150&comma; 150&comma; 0.4); border-radius: 8px; overflow: hidden;'>\n<div style='padding: 15px; border-bottom: 1px solid rgba(150&comma; 150&comma; 150&comma; 0.2); font-weight: bold; font-size: 18px; color: inherit; background-color: rgba(255&comma; 0&comma; 0&comma; 0.1);'>Caracter\u00edsticas Destacadas<\/div>\n<div style='padding: 15px; color: inherit;'>\n<ul style='padding-left: 20px; margin: 0; font-size: 14px; list-style-type: disc;'>\n<li style='margin-bottom: 5px;'>Rango de detecci\u00f3n: 120 metros<\/li>\n<li style='margin-bottom: 5px;'>\u00c1ngulo de detecci\u00f3n: 120\u00b0<\/li>\n<li style='margin-bottom: 5px;'>Salidas de alarma:\n<ul style='margin: 5px 0 0 20px; font-size: 14px; list-style-type: disc;'>\n<li style='margin-bottom: 5px;'>30 VCD \/ 125 VCA \/ 1A<\/li>\n<\/ul>\n<\/li>\n<\/ul><\/div>\n<\/p><\/div>\n<\/p><\/div>\n<p> <!-- Modelos compatibles --> <\/p>\n<div style='border: 1px solid rgba(150&comma; 150&comma; 150&comma; 0.4); border-radius: 8px; padding: 15px; margin: 30px 0;'>\n<h3 style='font-size: 18px; border-bottom: 2px solid currentColor; padding-bottom: 5px; margin-top: 0; margin-bottom: 15px; color: inherit; opacity: 0.8;'>Modelos de PTZ compatibles<\/h3>\n<ul style='padding-left: 20px; margin: 0; font-size: 14px; list-style-type: disc;'>\n<li style='margin-bottom: 8px;'><a href='https:\/\/www.syscom.mx\/principal\/searchcont?route=DS-2DE7A225IW-AEBT5-HIKVISION-205232&#038;autodetect=DS-2DE7A225IW-AEB' target='_blank' rel='noopener' style='color: inherit; text-decoration: underline;'>DS-2DE7A225IW-AEB(T5)<\/a><\/li>\n<li style='margin-bottom: 8px;'><a href='https:\/\/www.syscom.mx\/principal\/searchcont?route=DS-2DE7A232IW-AEBT5-HIKVISION-197179&#038;autodetect=DS-2DE7A225IW-AEB' target='_blank' rel='noopener' style='color: inherit; text-decoration: underline;'>DS-2DE7A232IW-AEB(T5)<\/a><\/li>\n<li style='margin-bottom: 8px;'><a href='https:\/\/www.syscom.mx\/principal\/searchcont?route=DS-2DE7A425IW-AEBT5-HIKVISION-197180&#038;autodetect=DS-2DE7A225IW-AEB' target='_blank' rel='noopener' style='color: inherit; text-decoration: underline;'>DS-2DE7A425IW-AEB(T5)<\/a><\/li>\n<li style='margin-bottom: 8px;'><a href='https:\/\/www.syscom.mx\/principal\/searchcont?route=DS-2DE7A432IW-AEBT5-HIKVISION-197181&#038;autodetect=DS-2DE7A225IW-AEB' target='_blank' rel='noopener' style='color: inherit; text-decoration: underline;'>DS-2DE7A432IW-AEB(T5)<\/a><\/li>\n<li style='margin-bottom: 8px;'><a href='https:\/\/www.syscom.mx\/principal\/searchcont?route=DS-2DE7A825IW-AEBT5-HIKVISION-197182&#038;autodetect=DS-2DE7A225IW-AEB' target='_blank' rel='noopener' style='color: inherit; text-decoration: underline;'>DS-2DE7A825IW-AEB(T5)<\/a><\/li>\n<li style='margin-bottom: 8px;'><a href='https:\/\/www.syscom.mx\/principal\/searchcont?route=DS-2SE7C425MWG-EB\/26F0-HIKVISION-222243&#038;autodetect=DS-2SE7C425MWG-EB' target='_blank' rel='noopener' style='color: inherit; text-decoration: underline;'>DS-2SE7C425MWG-EB\/26(F0)<\/a><\/li>\n<li style='margin-bottom: 8px;'><a href='https:\/\/www.syscom.mx\/principal\/searchcont?route=DS-2SE7C432MWG-EB\/26-HIKVISION-222244&#038;autodetect=DS-2SE7C432MWG-EB' target='_blank' rel='noopener' style='color: inherit; text-decoration: underline;'>DS-2SE7C432MWG-EB\/26<\/a><\/li>\n<li style='margin-bottom: 8px;'><a href='https:\/\/www.syscom.mx\/principal\/searchcont?route=DS-2DF8242IXG-HIKVISION-200745&#038;autodetect=DS-2DF8242IXG' target='_blank' rel='noopener' style='color: inherit; text-decoration: underline;'>DS-2DF8242IXG<\/a><\/li>\n<li style='margin-bottom: 8px;'><a href='https:\/\/www.syscom.mx\/principal\/searchcont?route=DS-2DF8442IXG-HIKVISION-200747&#038;autodetect=DS-2DF8442IXG' target='_blank' rel='noopener' style='color: inherit; text-decoration: underline;'>DS-2DF8442IXG<\/a><\/li>\n<li style='margin-bottom: 8px;'><a href='https:\/\/www.syscom.mx\/principal\/searchcont?route=DS-2DF8A442IXG-ELY-HIKVISION-223361&#038;autodetect=DS-2DF8A442IXG' target='_blank' rel='noopener' style='color: inherit; text-decoration: underline;'>DS-2DF8A442IXG-ELY<\/a><\/li>\n<li style='margin-bottom: 8px;'><a href='https:\/\/www.syscom.mx\/principal\/searchcont?route=DS-2DF8A442IXG-EL-HIKVISION-223038&#038;autodetect=DS-2DF8A442IXG' target='_blank' rel='noopener' style='color: inherit; text-decoration: underline;'>DS-2DF8A442IXG-EL<\/a><\/li>\n<li style='margin-bottom: 8px;'><a href='https:\/\/www.syscom.mx\/principal\/searchcont?route=DS-2DF8A8442IXG-HIKVISION-223363&#038;autodetect=DS-2DF8A842IXG' target='_blank' rel='noopener' style='color: inherit; text-decoration: underline;'>DS-2DF8A842IXG<\/a><\/li>\n<li style='margin-bottom: 8px;'><a href='https:\/\/www.syscom.mx\/principal\/searchcont?route=DS-2DF8C442IXG-ELW-HIKVISION-223485&#038;autodetect=DS-2DF8C442IXG' target='_blank' rel='noopener' style='color: inherit; text-decoration: underline;'>DS-2DF8C442IXG-ELW<\/a><\/li>\n<li style='margin-bottom: 8px;'><a href='https:\/\/www.syscom.mx\/principal\/searchcont?route=DS-2DF8C842IXG-ELW-HIKVISION-223362&#038;autodetect=DS-2DF8C842IXG' target='_blank' rel='noopener' style='color: inherit; text-decoration: underline;'>DS-2DF8C842IXG-ELW<\/a><\/li>\n<li style='margin-bottom: 8px;'><a href='https:\/\/www.syscom.mx\/principal\/searchcont?route=DS-2DY7236IX-AT5-HIKVISION-200746&#038;autodetect=DS-2DY7236IXA' target='_blank' rel='noopener' style='color: inherit; text-decoration: underline;'>DS-2DY7236IX-A(T5)<\/a><\/li>\n<\/ul><\/div>\n<p> <!-- Imagenes y texto --> <\/p>\n<div style='display: flex; flex-wrap: wrap; gap: 30px; margin: 30px 0;'>\n<div style='flex: 1 1 400px; min-width: 300px;'> <img style='width: 100%; height: auto; border: 1px solid rgba(150&comma;150&comma;150&comma;0.3); border-radius: 8px;' src='https:\/\/ftp3.syscom.mx\/usuarios\/jsosa\/HIKVISION\/specs\/radar\/DSPRI120\/radar4.png' alt='Radar Hikvision'> <\/div>\n<div style='flex: 1 1 400px; min-width: 300px;'>\n<h3 style='font-size: 18px; border-bottom: 2px solid currentColor; padding-bottom: 5px; margin-top: 0; color: inherit; opacity: 0.8;'>Especificaciones clave<\/h3>\n<p>El radar de seguridad de Hikvision utiliza tecnolog\u00eda de vanguardia para determinar con precisi\u00f3n la ubicaci\u00f3n y el rastro de movimiento de hasta 32 intrusos potenciales por radar&comma; incluso en las condiciones clim\u00e1ticas m\u00e1s adversas.<\/p>\n<p>El radar de seguridad de Hikvision es ideal para monitorear espacios grandes y expuestos con mal tiempo&comma; y donde el entorno perimetral es demasiado complejo para el despliegue de c\u00e1maras de video vigilancia.<\/p>\n<p>Gracias a su confiabilidad en todos los climas&comma; amplio \u00e1ngulo de detecci\u00f3n y capacidades de detecci\u00f3n de intrusos ultra precisas&comma; esta soluci\u00f3n de vanguardia es perfecta para ubicaciones como puertos&comma; aeropuertos y grandes \u00e1reas industriales abiertas.<\/p>\n<ul style='padding-left: 20px; font-size: 14px; list-style-type: disc;'>\n<li style='margin-bottom: 5px;'>Hasta 120 m de distancia de detecci\u00f3n<\/li>\n<li style='margin-bottom: 5px;'>\u00c1ngulo de detecci\u00f3n de hasta 120\u00b0<\/li>\n<li style='margin-bottom: 5px;'>Hasta 15&comma;000m\u00b2 de \u00e1rea de detecci\u00f3n<\/li>\n<li style='margin-bottom: 5px;'>Hasta 32 objetivos simult\u00e1neamente<\/li>\n<li style='margin-bottom: 5px;'>Hasta 16 zonas definidas por el usuario<\/li>\n<li style='margin-bottom: 5px;'>3 tipos de zona&comma; zona de alarma&comma; zona de prealarma&comma; zona de anulaci\u00f3n<\/li>\n<\/ul><\/div>\n<\/p><\/div>\n<p> <!-- Alta fiabilidad --> <\/p>\n<div style='display: flex; flex-wrap: wrap; gap: 30px; margin: 30px 0;'>\n<div style='flex: 1 1 400px; min-width: 300px;'> <img style='width: 100%; height: auto; border: 1px solid rgba(150&comma;150&comma;150&comma;0.3); border-radius: 8px;' src='https:\/\/ftp3.syscom.mx\/usuarios\/jsosa\/HIKVISION\/specs\/radar\/DSPRI120\/radar1.png' alt='Alta fiabilidad'> <\/div>\n<div style='flex: 1 1 400px; min-width: 300px;'>\n<h3 style='font-size: 18px; border-bottom: 2px solid currentColor; padding-bottom: 5px; margin-top: 0; color: inherit; opacity: 0.8;'>Alta fiabilidad<\/h3>\n<p>Debido a que la precisi\u00f3n del radar no se ve afectada por el clima&comma; complementa el sistema tradicional de CCTV en condiciones tales como lluvia&comma; nieve o niebla densa.<\/p>\n<\/p><\/div>\n<\/p><\/div>\n<p> <!-- Instalaci\u00f3n flexible --> <\/p>\n<div style='margin: 30px 0;'>\n<h3 style='font-size: 18px; border-bottom: 2px solid currentColor; padding-bottom: 5px; margin-top: 0; margin-bottom: 15px; color: inherit; opacity: 0.8;'>Instalaci\u00f3n flexible y f\u00e1cil conexi\u00f3n<\/h3>\n<p>Hikvision Security Radar es compatible con una variedad de soportes&comma; como los soportes Bullet-PTZ&comma; para una f\u00e1cil instalaci\u00f3n.<\/p>\n<\/p><\/div>\n<p> <!-- Video de calibraci\u00f3n --> <\/p>\n<div style='margin: 30px 0;'>\n<h3 style='font-size: 18px; text-align: center; margin-bottom: 15px; color: inherit; opacity: 0.8;'>Calibraci\u00f3n del Radar y Vinculo con la PTZ<\/h3>\n<div style='position: relative; padding-bottom: 56.25%; height: 0; overflow: hidden;'> <video style='position: absolute; top: 0; left: 0; width: 100%; height: 100%; border: none;' loop muted controls><source src='https:\/\/ftp3.syscom.mx\/usuarios\/jsosa\/HIKVISION\/specs\/radar\/DSPRI120\/How%20to%20Calibratie%20Radar%20PTZ%20camera.mp4' type='video\/mp4'><\/video> <\/div>\n<\/p><\/div>\n<p> <!-- Imagen final --> <\/p>\n<div style='text-align: center; margin: 30px 0;'> <img style='width: 100%; max-width: 800px; height: auto; border: 1px solid rgba(150&comma;150&comma;150&comma;0.3); border-radius: 8px;' src='https:\/\/ftp3.syscom.mx\/usuarios\/jsosa\/HIKVISION\/imagenes\/banners\/solution%20complete.png' alt='Soluci\u00f3n completa'> <\/div>\n<\/p><\/div>\n","protected":false},"excerpt":{"rendered":"<p>Radar IP Perimetral \/ 120 metros de Distancia \/ 120\u00b0 de Cobertura \/ IP67 \/ IK10 \/ Nema 4X \/ 32 Objetos de Detecci\u00f3n y 16 Zonas  \/ 4 Salidas de Alarma \/ RS-485<\/p>\n","protected":false},"featured_media":493,"comment_status":"open","ping_status":"closed","template":"","meta":[],"product_brand":[],"product_cat":[202],"product_tag":[19,54,203],"class_list":{"0":"post-494","1":"product","2":"type-product","3":"status-publish","4":"has-post-thumbnail","6":"product_cat-movimiento-para-exterior","7":"product_tag-detectores-sensores","8":"product_tag-hikvision","9":"product_tag-movimiento-para-exterior","11":"first","12":"instock","13":"sale","14":"shipping-taxable","15":"purchasable","16":"product-type-simple"},"_links":{"self":[{"href":"https:\/\/soydeaqui.ddns.net\/pachuca\/index.php\/wp-json\/wp\/v2\/product\/494","targetHints":{"allow":["GET"]}}],"collection":[{"href":"https:\/\/soydeaqui.ddns.net\/pachuca\/index.php\/wp-json\/wp\/v2\/product"}],"about":[{"href":"https:\/\/soydeaqui.ddns.net\/pachuca\/index.php\/wp-json\/wp\/v2\/types\/product"}],"replies":[{"embeddable":true,"href":"https:\/\/soydeaqui.ddns.net\/pachuca\/index.php\/wp-json\/wp\/v2\/comments?post=494"}],"wp:featuredmedia":[{"embeddable":true,"href":"https:\/\/soydeaqui.ddns.net\/pachuca\/index.php\/wp-json\/wp\/v2\/media\/493"}],"wp:attachment":[{"href":"https:\/\/soydeaqui.ddns.net\/pachuca\/index.php\/wp-json\/wp\/v2\/media?parent=494"}],"wp:term":[{"taxonomy":"product_brand","embeddable":true,"href":"https:\/\/soydeaqui.ddns.net\/pachuca\/index.php\/wp-json\/wp\/v2\/product_brand?post=494"},{"taxonomy":"product_cat","embeddable":true,"href":"https:\/\/soydeaqui.ddns.net\/pachuca\/index.php\/wp-json\/wp\/v2\/product_cat?post=494"},{"taxonomy":"product_tag","embeddable":true,"href":"https:\/\/soydeaqui.ddns.net\/pachuca\/index.php\/wp-json\/wp\/v2\/product_tag?post=494"}],"curies":[{"name":"wp","href":"https:\/\/api.w.org\/{rel}","templated":true}]}}