{"id":4893,"date":"2026-03-18T06:24:32","date_gmt":"2026-03-18T06:24:32","guid":{"rendered":"https:\/\/soydeaqui.ddns.net\/pachuca\/index.php\/producto\/barrera-fotoelectrica-de-100-metros-con-la-mejor-tecnologia-de-deteccion-de-patrones-para-reducir-falsas-alarmas-alambrico-2-rayos-compatible-con-cualquier-panel-de-alarma\/"},"modified":"2026-03-18T06:24:34","modified_gmt":"2026-03-18T06:24:34","slug":"barrera-fotoelectrica-de-100-metros-con-la-mejor-tecnologia-de-deteccion-de-patrones-para-reducir-falsas-alarmas-alambrico-2-rayos-compatible-con-cualquier-panel-de-alarma","status":"publish","type":"product","link":"https:\/\/soydeaqui.ddns.net\/pachuca\/index.php\/producto\/barrera-fotoelectrica-de-100-metros-con-la-mejor-tecnologia-de-deteccion-de-patrones-para-reducir-falsas-alarmas-alambrico-2-rayos-compatible-con-cualquier-panel-de-alarma\/","title":{"rendered":"Barrera fotoelectrica de 100 metros con la mejor tecnologia de deteccion de patrones para reducir falsas alarmas \/ Al\u00e1mbrico \/ 2 rayos \/ compatible con cualquier panel de alarma"},"content":{"rendered":"<div style='width: 100%; max-width: 1200px; margin: 0 auto; font-family: sans-serif; line-height: 1.6; color: inherit; background-color: transparent;'>\n<div style='display: flex; flex-wrap: wrap; gap: 30px; margin-bottom: 30px;'>\n<div style='flex: 1 1 300px; min-width: 280px;'>\n<h3 style='font-size: 22px; border-bottom: 2px solid currentColor; padding-bottom: 5px; margin-top: 0; color: inherit; opacity: 0.8;'>Caracter\u00edsticas<\/h3>\n<ul style='padding-left: 20px; font-size: 15px; color: inherit; list-style-type: disc;'>\n<li style='margin-bottom: 5px;'>Indicador LED para el nivel de alineaci\u00f3n del haz: La alineaci\u00f3n precisa y confiable se puede lograr f\u00e1cilmente mediante el uso del indicador LED ubicado en el receptor.<\/li>\n<li style='margin-bottom: 5px;'>La l\u00e1mpara indicadora de alarma se encuentra en el extremo frontal de la carcasa interna y en el visor.<\/li>\n<li style='margin-bottom: 5px;'>Ajuste de \u00e1ngulo fino alineado: Al girar el dial&comma; puede lograr ajustes \u00f3pticos verticales y horizontales.<\/li>\n<li style='margin-bottom: 5px;'>Relevador tipo C: Adecuado para diversas aplicaciones.<\/li>\n<li style='margin-bottom: 5px;'>Estructura anticongelante: La cubierta frontal evita que la niebla y la condensaci\u00f3n bloqueen los rayos.<\/li>\n<li style='margin-bottom: 5px;'>Ajuste del tiempo de interrupci\u00f3n del haz: Esta funci\u00f3n le permite seleccionar el tiempo de interrupci\u00f3n del haz adecuado para cualquier entorno.<\/li>\n<li style='margin-bottom: 5px;'>Conector de monitor de nivel de alineaci\u00f3n<\/li>\n<\/ul><\/div>\n<\/p><\/div>\n<\/p><\/div>\n","protected":false},"excerpt":{"rendered":"<p>Barrera fotoelectrica de 100 metros con la mejor tecnologia de deteccion de patrones para reducir falsas alarmas \/ Al\u00e1mbrico \/ 2 rayos \/ compatible con cualquier panel de alarma<\/p>\n","protected":false},"featured_media":4892,"comment_status":"open","ping_status":"closed","template":"","meta":[],"product_brand":[],"product_cat":[232],"product_tag":[19,233,106],"class_list":{"0":"post-4893","1":"product","2":"type-product","3":"status-publish","4":"has-post-thumbnail","6":"product_cat-fotoelectricos-y-microondas","7":"product_tag-detectores-sensores","8":"product_tag-fotoelectricos-y-microondas","9":"product_tag-optex","11":"first","12":"instock","13":"sale","14":"shipping-taxable","15":"purchasable","16":"product-type-simple"},"_links":{"self":[{"href":"https:\/\/soydeaqui.ddns.net\/pachuca\/index.php\/wp-json\/wp\/v2\/product\/4893","targetHints":{"allow":["GET"]}}],"collection":[{"href":"https:\/\/soydeaqui.ddns.net\/pachuca\/index.php\/wp-json\/wp\/v2\/product"}],"about":[{"href":"https:\/\/soydeaqui.ddns.net\/pachuca\/index.php\/wp-json\/wp\/v2\/types\/product"}],"replies":[{"embeddable":true,"href":"https:\/\/soydeaqui.ddns.net\/pachuca\/index.php\/wp-json\/wp\/v2\/comments?post=4893"}],"wp:featuredmedia":[{"embeddable":true,"href":"https:\/\/soydeaqui.ddns.net\/pachuca\/index.php\/wp-json\/wp\/v2\/media\/4892"}],"wp:attachment":[{"href":"https:\/\/soydeaqui.ddns.net\/pachuca\/index.php\/wp-json\/wp\/v2\/media?parent=4893"}],"wp:term":[{"taxonomy":"product_brand","embeddable":true,"href":"https:\/\/soydeaqui.ddns.net\/pachuca\/index.php\/wp-json\/wp\/v2\/product_brand?post=4893"},{"taxonomy":"product_cat","embeddable":true,"href":"https:\/\/soydeaqui.ddns.net\/pachuca\/index.php\/wp-json\/wp\/v2\/product_cat?post=4893"},{"taxonomy":"product_tag","embeddable":true,"href":"https:\/\/soydeaqui.ddns.net\/pachuca\/index.php\/wp-json\/wp\/v2\/product_tag?post=4893"}],"curies":[{"name":"wp","href":"https:\/\/api.w.org\/{rel}","templated":true}]}}