{"id":48893,"date":"2026-03-18T21:53:04","date_gmt":"2026-03-18T21:53:04","guid":{"rendered":"https:\/\/soydeaqui.ddns.net\/pachuca\/index.php\/producto\/kit-de-pararrayo-con-punta-con-diametro-de-proteccion-de-300-metros\/"},"modified":"2026-03-18T21:53:04","modified_gmt":"2026-03-18T21:53:04","slug":"kit-de-pararrayo-con-punta-con-diametro-de-proteccion-de-300-metros","status":"publish","type":"product","link":"https:\/\/soydeaqui.ddns.net\/pachuca\/index.php\/producto\/kit-de-pararrayo-con-punta-con-diametro-de-proteccion-de-300-metros\/","title":{"rendered":"Kit de Pararrayo con Punta con Di\u00e1metro de Protecci\u00f3n de 300 metros."},"content":{"rendered":"<div style='width: 100%; max-width: 1200px; margin: 0 auto; font-family: sans-serif; line-height: 1.6; color: inherit; background-color: transparent;'> <!-- Imagen principal --> <\/p>\n<div style='margin: 30px 0;'> <img style='width: 100%; height: auto; border: 1px solid rgba(150&comma;150&comma;150&comma;0.3); border-radius: 8px;' src='https:\/\/ftp3.syscom.mx\/usuarios\/fotos\/KDALU\/76017-total_ground.jpg' alt=''> <\/div>\n<p> <!-- Descripci\u00f3n principal --> <\/p>\n<div style='margin: 30px 0;'>\n<p style='font-size: 15px; color: inherit;'>El sistema de pararrayos <strong>KDA-05<\/strong> es un sistema de protecci\u00f3n contra tormentas el\u00e9ctricas (SPTE). Sirve para interceptar&comma; conducir y disipar la corriente del rayo y de elementos internos mediante uniones&comma; blindaje y puesta a tierra. El objetivo de un SPTE es reducir el riesgo de da\u00f1o tanto para las personas y otros seres vivos&comma; as\u00ed como estructuras&comma; edificios y su contenido.<\/p>\n<p style='font-size: 15px; color: inherit; color: #c0392b;'><strong>Ofrece 300m de di\u00e1metro de protecci\u00f3n.<\/strong><\/p>\n<\/p><\/div>\n<p> <!-- Componentes incluidos --> <\/p>\n<div style='margin: 30px 0;'>\n<h3 style='font-size: 20px; border-bottom: 2px solid currentColor; padding-bottom: 5px; margin-top: 0; color: inherit; opacity: 0.8;'>Incluye los siguientes componentes:<\/h3>\n<div style='display: grid; grid-template-columns: 1fr; gap: 15px; margin-top: 20px;'>\n<div style='border: 1px solid rgba(150&comma;150&comma;150&comma;0.4); border-radius: 8px; padding: 15px; color: inherit;'>\n<div style='display: flex; justify-content: space-between; align-items: center; margin-bottom: 10px;'> <strong style='color: #2880b9; text-decoration: underline;'>KDA05PUNTA<\/strong> <span>Cantidad: 1<\/span> <\/div>\n<p style='margin: 0; font-size: 14px;'>Punta pararayos KDALU para protecci\u00f3n de 150 m de radio (sin venta individual).<\/p>\n<\/p><\/div>\n<div style='border: 1px solid rgba(150&comma;150&comma;150&comma;0.4); border-radius: 8px; padding: 15px; color: inherit;'>\n<div style='display: flex; justify-content: space-between; align-items: center; margin-bottom: 10px;'> <strong style='color: #2880b9; text-decoration: underline;'>M\u00c1STIL<\/strong> <span>Cantidad: 1<\/span> <\/div>\n<p style='margin: 0; font-size: 14px;'>M\u00e1stil de 1.2 m de longitud y 2&#8242; de di\u00e1metro.<\/p>\n<\/p><\/div>\n<div style='border: 1px solid rgba(150&comma;150&comma;150&comma;0.4); border-radius: 8px; padding: 15px; color: inherit;'>\n<div style='display: flex; justify-content: space-between; align-items: center; margin-bottom: 10px;'> <strong><a style='color: #2880b9; text-decoration: underline;' href='https:\/\/www.syscom.mx\/producto\/TG1000-TOTAL-GROUND-75941.html' target='_blank' rel='noopener'>TG1000<\/a><\/strong> <span>Cantidad: 1<\/span> <\/div>\n<p style='margin: 0; font-size: 14px;'>Electrodo de 1000 A.<\/p>\n<ul style='margin: 10px 0 0 20px; padding: 0; font-size: 14px;'>\n<li style='margin-bottom: 5px;'>8 Sacos de 11 Kg de mejorador de suelo<\/li>\n<li><a style='color: #2880b9; text-decoration: underline;' href='https:\/\/www.syscom.mx\/producto\/H2O-HM-TOTAL-GROUND-75920.html'>H2OHM<\/a><\/li>\n<\/ul><\/div>\n<\/p><\/div>\n<\/p><\/div>\n<p> <!-- Accesorios complementarios --> <\/p>\n<div style='margin: 30px 0;'>\n<h3 style='font-size: 20px; border-bottom: 2px solid currentColor; padding-bottom: 5px; margin-top: 0; color: inherit; opacity: 0.8;'>Accesorios complementarios (No incluido):<\/h3>\n<div style='display: grid; grid-template-columns: 1fr; gap: 15px; margin-top: 20px;'>\n<div style='border: 1px solid rgba(150&comma;150&comma;150&comma;0.4); border-radius: 8px; padding: 15px; color: inherit;'>\n<div style='display: flex; justify-content: space-between; align-items: center; margin-bottom: 10px;'> <strong><a style='color: #2880b9; text-decoration: underline;' href='https:\/\/www.syscom.mx\/producto\/S-1010-TOTAL-GROUND-75930.html' target='_blank' rel='noopener'>S1010<\/a><\/strong> <span>Cantidad: 1<\/span> <\/div>\n<p style='margin: 0; font-size: 14px;'>Registro para electrodo.<\/p>\n<\/p><\/div>\n<div style='border: 1px solid rgba(150&comma;150&comma;150&comma;0.4); border-radius: 8px; padding: 15px; color: inherit;'>\n<div style='display: flex; justify-content: space-between; align-items: center; margin-bottom: 10px;'> <strong><a style='color: #2880b9; text-decoration: underline;' href='https:\/\/www.syscom.mx\/producto\/ANTIOX-TOTAL-GROUND-75931.html' target='_blank' rel='noopener'>ANTIOX<\/a><\/strong> <span>Cantidad: 1<\/span> <\/div>\n<p style='margin: 0; font-size: 14px;'>Spray protector para conectores.<\/p>\n<\/p><\/div>\n<div style='border: 1px solid rgba(150&comma;150&comma;150&comma;0.4); border-radius: 8px; padding: 15px; color: inherit;'>\n<div style='display: flex; justify-content: space-between; align-items: center; margin-bottom: 10px;'> <strong><a style='color: #2880b9; text-decoration: underline;' href='https:\/\/www.syscom.mx\/producto\/TG-CR-14-TOTAL-GROUND-75915.html' target='_blank' rel='noopener'>TGCR14<\/a><\/strong> <span>Cantidad: 5<\/span> <\/div>\n<p style='margin: 0; font-size: 14px;'>Conector de Bronce.<\/p>\n<\/p><\/div>\n<div style='border: 1px solid rgba(150&comma;150&comma;150&comma;0.4); border-radius: 8px; padding: 15px; color: inherit;'>\n<div style='display: flex; justify-content: space-between; align-items: center; margin-bottom: 10px;'> <strong><a style='color: #2880b9; text-decoration: underline;' href='https:\/\/www.syscom.mx\/producto\/TG-AB21-TOTAL-GROUND-75916.html' target='_blank' rel='noopener'>TGAB21<\/a><\/strong> <span>Cantidad: 2<\/span> <\/div>\n<p style='margin: 0; font-size: 14px;'>Conector de varilla.<\/p>\n<\/p><\/div>\n<div style='border: 1px solid rgba(150&comma;150&comma;150&comma;0.4); border-radius: 8px; padding: 15px; color: inherit;'>\n<div style='display: flex; justify-content: space-between; align-items: center; margin-bottom: 10px;'> <strong><a style='color: #2880b9; text-decoration: underline;' href='https:\/\/www.syscom.mx\/producto\/SLY-349-BLK-INDIANA-176869.html' target='_blank' rel='noopener'>SLY349BLK<\/a><\/strong> <span>Cantidad: &#8212;<\/span> <\/div>\n<p style='margin: 0; font-size: 14px;'>Cable de Cobre Recubierto THW-LS Calibre 4\/0 AWG.<\/p>\n<\/p><\/div>\n<div style='border: 1px solid rgba(150&comma;150&comma;150&comma;0.4); border-radius: 8px; padding: 15px; color: inherit;'>\n<div style='display: flex; justify-content: space-between; align-items: center; margin-bottom: 10px;'> <strong> <a style='color: #2880b9; text-decoration: underline;' href='https:\/\/www.syscom.mx\/producto\/SMM-K4-SYSCOM-TOWERS-88255.html' target='_blank' rel='noopener'>SMMK4<\/a> o <a style='color: #2880b9; text-decoration: underline;' href='https:\/\/www.syscom.mx\/producto\/SMM-K4E-SYSCOM-TOWERS-189540.html' target='_blank' rel='noopener'>SMMK4E<\/a> <\/strong> <span>Cantidad: 2<\/span> <\/div>\n<p style='margin: 0; font-size: 14px;'>Herraje Adaptador de M\u00e1stil para Di\u00e1metros desde 3\/4&#8242; hasta 2-1\/4.<\/p>\n<\/p><\/div>\n<div style='border: 1px solid rgba(150&comma;150&comma;150&comma;0.4); border-radius: 8px; padding: 15px; color: inherit;'>\n<div style='display: flex; justify-content: space-between; align-items: center; margin-bottom: 10px;'> <strong><a style='color: #2880b9; text-decoration: underline;' href='https:\/\/www.syscom.mx\/producto\/TG-CDA-TOTAL-GROUND-76233.html' target='_blank' rel='noopener'>TGCDA<\/a><\/strong> <span>Cantidad: 1<\/span> <\/div>\n<p style='margin: 0; font-size: 14px;'>Contador de Descargas Atmosf\u00e9ricas.<\/p>\n<\/p><\/div>\n<div style='border: 1px solid rgba(150&comma;150&comma;150&comma;0.4); border-radius: 8px; padding: 15px; color: inherit;'>\n<div style='display: flex; justify-content: space-between; align-items: center; margin-bottom: 10px;'> <strong> <a style='color: #2880b9; text-decoration: underline;' href='https:\/\/www.syscom.mx\/producto\/TG-AC-TOTAL-GROUND-76016.html' target='_blank' rel='noopener'>TGAC<\/a> o <a style='color: #2880b9; text-decoration: underline;' href='https:\/\/www.syscom.mx\/producto\/TG-AC-114-TOTAL-GROUND-85849.html' target='_blank' rel='noopener'>TGAC114<\/a> <\/strong> <span>Cantidad: &#8212;<\/span> <\/div>\n<p style='margin: 0; font-size: 14px;'>Aislador para cable de bajada.<\/p>\n<\/p><\/div>\n<div style='border: 1px solid rgba(150&comma;150&comma;150&comma;0.4); border-radius: 8px; padding: 15px; color: inherit;'>\n<div style='display: flex; justify-content: space-between; align-items: center; margin-bottom: 10px;'> <strong><a style='color: #2880b9; text-decoration: underline;' href='https:\/\/www.syscom.mx\/producto\/SLMBA8G-SYSCOM-TOWERS-186386.html' target='_blank' rel='noopener'>SLMBA8G<\/a><\/strong> <span>Cantidad: 1<\/span> <\/div>\n<p style='margin: 0; font-size: 14px;'>Base para M\u00e1stil con Ajuste de \u00c1ngulo. Di\u00e1metros de Mastil: 1&#8242; a 2&#8242;<\/p>\n<\/p><\/div>\n<div style='border: 1px solid rgba(150&comma;150&comma;150&comma;0.4); border-radius: 8px; padding: 15px; color: inherit;'>\n<div style='display: flex; justify-content: space-between; align-items: center; margin-bottom: 10px;'> <strong> <a style='color: #2880b9; text-decoration: underline;' href='https:\/\/www.syscom.mx\/producto\/SM-ALU3-SYSCOM-TOWERS-142062.html'>SM-ALU-3<\/a>&comma; <a style='color: #2880b9; text-decoration: underline;' href='https:\/\/www.syscom.mx\/producto\/SM-ALU2-SYSCOM-TOWERS-142216.html'>SM-ALU-2<\/a> o <a style='color: #2880b9; text-decoration: underline;' href='https:\/\/www.syscom.mx\/producto\/SM-ALU-6-SYSCOM-TOWERS-162922.html'>SM-ALU-6<\/a> <\/strong> <span>Cantidad: 1<\/span> <\/div>\n<p style='margin: 0; font-size: 14px;'>M\u00e1stil de Aluminio Natural 2&#8242; de Di\u00e1metro&comma; Calibre 18. Altura: 2&comma; 3 o 6 m.<\/p>\n<\/p><\/div>\n<\/p><\/div>\n<\/p><\/div>\n<p> <!-- Descripci\u00f3n de la punta --> <\/p>\n<div style='margin: 30px 0;'>\n<h3 style='font-size: 20px; border-bottom: 2px solid currentColor; padding-bottom: 5px; margin-top: 0; color: inherit; opacity: 0.8;'>Descripcion de Punta KD05<\/h3>\n<p style='font-size: 14px; color: inherit;'>Punta captadora de rayos y conductora de corriente dise\u00f1ada en aluminio de alta conductividad la que forma parte de un sistema de protecci\u00f3n externo contra tormentas el\u00e9ctricas (SEPTE)&comma; para reducir el riesgo de da\u00f1o que puede provocar un rayo.<\/p>\n<p style='font-size: 14px; color: inherit;'>Busca reducir la incidencia de caida hasta un 95% debido a su funcionamiento magnetoactivo.<\/p>\n<p style='font-size: 14px; color: inherit;'>Se recomienda tomar en cuenta la Norma NMX-J-549-ANCE-2005 que sugiere que un sistema de protecci\u00f3n contra tormentas el\u00e9ctricas (SPTE) debe contar con un sistema interno de protecci\u00f3n contra tormentas el\u00e9ctricas (SIPTE) y otro externo de protecci\u00f3n contra tormentas el\u00e9ctricas (SEPTE).<\/p>\n<p style='font-size: 14px; color: inherit;'>La punta KDA-05 forma parte de la protecci\u00f3n externa&comma; mientras que la parte interna corresponde a los supresores de picos transitorios (SSTT) marca Suprector de TOTAL GROUND.<\/p>\n<\/p><\/div>\n<p> <!-- Imagen detallada --> <\/p>\n<div style='margin: 30px 0;'> <img style='width: 100%; height: auto; border: 1px solid rgba(150&comma;150&comma;150&comma;0.3); border-radius: 8px;' src='https:\/\/ftp3.syscom.mx\/usuarios\/fotos\/KDALU\/76017-kdadetalles.jpg' alt=''> <\/div>\n<p> <!-- V\u00eddeos de webinar --> <\/p>\n<div style='margin: 30px 0;'>\n<h3 style='font-size: 20px; border-bottom: 2px solid currentColor; padding-bottom: 5px; margin-top: 0; color: inherit; opacity: 0.8;'>Webinars Informativos<\/h3>\n<p style='font-size: 14px; color: #2880b9; margin-top: 20px;'><strong><a style='color: #2880b9; text-decoration: underline;' href='https:\/\/www.youtube.com\/watch?v=Vw8lGg4-fQk' target='_blank' rel='noopener'>Curso b\u00e1sico para selecci\u00f3n e implementaci\u00f3n de sistemas de protecci\u00f3n<\/a><\/strong><\/p>\n<div style='position: relative; padding-bottom: 56.25%; height: 0; overflow: hidden; margin: 20px 0;'>   <\/div>\n<p style='font-size: 14px; color: #c0392b;'><strong>WEBINAR 1:<\/strong> B\u00c1SICO DE TIERRAS F\u00cdSICAS Y PARARRAYOS (INICIA EN EL MIN.14).<\/p>\n<div style='position: relative; padding-bottom: 56.25%; height: 0; overflow: hidden; margin: 20px 0;'>   <\/div>\n<p style='font-size: 14px; color: #c0392b;'><strong>WEBINAR 2:<\/strong> INSTALACI\u00d3N DE TIERRAS F\u00cdSICAS Y PARARRAYOS.<\/p>\n<div style='position: relative; padding-bottom: 56.25%; height: 0; overflow: hidden; margin: 20px 0;'>   <\/div>\n<p style='font-size: 14px; color: #c0392b;'><strong>WEBINAR 3:<\/strong> SISTEMAS DE PARARRAYO TOTAL GROUND<\/p>\n<\/p><\/div>\n<p> <!-- Separador final --> <\/p>\n<hr style='border: 0; border-top: 1px solid rgba(150&comma; 150&comma; 150&comma; 0.3); margin: 30px 0;'> <\/div>\n","protected":false},"excerpt":{"rendered":"<p>Kit de Pararrayo con Punta con Di\u00e1metro de Protecci\u00f3n de 300 metros.<\/p>\n","protected":false},"featured_media":48892,"comment_status":"open","ping_status":"closed","template":"","meta":[],"product_brand":[],"product_cat":[1161],"product_tag":[1088,1162,635],"class_list":{"0":"post-48893","1":"product","2":"type-product","3":"status-publish","4":"has-post-thumbnail","6":"product_cat-pararrayos","7":"product_tag-calidad-de-la-energia","8":"product_tag-pararrayos","9":"product_tag-total-ground","11":"first","12":"instock","13":"sale","14":"shipping-taxable","15":"purchasable","16":"product-type-simple"},"_links":{"self":[{"href":"https:\/\/soydeaqui.ddns.net\/pachuca\/index.php\/wp-json\/wp\/v2\/product\/48893","targetHints":{"allow":["GET"]}}],"collection":[{"href":"https:\/\/soydeaqui.ddns.net\/pachuca\/index.php\/wp-json\/wp\/v2\/product"}],"about":[{"href":"https:\/\/soydeaqui.ddns.net\/pachuca\/index.php\/wp-json\/wp\/v2\/types\/product"}],"replies":[{"embeddable":true,"href":"https:\/\/soydeaqui.ddns.net\/pachuca\/index.php\/wp-json\/wp\/v2\/comments?post=48893"}],"wp:featuredmedia":[{"embeddable":true,"href":"https:\/\/soydeaqui.ddns.net\/pachuca\/index.php\/wp-json\/wp\/v2\/media\/48892"}],"wp:attachment":[{"href":"https:\/\/soydeaqui.ddns.net\/pachuca\/index.php\/wp-json\/wp\/v2\/media?parent=48893"}],"wp:term":[{"taxonomy":"product_brand","embeddable":true,"href":"https:\/\/soydeaqui.ddns.net\/pachuca\/index.php\/wp-json\/wp\/v2\/product_brand?post=48893"},{"taxonomy":"product_cat","embeddable":true,"href":"https:\/\/soydeaqui.ddns.net\/pachuca\/index.php\/wp-json\/wp\/v2\/product_cat?post=48893"},{"taxonomy":"product_tag","embeddable":true,"href":"https:\/\/soydeaqui.ddns.net\/pachuca\/index.php\/wp-json\/wp\/v2\/product_tag?post=48893"}],"curies":[{"name":"wp","href":"https:\/\/api.w.org\/{rel}","templated":true}]}}