{"id":48872,"date":"2026-03-18T21:52:27","date_gmt":"2026-03-18T21:52:27","guid":{"rendered":"https:\/\/soydeaqui.ddns.net\/pachuca\/index.php\/producto\/barra-de-union-de-tierra-fisica-para-montaje-en-rack-19\/"},"modified":"2026-03-18T21:52:32","modified_gmt":"2026-03-18T21:52:32","slug":"barra-de-union-de-tierra-fisica-para-montaje-en-rack-19","status":"publish","type":"product","link":"https:\/\/soydeaqui.ddns.net\/pachuca\/index.php\/producto\/barra-de-union-de-tierra-fisica-para-montaje-en-rack-19\/","title":{"rendered":"Barra de Uni\u00f3n de Tierra F\u00edsica para Montaje en Rack 19&#8243;"},"content":{"rendered":"<p style='margin-top: 0px; margin-bottom: 0px; color: #000000; font-family: Arial; line-height: normal;' align='justify'><span style='color: #000000; font-family: Arial; text-align: justify;'><img style='display: block; margin-left: auto; margin-right: auto;' src='data:image\/png;base64&comma;iVBORw0KGgoAAAANSUhEUgAAANQAAABSCAIAAACjVW2KAAAUGUlEQVR4Ae2ceVgTV\/fHM5mERRQQq5Z9C+ACIhDU4gLiVgErCnUHxQUsgghWBaSyWJWqfStKQUGqIk9brRRRUUSlbLIJVHaBAAHCGpJA9sz88wOmzDtF6o+6PDF5Z577mJvkzj3nfM9n7r1zJ0iA8QNXQEoKEKRkFzeLKwDj8OEQSE0BHD6pSY8bxuHDGZCaAjh8UpMeN4zDhzMgNQVw+KQmPW4Yhw9nQGoK4PBJTXrcMA4fzoDUFMDhk5r0uGEcPpwBqSmAwyc16XHDOHw4A1JTAIdPatLjhnH4cAakpgAOn9Skxw3j8OEMSE0BHD6pSY8blg34xGIxh8PBsyVnCsgAfCwWKy4uvq2tTc6kx8P52OFrb2\/38PBMT0\/HUyV\/Cny88PF4vIcPH61atTokJBSCIPmTHo\/oI4Wvq6srPDxCS0tn7VrnlpYWPE9yqcDHCF9bW5uLyzoFBaUZMz4tKSmRS93xoGD4Q\/\/drkQCiUSQRAJLJPAEpk4Oh\/P777\/Pm2dJIBDV1adev34Dn3DlGNMPOPJBEgnzjz9op0+3\/vBDe2Ii45dfeu7fZ+bkcMrLB+vr+XS6sK8PSySD0RkSEjpzpiaBQFRSmhQaGioWi+VYejy0DwifsLu7zMkp39Q038wsf\/bsgjlzCszNn1taFlpbF1Kp5S4uXXfuQCIRkgMajbZ06TIFBSUCgQgA4Oefr8X3VuSezg8Fn6i\/v9bXN49CGVMK5sx5sXp1U1QUr7kZEZfD4dy8eVNf35BAICJFT88gNzfvb9JLJK0xMRUbNoxbqr28Bl6+5PP5mZmPt23bbmu7wNraBi22tgt8fQ80NDTAEMTMyXm5efO4nfzp5tb5888wDAsEgsTERCsra2tr6o8\/xkkkEtQTLpf7zTcnqNQFkZGR2M\/RBuNWxAMD3amp1fv2Vbi6Vqxfjy1\/urrSTp8W8\/mxsT8iFlG3ra2p1tY29vbLExISuVwuBEHNzc1nzpxZsmTpaJvhBtbWNkuWLLty5QqbzYZhODg42MaGevXqVawnubm5K1euXr7csbq6+urVJBsbW0fHFffvP8C2+e23OwsWLPT03MnlcmNiLo5q+JeJEUNUKtXW1\/dAbW0t9sR3qX8Q+CQ8Xsv58\/mzZmHJy58168Xnn7fGxAxUVaEDXltbW1DQYWSqRchTVVW\/ejVpTGr5DEbFxo0ly5aNW14dPSpgsa5evfrpp1okksKMGTN1dHSRoqWlTSYrEomkL7\/cxOvro506VeLgMG4nf27aNPDyJQRBf\/yRY2Y2G3HGwWH5wMAAqi+DwVixYiWBQPz++\/+gH765AonFHUlJ5U5Opfb2r5eyNWvYL17w+XxfX78ZMz4dU9TVNQAA1NMzKC8v7+7u3rZtu6KisrKyirY2Ep2erq6emtpUAAA1NbUyMh6KxWJLSysQJGPBgiDoypUEFZUpOjq67e3tu3fvQeaW+fOtqqurUeeDgg4TCMQ9e\/ZyOJyDBwN0dPT+XnRnzNAkEkkkkoK3tw961jtWPgB8ENTz4EHRggVY8krs7dsuXxZ2dUFCIeIxBEHFxcU2NrZksiI65pFIimFhYaLRuRiNTcLn8zs6\/qmI2Ozm5ub5861JJIVdu7yqqqpomOOrr3xBkKylpdPf1yfs6fmnToQ9PdDIQ7w1a9YCAEilLiCTFVVV1bC323V1daamswAAfP78OerbmyuQRCLs7v4no4LOTkgigSCoo4Px6lUDtjQ0NBQWFmpqaikrq2RkZNy+\/dukSZOnT59579690eCam5ubHzzIUFZWIZOV4uLi6XS6urqGmppGUxMN9UooFIaGHgdBBXt7h56eHkfHlQQCiPBnaTm\/o6MDaenouIJAICYlDV\/2XV1dIyaaaTS00OrrX23atBkAwMWLl6Kdv2Pl\/cPHbWz8080NIa9g7twXq1Y1R0fzaLThG97RY2BgICUlhUIxBYBhIZBCJJLWrnVub28fbTX+a2Fh4YMHD8asCB8\/fjxzpqa6ukZOTs6Y0y5ciCGTFRcuXCQQCNCvaLTmhw8f5ebmYj\/k8XjHjh1DGre3t8+dawEA4MGDAegdd05OrpraVA2Nad3d3WhXb6hAEFRbW5uWlpad\/Ydw9KpjMpmPHj1KTf0dKZWVVVwut7Gxsb7+VXd3d11dfe1fR92dO3dUVdUpFJOampoDB\/wBAHx91Ono6NDQ+GTyZNVbt25nZmaSyYqWlla9vb2oVywWa8uWrQAABgYG1dbWmpvPI5EUFi2ymzJFDQDA3bv39vb2Dg4O6ukZKCoqv3jxgsViZWdnP36chVUG6S0yMgoAwPXrXdHO37HynuETDw7W+fkhNxnlX3zRFh\/Pra8f42JdXZ2fn7+6ugaKHVIxNjbJzv4DzfSYs5C3IpHIwmIemayYmZmJNoAgKCEhcWRm0WMwGOjnSOWrr3wBAPT390d7FolE4eERiorKS5Ys6+\/vR3tOSEhUUppkYGCUkZEBw3BQ0GEQJGtr66LDQ2JiIoIm2tUYW2Pe8ni8gIBDZLKik5Mzl8uFYVgikSQl\/aSurkEkkohEEgiSY2Njnz3LtrGxNTe3uHv3rqPjCn19Q319QwMDo8mTVdXVNc6ciebxeAsXLiKTFRMSEsaYyM\/PJ5MVkVVyeHgEAIDu7l9ilwodHR0LF35GJJJu3\/7tyZMn2tq6kyerpqene3vvBwBQVVU9Ovq7srIyJaVJenoGnZ2dmZmZU6dO09TUxnYytJoUi8XOzi5EIikkJGSMD2\/99n3CB4lEzefPF8ye\/WLlSkZyMp\/BQNd2qH95eXl2dotJJIUx5JFICjdv3vx\/91ZaW1vV1KZOmza9paUV7VMgEISEhIIgedEiuzE9iMXiZcvsQZCckpKCtudwOJ6eOwEA3LNnL7K4hCAoLy\/PzGw2iaQQFXVyaN3DZrN\/\/fXW1KnTAAC8fv06cq6\/\/0FkLES7enOlp6fH1XUDMuoghsRicVlZ2S+\/\/JqYmDht2nQlpUmlpaWXL18hkxX19Q17e3vPnj2HrEMMDIy2b99x7949DmeAyWRqaHyipjb12bPsMRYvX75CIBBtbKhVVdVr1zqDIPno0WPYQauyslJLS0dVVb2uru6nn65NmaKmp2fQ0dHBYDA++8wOAMDp02du3boNBMkrVqxksVgXLsSAINnBwXHMBcZkMnV19SdNmnzjRvIYH9767XuDb3hX79mzl5s2tcbECBgM7AYe4tzQoJWamkqhmJLJigBAwsAHKigoHToUOJEY0tPTSSQFa2ubvr4+tP3g4KCPz\/B1bGo6q6ioqG70qKmpiY+\/rKysoqmpXY8ZgNvb2+3tHQgEYkzMRaST3t5eV9cNIEh2chp+muft7T1t2nR1dQ0QJBMIRHf3TYODg2Kx2N7egUgkR0WdHLXw1yudTkedwVZaWlqWLFlGIBBdXTdWVFRgz7p27ZqCgpKBgRGLxTp2LHikzQYIgjgcjpubO5FI0tXVz8vLQwiorq4GQbKyssr33\/8H20lOTq6DgyOBQNy6dXtHR4elpRUAgG5u7qitysrKvXu9QZBsZ7eEzWZHRESSSAoODst5PB4Mw3Q63dx8HrLyAQCSj89+Lpe7a5cXgUD08tqNNVRZWYkMq4aGxhNf72KlGLf+3uDjNjU1R0d33b7Nra8XMBjigQFIIBh+tjF6jPxQ4GFi4tXTp88EBR328PB0dnahUhcYG5ts3Og+Zg03etLfXiEICg4OAQBwy5Yt2ElBKBRGR0crK6sQiaSZMzVH5ixDAwNDXV19JaVJU6aoHj8ehi65YBiuqakxMqIQiaSioiIYhvl8flhYmKKiMpW6oKGhgUZrPn48bN8+7337vBcuXAQA4KxZc8rKyrq7u7W1dQEAnDHjUwOD4f6RYmREOX36zN8cHX3DZDI9PXeCIHloxtTS0kFP0dc3VFVVV1VVP3nyWz6fv27degKBeP78eeS81tZWO7slAABaWFgWFxdDENTf34\/c6EyerIpGp69vOH36TBJJwdDQ+NmzbIFAsGfPXiKRRCYr6ujoIba0tXVAkKyrq3\/r1u3BwUEPD08AAIOCDqOj2t27dw0NjQkEooKCcnR0NIfDsbVdMHRZTp2qYWBghDqso6OnpDRJWVklODjkPf6w8v3AJxEI6gMDC62tixYtKnVwKHd2rtyxo9bfvzk6uiM5WTS6rkLElUgkQqGQw+H09vYOiRsaery0tBSVYzRx47wKhcKdO3eZmJieO3cOCxMMw21tbYcOHaJQTJAFE7psolJtL126hB0mYRguLCycN8\/SysqaxWLBMJyRkWFuPs\/amoos9cRiMY\/H444c6enpZmazLSwsb926XV5ebmY228iIMqbY2S3G3hFj\/YYg6OXLl5s2bTYyomAd09c3pFJtY2NjmUwmm81es+ZzCsUU28mTJ09sbRcaG5t4eHh2dXXBMJyVlbVq1WoDAyNsP6amszw8PMvKypA5vaOjY\/fuPaams9A2BgZGLi7r0tPT+Xw+i8Vyd\/\/S2Njk3r17qJMCgeDixUsUiqmlpVVaWhqDwbCyskFPRyuGhsaLFy+Nj7+MLpHRHt6l8h7gg0Qienx8gZkZdm9luG5iUrx4cXtSEvY+F\/FVKBQ2NTWdPXuWQjGNi4sfs6v3hnj4fD6Xy319LwaGYQiCEGKw\/6KrH8nIjgbSs0Qi4XK5yNQDw7BQKORyuXw+\/\/ULQCKRICCKRCLkLGznSH3cE7EhjHsi6hgMw4gJrHUIgpBIeTweKg7iJ9YB7LdoaOiVg7REtUL7RDtET0HUQCTC9o+tj7nasQG+df1d4YPE4t7Hjwup1LHkmZq+3LyZmZ2NbuwhLopEorKyssjIqPnzrZWVVY4cOcrn8yfivVgsLikpQfbx0fZ0Ov23kaOg4Dl2IkYa9PX1IWMbBEF37qS+PrPT6fSmpiYYhvv6+u7evZufn48lALWCVz6QAu8K3\/Cunrt7nokJFr7n8+bRvv1W0N6OHfOQB0RBQYcpFFMFBSUikbRu3RfInDKR2Orq6lasWJWZmfn4cdbhw4eTk29CEHTjxo2hnc\/IyMigoMP3798PDT2ekZFRWVn59ddHf\/75Zz8\/\/8DAwKSkpJiYmD179hYUFERERDx8+LCuri4iIvLkyW9jY2Nv3brNZrN37PA8fjzM2dmlsLDw1KnTly7F1tTUhIaGnjp1KijocFZWVlxcXEBAQGlp6YMHD0JCQmNiYhITEwMDg7Kyska261ILCgomEgXeBqvAO8EHCYUNwcH5WPJGplpGcrIEM54hk2x4eMQnn8xAttcJBKKJiVlOTi7WlTfUIQg6d+7c3LkW4eHhR44c9fPzX7\/eVSAQREREWlpaubis27fPm0q1dXNz37Bho5OTS0pKSlTUyc2bt+bk5Hh4eKakpCxduiw4OCQ8POLIkaO+vgdCQkKXLbP39z+Yk5P79OnTVatW9\/f3Z2VlBQYGff31kY0b3SMjI7\/4Yv26deu9vX08PXfu2uWF0Ll\/\/1dRUScdHJZ7ee328dnv5+e\/c+cuR8eVnZ2db\/Af\/2pcBd4ePolA0JaQUDB3LjrmFcydW7VrV39BAbq9x+PxiouLv\/nmhLm5BXZvT1lZJS4uHl2OjOsZ9sOurq7t23ds3brN03Pn0aPHEhISIiOjkMf8Pj77o6O\/O3EifMuWrV5euxMTEw8c8I+KOpmcfPPAAf\/s7OywsG9yc3MPHgwY2sALCDiUmpp67Fiwt7ePv\/9BX98DNBqtoaHB1XXDsWPBQzv4kZFRPj77T5w4MbQNfuFCzIULMeHhEaGhxzdudPPz87948VJAwKG9e\/cdPBhw9uzZ6Ojvrl275uW1+8KFGKy3eH2CCrw9fH2PHhXZ2qLDXoGFBe30aT7m4VhTU1NAwCFT01nYp7cEAhEEyUFBh5Ed\/wl6OTAwQKPR+vr66urqmppoXV1dnZ2dYrG4paWloqKivv5VZ2dnS0tLeXkFm82m0+nl5eUsFquxsXHoBrC9vZ3NZre1tXV1dVVVVQ0ODjIYjMrKytbW1qamJpFIhKwHKir+7O\/vZzKZpaWlnZ2djY2NXSMHjUZLS0tLSEiorq7mcrlNTU1VVVV0Op3BYNDp9La2tnPnzre2\/nfHe4IR4c3e\/pfM3IaGclfXPAplGD4Tk2I7u+Ef54389lMoFL569erIkaMqKlMwO8l\/PcAFANDJyfn1mwM8Gf+DCrzNyCfh84eXeiO\/mHpuYVG9bx+nogJ9pFFWVhYQcGjlylWffWZnbm5haGikqamtofGJisoUMllx9uy5OTk5+E3l\/yBqr4f8r+GDJJK2+PgCC4s8CuW5hUXLDz+MeZg29LCru7t76O9tm5uba2pqysrKi4qKsrOz09LSrl27\/vTp0w+xY\/R6YPgnH78C\/xK+kR8DD99kmJqW2NsPb+NN4M+CPn4VcA+losC\/g49bX1\/h5pY\/Z06dv\/9gdTU61UrFddyorCvwL+CT8HgNISElS5e2\/\/STsLsbJ0\/Wcy91\/ycKHwRBjOTk8nXr2MXFUncad0A+FJgQfJBYzC4ubgwLG6yvxwc8+Uj8xxDFhOATMZnskhIx\/j\/kfQwZkyMfJgTf8GiH39XKUdY\/klAmBt9H4izuhnwpgMMnX\/mUqWhw+GQqXfLlLA6ffOVTpqLB4ZOpdMmXszh88pVPmYoGh0+m0iVfzuLwyVc+ZSoaHD6ZSpd8OYvDJ1\/5lKlocPhkKl3y5SwOn3zlU6aiweGTqXTJl7M4fPKVT5mKBodPptIlX87i8MlXPmUqGhw+mUqXfDmLwydf+ZSpaHD4ZCpd8uUsDp985VOmosHhk6l0yZezOHzylU+ZigaHT6bSJV\/O4vDJVz5lKhocPplKl3w5i8MnX\/mUqWhw+GQqXfLlLA6ffOVTpqL5P1KDuixIVV1SAAAAAElFTkSuQmCC' alt='' \/> <\/p>\n<p> <\/span><\/p>\n<p><strong>Barra uni\u00f3n montable en rack.<\/strong><br \/>Son el m\u00e9todo de empalme permitido&comma; cuando es imposible mantener un s\u00f3lo tramo continuo de conductor. Tambi\u00e9n es utilizado para la distribuci\u00f3n de las diferentes redes de tierra f\u00edsica en un edificio.<br \/>Su funci\u00f3n es distribuir los hilos de tierra tanto de manera directa a los equipos a proteger o bien<br \/>mediante la utilizaci\u00f3n de acopladores secundarios.<br \/>Asegura la continuidad el\u00e9ctrica y la capacidad de conducir corriente<br \/>Est\u00e1n dise\u00f1ada para cubrir las necesidades del mercado el\u00e9ctrico y de telecomunicaciones. <br \/>Permite que la conexi\u00f3n sea segura&comma; duradera&comma; confiable y evita las uniones de cables con cinta aislante&comma; capuchones o termocontr\u00e1ctiles&comma; que no son ni seguros ni duraderos.<br \/>Es un elemento b\u00e1sico en la infraestructura de cualquier edificio moderno.<\/p>\n<p><strong>Aplicaciones:<\/strong><\/p>\n<ul>\n<li style='margin-top: 0px; margin-bottom: 0px; color: #000000; font-family: Arial; line-height: normal;'>Distribuci\u00f3n El\u00e9ctrica.<\/li>\n<li style='margin-top: 0px; margin-bottom: 0px; color: #000000; font-family: Arial; line-height: normal;'>Distribuci\u00f3n de sistemas de Puesta a Tierra.<\/li>\n<li style='margin-top: 0px; margin-bottom: 0px; color: #000000; font-family: Arial; line-height: normal;'>Barras Uni\u00f3n para Telecomunicaciones.<\/li>\n<li style='margin-top: 0px; margin-bottom: 0px; color: #000000; font-family: Arial; line-height: normal;'>Telecomumunications<\/li>\n<li style='margin-top: 0px; margin-bottom: 0px; color: #000000; font-family: Arial; line-height: normal;'>Main Grounding Busbar (TMGB)<\/li>\n<li style='margin-top: 0px; margin-bottom: 0px; color: #000000; font-family: Arial; line-height: normal;'>Telecomumunications Grounding Busbar (TGB).<\/li>\n<li style='margin-top: 0px; margin-bottom: 0px; color: #000000; font-family: Arial; line-height: normal;'>Telefon\u00eda.<\/li>\n<li style='margin-top: 0px; margin-bottom: 0px; color: #000000; font-family: Arial; line-height: normal;'>Circuito Cerrado de Televisi\u00f3n.<\/li>\n<li style='margin-top: 0px; margin-bottom: 0px; color: #000000; font-family: Arial; line-height: normal;'>Edificios Comerciales.<\/li>\n<li style='margin-top: 0px; margin-bottom: 0px; color: #000000; font-family: Arial; line-height: normal;'>Industria en general.<\/li>\n<\/ul>\n<p style='margin-top: 0px; margin-bottom: 0px; color: #000000; font-family: Arial; line-height: normal;' align='justify'><strong style='color: #000000; font-family: Arial; text-align: justify;'>Caracter\u00edsticas:<\/strong><\/p>\n<ul>\n<li style='margin-top: 0px; margin-bottom: 0px; color: #000000; font-family: Arial; line-height: normal;'>Dimensiones: 489.6 x 25.4 mm (Largo x Ancho)<\/li>\n<li style='margin-top: 0px; margin-bottom: 0px; color: #000000; font-family: Arial; line-height: normal;'>Amperaje: 550 A.<\/li>\n<li style='margin-top: 0px; margin-bottom: 0px; color: #000000; font-family: Arial; line-height: normal;'>Espesor: 1\/4&#8242; (6.35 mm)<\/li>\n<li style='margin-top: 0px; margin-bottom: 0px; color: #000000; font-family: Arial; line-height: normal;'>Perforaciones: 20 orificios para conector 3\/16&#8242;.<\/li>\n<li style='margin-top: 0px; margin-bottom: 0px; color: #000000; font-family: Arial; line-height: normal;'>Torniller\u00eda: 20 tornillos 3\/16&#8242; x 3\/4&#8242; con arandela y tuerca.<\/li>\n<\/ul>\n<div style='margin-top: 0px; margin-bottom: 0px; color: #000000; font-family: Arial; line-height: normal;'> <\/div>\n<div style='margin-top: 0px; margin-bottom: 0px; color: #000000; font-family: Arial; line-height: normal;'><img style='width: 373px; height: 109px;' src='https:\/\/ftp3.syscom.mx\/usuarios\/fotos\/TGBUERACK\/75932-garantia_10_a\u00f1os.png' alt='' \/><\/p>\n<p><\/div>\n","protected":false},"excerpt":{"rendered":"<p>Barra de Uni\u00f3n de Tierra F\u00edsica para Montaje en Rack 19&#8243;<\/p>\n","protected":false},"featured_media":48871,"comment_status":"open","ping_status":"closed","template":"","meta":[],"product_brand":[],"product_cat":[633],"product_tag":[634,605,635],"class_list":{"0":"post-48872","1":"product","2":"type-product","3":"status-publish","4":"has-post-thumbnail","6":"product_cat-accesorios-para-rack-gabinetes","7":"product_tag-accesorios-para-rack-gabinetes","8":"product_tag-racks-y-gabinetes","9":"product_tag-total-ground","11":"first","12":"instock","13":"sale","14":"shipping-taxable","15":"purchasable","16":"product-type-simple"},"_links":{"self":[{"href":"https:\/\/soydeaqui.ddns.net\/pachuca\/index.php\/wp-json\/wp\/v2\/product\/48872","targetHints":{"allow":["GET"]}}],"collection":[{"href":"https:\/\/soydeaqui.ddns.net\/pachuca\/index.php\/wp-json\/wp\/v2\/product"}],"about":[{"href":"https:\/\/soydeaqui.ddns.net\/pachuca\/index.php\/wp-json\/wp\/v2\/types\/product"}],"replies":[{"embeddable":true,"href":"https:\/\/soydeaqui.ddns.net\/pachuca\/index.php\/wp-json\/wp\/v2\/comments?post=48872"}],"wp:featuredmedia":[{"embeddable":true,"href":"https:\/\/soydeaqui.ddns.net\/pachuca\/index.php\/wp-json\/wp\/v2\/media\/48871"}],"wp:attachment":[{"href":"https:\/\/soydeaqui.ddns.net\/pachuca\/index.php\/wp-json\/wp\/v2\/media?parent=48872"}],"wp:term":[{"taxonomy":"product_brand","embeddable":true,"href":"https:\/\/soydeaqui.ddns.net\/pachuca\/index.php\/wp-json\/wp\/v2\/product_brand?post=48872"},{"taxonomy":"product_cat","embeddable":true,"href":"https:\/\/soydeaqui.ddns.net\/pachuca\/index.php\/wp-json\/wp\/v2\/product_cat?post=48872"},{"taxonomy":"product_tag","embeddable":true,"href":"https:\/\/soydeaqui.ddns.net\/pachuca\/index.php\/wp-json\/wp\/v2\/product_tag?post=48872"}],"curies":[{"name":"wp","href":"https:\/\/api.w.org\/{rel}","templated":true}]}}