{"id":4884,"date":"2026-03-18T06:24:25","date_gmt":"2026-03-18T06:24:25","guid":{"rendered":"https:\/\/soydeaqui.ddns.net\/pachuca\/index.php\/producto\/kit-de-inicio-para-alarma-vecinal-con-boton-de-largo-alcance\/"},"modified":"2026-03-18T06:24:26","modified_gmt":"2026-03-18T06:24:26","slug":"kit-de-inicio-para-alarma-vecinal-con-boton-de-largo-alcance","status":"publish","type":"product","link":"https:\/\/soydeaqui.ddns.net\/pachuca\/index.php\/producto\/kit-de-inicio-para-alarma-vecinal-con-boton-de-largo-alcance\/","title":{"rendered":"Kit de Inicio para Alarma Vecinal con bot\u00f3n de Largo Alcance"},"content":{"rendered":"<div style='width: 100%; max-width: 1200px; margin: 0 auto; font-family: sans-serif; line-height: 1.6; color: inherit; background-color: transparent;'>\n<div style='display: flex; flex-wrap: wrap; gap: 30px; margin-bottom: 30px;'>\n<div style='flex: 1 1 300px; min-width: 280px;'>\n<div style='display: grid; gap: 20px;'>\n<div style='width: 100%;'> <a href='https:\/\/drive.google.com\/file\/d\/14O-XtxLv9NWbfPq4gAVaYqBriV4eYVuZ\/view' target='_blank' rel='noopener'> <img style='width: 100%; height: auto; border: 1px solid rgba(150&comma;150&comma;150&comma;0.3); border-radius: 8px;' src='http:\/\/ftp3.syscom.mx\/usuarios\/ftp\/recursos\/honeywell-bnr.jpg' alt='Banner Honeywell'> <\/a> <\/div>\n<div style='width: 100%;'> <a href='singlepage\/monitoreo-3g-4g' target='_blank' rel='noopener'> <img style='width: 100%; height: auto; border: 1px solid rgba(150&comma;150&comma;150&comma;0.3); border-radius: 8px;' src='http:\/\/ftp3.syscom.mx\/usuarios\/ftp\/recursos\/monitoreo.png' alt='Monitoreo 3G\/4G'> <\/a> <\/div>\n<\/p><\/div>\n<\/p><\/div>\n<div style='flex: 1 1 300px; min-width: 280px;'>\n<p>Este kit de Alarma Vecinal permite agregar hasta 40 botones inalambricos modelo TURBOPANIC1 o 5800WXT&comma; con la finalidad de poder cubrir una area bastate grande&comma; tambien se pueden agregar repetidores 5800RP para asegurar la comunicacion entre los botones de panico y el sistema de alarma.<\/p>\n<p><strong>Incluye:<\/strong><\/p>\n<ul style='padding-left: 20px; font-size: 15px; color: inherit;'>\n<li style='margin-bottom: 5px;'>Panel de alarma con teclado alfanumerico VISTA48\/6160RF<\/li>\n<li style='margin-bottom: 5px;'>Transformador de 16Vca RT1640LS<\/li>\n<li style='margin-bottom: 5px;'>Bateria de 4Ah PL4.512<\/li>\n<li style='margin-bottom: 5px;'>Receptor inalambrico 5881ENH<\/li>\n<li style='margin-bottom: 5px;'>Gabinete de plastico para exterior TXG0138<\/li>\n<li style='margin-bottom: 5px;'>Contacto magentico inalambrico 5816<\/li>\n<li style='margin-bottom: 5px;'>Bot\u00f3n de emergencia SS075CQ<\/li>\n<li style='margin-bottom: 5px;'>Sirena de 30 Watts SF581A<\/li>\n<li style='margin-bottom: 5px;'>Gabinete para sirena de 30 Watts IMP30V3<\/li>\n<li style='margin-bottom: 5px;'>Tamper SFTAMP01<\/li>\n<\/ul>\n<p>Para m\u00e1s informaci\u00f3n consulte al departamento de Ingenier\u00eda de Syscom<\/p>\n<\/p><\/div>\n<\/p><\/div>\n<\/p><\/div>\n","protected":false},"excerpt":{"rendered":"<p>Kit de Inicio para Alarma Vecinal con bot\u00f3n de Largo Alcance<\/p>\n","protected":false},"featured_media":4883,"comment_status":"open","ping_status":"closed","template":"","meta":[],"product_brand":[],"product_cat":[60],"product_tag":[209,61,62],"class_list":{"0":"post-4884","1":"product","2":"type-product","3":"status-publish","4":"has-post-thumbnail","6":"product_cat-todos","7":"product_tag-honeywell","8":"product_tag-paneles-de-alarma","9":"product_tag-todos","11":"first","12":"instock","13":"sale","14":"shipping-taxable","15":"purchasable","16":"product-type-simple"},"_links":{"self":[{"href":"https:\/\/soydeaqui.ddns.net\/pachuca\/index.php\/wp-json\/wp\/v2\/product\/4884","targetHints":{"allow":["GET"]}}],"collection":[{"href":"https:\/\/soydeaqui.ddns.net\/pachuca\/index.php\/wp-json\/wp\/v2\/product"}],"about":[{"href":"https:\/\/soydeaqui.ddns.net\/pachuca\/index.php\/wp-json\/wp\/v2\/types\/product"}],"replies":[{"embeddable":true,"href":"https:\/\/soydeaqui.ddns.net\/pachuca\/index.php\/wp-json\/wp\/v2\/comments?post=4884"}],"wp:featuredmedia":[{"embeddable":true,"href":"https:\/\/soydeaqui.ddns.net\/pachuca\/index.php\/wp-json\/wp\/v2\/media\/4883"}],"wp:attachment":[{"href":"https:\/\/soydeaqui.ddns.net\/pachuca\/index.php\/wp-json\/wp\/v2\/media?parent=4884"}],"wp:term":[{"taxonomy":"product_brand","embeddable":true,"href":"https:\/\/soydeaqui.ddns.net\/pachuca\/index.php\/wp-json\/wp\/v2\/product_brand?post=4884"},{"taxonomy":"product_cat","embeddable":true,"href":"https:\/\/soydeaqui.ddns.net\/pachuca\/index.php\/wp-json\/wp\/v2\/product_cat?post=4884"},{"taxonomy":"product_tag","embeddable":true,"href":"https:\/\/soydeaqui.ddns.net\/pachuca\/index.php\/wp-json\/wp\/v2\/product_tag?post=4884"}],"curies":[{"name":"wp","href":"https:\/\/api.w.org\/{rel}","templated":true}]}}