{"id":4881,"date":"2026-03-18T06:24:20","date_gmt":"2026-03-18T06:24:20","guid":{"rendered":"https:\/\/soydeaqui.ddns.net\/pachuca\/index.php\/producto\/escalera-de-extension-de-aluminio-fibra-de-vidrio-hasta-7-31-m-la-mas-liviana-del-mundo-no-parte-18724\/"},"modified":"2026-03-18T06:24:22","modified_gmt":"2026-03-18T06:24:22","slug":"escalera-de-extension-de-aluminio-fibra-de-vidrio-hasta-7-31-m-la-mas-liviana-del-mundo-no-parte-18724","status":"publish","type":"product","link":"https:\/\/soydeaqui.ddns.net\/pachuca\/index.php\/producto\/escalera-de-extension-de-aluminio-fibra-de-vidrio-hasta-7-31-m-la-mas-liviana-del-mundo-no-parte-18724\/","title":{"rendered":"Escalera de Extensi\u00f3n de Aluminio + Fibra de Vidrio Hasta 7.31 m. !La M\u00e1s Liviana del Mundo! (No. Parte: 18724)"},"content":{"rendered":"<div style='width: 100%; max-width: 1200px; margin: 0 auto; font-family: sans-serif; line-height: 1.6; color: inherit; background-color: transparent;'>\n<div style='display: flex; flex-wrap: wrap; gap: 30px; margin-bottom: 30px;'>\n<div style='flex: 1 1 300px; min-width: 280px;'>\n<h3 style='font-size: 22px; border-bottom: 2px solid currentColor; padding-bottom: 5px; margin-top: 0; color: inherit; opacity: 0.8;'>Caracter\u00edsticas<\/h3>\n<ul style='padding-left: 20px; font-size: 15px; color: inherit;'>\n<li style='margin-bottom: 5px;'><strong>Capacidad de carga:<\/strong> 300 lb (136 Kg)<\/li>\n<li style='margin-bottom: 5px;'><strong>Peso del producto:<\/strong> 44 lb (20 Kg)<\/li>\n<li style='margin-bottom: 5px;'><strong>Altura m\u00e1xima:<\/strong> 24 pies (7.315 m)<\/li>\n<li style='margin-bottom: 5px;'><strong>Modelo de proveedor:<\/strong> 18724<\/li>\n<\/ul><\/div>\n<\/p><\/div>\n<div style='display: flex; flex-wrap: wrap; gap: 30px; margin-bottom: 30px;'>\n<div style='flex: 1 1 300px; min-width: 280px;'>\n<h3 style='font-size: 22px; border-bottom: 2px solid currentColor; padding-bottom: 5px; margin-top: 0; color: inherit; opacity: 0.8;'>Datos importantes l\u00ednea HYPERLITE<\/h3>\n<p style='font-size: 15px; color: inherit;'>Las escaleras de extensi\u00f3n ordinarias son pesadas; y siempre lo han sido&comma; la principal causa de lesi\u00f3n en la escalera de extensi\u00f3n est\u00e1 relacionada con el peso de la escalera&comma; que a menudo resulta en desgarro de los manguitos rotadores&comma; hernias discales&comma; esguinces de tobillo y desgarros de los ligamentos de la rodilla al cargar y descargar o llevar escaleras de extensi\u00f3n tradicionales pesadas. Estas lesiones simplemente han sido parte del uso de escaleras de extensi\u00f3n&comma; hasta ahora.<\/p>\n<p style='font-size: 15px; color: inherit;'>La escalera de extensi\u00f3n Little Giant\u00ae HyperLite \u2122 es la escalera de extensi\u00f3n de fibra de vidrio tipo IA m\u00e1s ligera del mundo&comma; sin excepci\u00f3n. HyperLite&comma; pesa hasta un 40 por ciento menos que la escalera est\u00e1ndar de fibra de vidrio de la competencia sin sacrificar la resistencia y la estabilidad. Los escalones anchos del HyperLite brindan una gran comodidad&comma; reducen la fatiga del pie y son muy f\u00e1ciles de reemplazar. Tambi\u00e9n cuenta con el exclusivo sistema de doble polea montado en el lateral de Little Giant&comma; que reduce el esfuerzo requerido para levantar la secci\u00f3n de la mosca en un 45% y elimina un posible riesgo de tropiezo causado por los sistemas tradicionales de cable de polea central. El pie Sure-Set le permite colocar los pies en posici\u00f3n plana o en punta y mantenerlos en su lugar.<\/p>\n<p style='font-size: 15px; color: inherit;'>El riel verde hi-viz de Little Giant es uno de los tonos de color m\u00e1s f\u00e1ciles de detectar para el ojo humano. \u00bfPor qu\u00e9 una escalera debe ser hi-viz? Algunas de las ca\u00eddas m\u00e1s catastr\u00f3ficas son causadas por personas que caminan o conducen hacia una escalera de extensi\u00f3n en uso.<\/p>\n<\/p><\/div>\n<\/p><\/div>\n<div style='display: flex; flex-wrap: wrap; gap: 20px; margin-bottom: 30px;'>\n<div style='flex: 1 1 250px; border: 1px solid rgba(150&comma; 150&comma; 150&comma; 0.4); border-radius: 8px; overflow: hidden; display: flex; flex-direction: column;'>\n<div style='padding: 15px; border-bottom: 1px solid rgba(150&comma; 150&comma; 150&comma; 0.2); font-weight: bold; font-size: 18px; color: inherit;'>Especificaciones<\/div>\n<div style='padding: 15px; color: inherit;'>\n<ul style='padding-left: 20px; margin: 0; font-size: 14px; list-style-type: disc;'>\n<li style='margin-bottom: 5px;'><strong>Trabajo pesado Tipo IA:<\/strong> 300lbs (136.078Kg)<\/li>\n<li style='margin-bottom: 5px;'><strong>Altura m\u00e1xima:<\/strong> 24pies (7.3152mts)<\/li>\n<li style='margin-bottom: 5px;'><strong>Peso de la escalera sin embalaje:<\/strong> 52 libras (23.5 kg)<\/li>\n<\/ul><\/div>\n<\/p><\/div>\n<\/p><\/div>\n<div style='display: flex; flex-wrap: wrap; gap: 30px; margin-bottom: 30px;'>\n<div style='flex: 1 1 100%;'>\n<p style='font-size: 15px; color: inherit;'>* Seg\u00fan las pruebas realizadas en un laboratorio de pruebas controlado por ANSI.<\/p>\n<h2 style='font-size: 20px; margin-top: 0; color: inherit;'><strong>Una Escalera de extensi\u00f3n liviana&comma; f\u00e1cil de transportar y para todo tipo de trabajo.<\/strong><\/h2>\n<div style='display: flex; flex-wrap: wrap; gap: 15px; margin-top: 15px;'> <img style='width: 100%; max-width: 49%; height: auto; border: 1px solid rgba(150&comma;150&comma;150&comma;0.3); border-radius: 8px;' src='https:\/\/ftp3.syscom.mx\/usuarios\/jmolinar\/JonathanMolinar\/Escaleras\/17724-HyperLite-M24-IA-Carry.jpg' alt='' \/> <img style='width: 100%; max-width: 49%; height: auto; border: 1px solid rgba(150&comma;150&comma;150&comma;0.3); border-radius: 8px;' src='https:\/\/ftp3.syscom.mx\/usuarios\/jmolinar\/JonathanMolinar\/Escaleras\/HyperLite_Pulley4_1200x1200.jpg' alt='' \/> <img style='width: 100%; max-width: 49%; height: auto; border: 1px solid rgba(150&comma;150&comma;150&comma;0.3); border-radius: 8px;' src='https:\/\/ftp3.syscom.mx\/usuarios\/jmolinar\/JonathanMolinar\/Escaleras\/17724-HyperLite-M24-IA-Climb1.jpg' alt='' \/> <\/div>\n<\/p><\/div>\n<\/p><\/div>\n<div style='display: flex; flex-wrap: wrap; gap: 30px; margin-bottom: 30px;'>\n<div style='flex: 1 1 100%;'>\n<h2 style='font-size: 20px; margin-top: 0; color: inherit;'><strong>Seguro lateral de elevaci\u00f3n para la extensi\u00f3n&comma; de esta manera evita accidentes con el tradicional seguro en medio de la escalera.<\/strong><\/h2>\n<\/p><\/div>\n<\/p><\/div>\n<\/p><\/div>\n","protected":false},"excerpt":{"rendered":"<p>Escalera de Extensi\u00f3n de Aluminio + Fibra de Vidrio Hasta 7.31 m. !La M\u00e1s Liviana del Mundo! (No. Parte: 18724)<\/p>\n","protected":false},"featured_media":4880,"comment_status":"open","ping_status":"closed","template":"","meta":[],"product_brand":[],"product_cat":[245],"product_tag":[247,492,246],"class_list":{"0":"post-4881","1":"product","2":"type-product","3":"status-publish","4":"has-post-thumbnail","6":"product_cat-herramientas-de-instalacion","7":"product_tag-herramientas-de-instalacion","8":"product_tag-little-giant-ladder-systems","9":"product_tag-torres-y-mastiles","11":"first","12":"outofstock","13":"sale","14":"shipping-taxable","15":"purchasable","16":"product-type-simple"},"_links":{"self":[{"href":"https:\/\/soydeaqui.ddns.net\/pachuca\/index.php\/wp-json\/wp\/v2\/product\/4881","targetHints":{"allow":["GET"]}}],"collection":[{"href":"https:\/\/soydeaqui.ddns.net\/pachuca\/index.php\/wp-json\/wp\/v2\/product"}],"about":[{"href":"https:\/\/soydeaqui.ddns.net\/pachuca\/index.php\/wp-json\/wp\/v2\/types\/product"}],"replies":[{"embeddable":true,"href":"https:\/\/soydeaqui.ddns.net\/pachuca\/index.php\/wp-json\/wp\/v2\/comments?post=4881"}],"wp:featuredmedia":[{"embeddable":true,"href":"https:\/\/soydeaqui.ddns.net\/pachuca\/index.php\/wp-json\/wp\/v2\/media\/4880"}],"wp:attachment":[{"href":"https:\/\/soydeaqui.ddns.net\/pachuca\/index.php\/wp-json\/wp\/v2\/media?parent=4881"}],"wp:term":[{"taxonomy":"product_brand","embeddable":true,"href":"https:\/\/soydeaqui.ddns.net\/pachuca\/index.php\/wp-json\/wp\/v2\/product_brand?post=4881"},{"taxonomy":"product_cat","embeddable":true,"href":"https:\/\/soydeaqui.ddns.net\/pachuca\/index.php\/wp-json\/wp\/v2\/product_cat?post=4881"},{"taxonomy":"product_tag","embeddable":true,"href":"https:\/\/soydeaqui.ddns.net\/pachuca\/index.php\/wp-json\/wp\/v2\/product_tag?post=4881"}],"curies":[{"name":"wp","href":"https:\/\/api.w.org\/{rel}","templated":true}]}}