{"id":48580,"date":"2026-03-18T21:44:11","date_gmt":"2026-03-18T21:44:11","guid":{"rendered":"https:\/\/soydeaqui.ddns.net\/pachuca\/index.php\/producto\/capacitor-fijo-de-5-kvar-y-240-vca-con-interruptro-y-gabinete\/"},"modified":"2026-03-18T21:44:12","modified_gmt":"2026-03-18T21:44:12","slug":"capacitor-fijo-de-5-kvar-y-240-vca-con-interruptro-y-gabinete","status":"publish","type":"product","link":"https:\/\/soydeaqui.ddns.net\/pachuca\/index.php\/producto\/capacitor-fijo-de-5-kvar-y-240-vca-con-interruptro-y-gabinete\/","title":{"rendered":"Capacitor Fijo de 5 KVAR y 240 VCA, con Interruptro y Gabinete"},"content":{"rendered":"<div style='width: 100%; max-width: 1200px; margin: 0 auto; font-family: sans-serif; line-height: 1.6; color: inherit; background-color: transparent;'>\n<div style='display: flex; flex-wrap: wrap; gap: 30px; margin-bottom: 30px;'>\n<div style='flex: 1 1 300px; min-width: 280px;'>\n<p style='text-align: center;'><img style='width: 100%; height: auto; border: 1px solid rgba(150&comma;150&comma;150&comma;0.3); border-radius: 8px;' src='data:image\/png;base64&comma;iVBORw0KGgoAAAANSUhEUgAAAQAAAABGCAIAAACsZt30AAAbcUlEQVR4Ae1deVhTx9rPxo6gIKggyBZCWNwA2USKS73FBa1WobVVXOqKCyrFXatXi61oFcWtirdb3Lp169YV7Vq3bq22VatW3Lp169Zt3BpFQRAEJAgJISTkPef8+Xw+Z+YgISEBQdD9Ps+5J5lJZs6c8877vO95309hYSGVStXW1mGz2XK5XG33Q9pQGQIqI8Dj8UaP9gYv39DQqL6+Xm19Q3b0aQiojAA45qOjF+rq6oN9ZGZm9un9QHb4cQh8GgT4fP7QoTbA74eEhH7c95C2VYfAxyHA5XK9vIaDZ66urp7P56vDn7SjGgQ+DgFw2jU1tX799XcQG1QNO9Km6hD4KARaW1tDQsYD4x861IbL5apuF9Ii6hD4GARaW1vHjvUHxu\/tPQK4f9X1TNpRHQIfh0Bra6uHhxcw\/nnz5oN9q65n0o7qEPgoBMB5D4z\/2rVr4A2q65m0ozoEPgoBcN4D4\/\/99z9A1F91PZN2VIeA6hAABz4w\/sjI6fX19arrm7SjOgRUiwA48IHzDw8fX19fr1q2pDXVIaBqBMCB7+09IjExUdX9kPZUh4BqEQDnPTD+VatW19fXq7Z30p7qEFAhAuC8B8YfFjauvr5ehd2RplSHgGoRAOd9ePi4hIQE1fZD2lIdAipEABz4wPjDw8c1NjaqsDfSjOoQUCUC4LwHxj9q1GgQ81dhF6Q51SGgWgT+H4B7Z8E1lW0YAAAAAElFTkSuQmCC' alt=''><\/p>\n<\/div>\n<\/div>\n<div style='display: flex; flex-wrap: wrap; gap: 30px; margin-bottom: 30px;'>\n<div style='flex: 1 1 300px; min-width: 280px;'>\n<p style='color: inherit; font-size: 15px; margin-bottom: 15px;'>Los bancos de capacitores fijos son aptos para instalaciones donde se desee compensar la energ\u00eda reactiva que consumen los motores el\u00e9ctricos y otros elementos&comma; para lograr corregir el factor de potencia y as\u00ed minimizar las perdidas de energ\u00eda.<\/p>\n<\/div>\n<\/div>\n<div style='display: flex; flex-wrap: wrap; gap: 20px; margin-bottom: 30px;'>\n<div style='flex: 1 1 250px; border: 1px solid rgba(150&comma; 150&comma; 150&comma; 0.4); border-radius: 8px; overflow: hidden; display: flex; flex-direction: column;'>\n<div style='padding: 15px; border-bottom: 1px solid rgba(150&comma; 150&comma; 150&comma; 0.2); font-weight: bold; font-size: 18px; color: inherit;'>Caracter\u00edsticas<\/div>\n<div style='padding: 15px; color: inherit;'>\n<ul style='padding-left: 20px; margin: 0; font-size: 14px; list-style-type: disc;'>\n<li style='margin-bottom: 5px; color: inherit; font-size: 14px;'>La energ\u00eda reactiva debe ser conocida ya que se activan al momento de conectar la carga fija.<\/li>\n<li style='margin-bottom: 5px; color: inherit; font-size: 14px;'>Capacidades con o sin interruptor que va desde los 10 a los 400 kVAR&comma; con voltajes de 240 \u00f3 480 Vca.<\/li>\n<li style='margin-bottom: 5px; color: inherit; font-size: 14px;'>Interruptor termomagn\u00e9tico acorde a su capacidad en caso de solicitarlo.<\/li>\n<li style='margin-bottom: 5px; color: inherit; font-size: 14px;'>Gabinete de acero al carb\u00f3n protecci\u00f3n IP55<\/li>\n<\/ul>\n<\/div>\n<\/div>\n<\/div>\n<\/div>\n<hr style='border: 0; border-top: 1px solid rgba(150&comma; 150&comma; 150&comma; 0.3); margin: 30px 0;'><\/div>\n","protected":false},"excerpt":{"rendered":"<p>Capacitor Fijo de 5 KVAR y 240 VCA, con Interruptro y Gabinete<\/p>\n","protected":false},"featured_media":48579,"comment_status":"open","ping_status":"closed","template":"","meta":[],"product_brand":[],"product_cat":[1087],"product_tag":[1089,1088,635],"class_list":{"0":"post-48580","1":"product","2":"type-product","3":"status-publish","4":"has-post-thumbnail","6":"product_cat-banco-de-capacitores","7":"product_tag-banco-de-capacitores","8":"product_tag-calidad-de-la-energia","9":"product_tag-total-ground","11":"first","12":"outofstock","13":"sale","14":"shipping-taxable","15":"purchasable","16":"product-type-simple"},"_links":{"self":[{"href":"https:\/\/soydeaqui.ddns.net\/pachuca\/index.php\/wp-json\/wp\/v2\/product\/48580","targetHints":{"allow":["GET"]}}],"collection":[{"href":"https:\/\/soydeaqui.ddns.net\/pachuca\/index.php\/wp-json\/wp\/v2\/product"}],"about":[{"href":"https:\/\/soydeaqui.ddns.net\/pachuca\/index.php\/wp-json\/wp\/v2\/types\/product"}],"replies":[{"embeddable":true,"href":"https:\/\/soydeaqui.ddns.net\/pachuca\/index.php\/wp-json\/wp\/v2\/comments?post=48580"}],"wp:featuredmedia":[{"embeddable":true,"href":"https:\/\/soydeaqui.ddns.net\/pachuca\/index.php\/wp-json\/wp\/v2\/media\/48579"}],"wp:attachment":[{"href":"https:\/\/soydeaqui.ddns.net\/pachuca\/index.php\/wp-json\/wp\/v2\/media?parent=48580"}],"wp:term":[{"taxonomy":"product_brand","embeddable":true,"href":"https:\/\/soydeaqui.ddns.net\/pachuca\/index.php\/wp-json\/wp\/v2\/product_brand?post=48580"},{"taxonomy":"product_cat","embeddable":true,"href":"https:\/\/soydeaqui.ddns.net\/pachuca\/index.php\/wp-json\/wp\/v2\/product_cat?post=48580"},{"taxonomy":"product_tag","embeddable":true,"href":"https:\/\/soydeaqui.ddns.net\/pachuca\/index.php\/wp-json\/wp\/v2\/product_tag?post=48580"}],"curies":[{"name":"wp","href":"https:\/\/api.w.org\/{rel}","templated":true}]}}