{"id":48502,"date":"2026-03-18T21:41:59","date_gmt":"2026-03-18T21:41:59","guid":{"rendered":"https:\/\/soydeaqui.ddns.net\/pachuca\/index.php\/producto\/ups-de-5000-va-5000-w-online-doble-conversion-200-240-vac-de-entrada-nema-l6-30p-onda-senoidal-pura-torre-o-rack-de-2-ur-alta-densidad-con-2-tomas-nema-l6-20r-y-2-nema-l6-30r\/"},"modified":"2026-03-18T21:42:06","modified_gmt":"2026-03-18T21:42:06","slug":"ups-de-5000-va-5000-w-online-doble-conversion-200-240-vac-de-entrada-nema-l6-30p-onda-senoidal-pura-torre-o-rack-de-2-ur-alta-densidad-con-2-tomas-nema-l6-20r-y-2-nema-l6-30r","status":"publish","type":"product","link":"https:\/\/soydeaqui.ddns.net\/pachuca\/index.php\/producto\/ups-de-5000-va-5000-w-online-doble-conversion-200-240-vac-de-entrada-nema-l6-30p-onda-senoidal-pura-torre-o-rack-de-2-ur-alta-densidad-con-2-tomas-nema-l6-20r-y-2-nema-l6-30r\/","title":{"rendered":"UPS de 5000 VA\/5000 W, Online Doble Conversi\u00f3n, 200 &#8211; 240 Vac de Entrada NEMA L6-30P, Onda Senoidal Pura, Torre o Rack de 2 UR (Alta Densidad), Con 2 Tomas NEMA L6-20R y 2 NEMA L6-30R"},"content":{"rendered":"<div style='width: 100%; max-width: 1200px; margin: 0 auto; font-family: sans-serif; line-height: 1.6; color: inherit; background-color: transparent;'>\n<div style='display: flex; flex-wrap: wrap; gap: 30px; margin-bottom: 30px;'>\n<div style='flex: 1 1 300px; min-width: 280px;'>\n<h3 style='font-size: 22px; border-bottom: 2px solid currentColor; padding-bottom: 5px; margin-top: 0; color: inherit; opacity: 0.8;'>Requisitos de Instalaci\u00f3n<\/h3>\n<ul style='padding-left: 20px; font-size: 15px; color: inherit;'>\n<li style='margin-bottom: 5px;'>Cable 8 AWG del cableado al UPS<\/li>\n<li style='margin-bottom: 5px;'>Nivel de voltaje de alimentaci\u00f3n adecuado de 200-240 VAC<\/li>\n<li style='margin-bottom: 5px;'>Interruptor de entrada de 80 Ampers (2&#215;40)<\/li>\n<li style='margin-bottom: 5px;'>Sistema de aterrizaje aislado bien referenciado a tierra<\/li>\n<\/ul><\/div>\n<div style='flex: 1 1 300px; min-width: 280px;'>\n<h3 style='font-size: 22px; border-bottom: 2px solid currentColor; padding-bottom: 5px; margin-top: 0; color: inherit; opacity: 0.8;'>Notas Importantes<\/h3>\n<ul style='padding-left: 20px; font-size: 15px; color: inherit;'>\n<li style='margin-bottom: 5px;'><strong>Nota:<\/strong> Este equipo debe ser arrancado por un experto de CyberPower para hacer efectiva la garant\u00eda<\/li>\n<li style='margin-bottom: 5px;'><strong>Nota 2:<\/strong> Este equipo entrega voltaje a la salida de 200-240 Vca y NO deriva a 120 Vca por fase<\/li>\n<li style='margin-bottom: 5px;'>Si se requiere voltaje de salida a 120 Vca se requiere forzosamente el transformador modelo OL5KSTF<\/li>\n<\/ul><\/div>\n<\/p><\/div>\n<div style='display: flex; flex-wrap: wrap; gap: 30px; margin-bottom: 30px;'>\n<div style='flex: 1 1 300px; min-width: 280px;'>\n<h3 style='font-size: 22px; border-bottom: 2px solid currentColor; padding-bottom: 5px; margin-top: 0; color: inherit; opacity: 0.8;'>Aplicaciones<\/h3>\n<p style='font-size: 15px; color: inherit;'>El CyberPower OL5KRTHD Smartapp Online ofrece m\u00e1s potencia en menos espacio. De hecho&comma; se puede configurar en 2U de espacio en rack o como una torre&comma; en comparaci\u00f3n con 3U y 4U para modelos UPS competitivos similares&comma; lo que le brinda m\u00e1s espacio para crecer. El OL5KRTHD presenta una topolog\u00eda de doble conversi\u00f3n para una protecci\u00f3n de energ\u00eda perfecta y un RMCARD205 preinstalado.<\/p>\n<\/p><\/div>\n<\/p><\/div>\n<div style='display: flex; flex-wrap: wrap; gap: 30px; margin-bottom: 30px;'>\n<div style='flex: 1 1 300px; min-width: 280px;'>\n<h3 style='font-size: 22px; border-bottom: 2px solid currentColor; padding-bottom: 5px; margin-top: 0; color: inherit; opacity: 0.8;'>Caracter\u00edsticas T\u00e9cnicas<\/h3>\n<ul style='padding-left: 20px; font-size: 15px; color: inherit;'>\n<li style='margin-bottom: 5px;'><strong>Voltaje de entrada:<\/strong> 200-240 Vac<\/li>\n<li style='margin-bottom: 5px;'><strong>Frecuencia de entrada:<\/strong> 50 &#8211; 60 Hz<\/li>\n<li style='margin-bottom: 5px;'><strong>Tipo de enchufe de entrada:<\/strong> NEMA L6-30P<\/li>\n<li style='margin-bottom: 5px;'><img style='width: 100%; max-width: 40px; height: auto; border: 1px solid rgba(150&comma;150&comma;150&comma;0.3); border-radius: 8px;' src='https:\/\/www.cyberpower.com\/mx\/es\/File\/GetImageByDocId\/GeneralAttribute-246' alt='' \/><\/li>\n<li style='margin-bottom: 5px;'><strong>Longitud del cable:<\/strong> 3 m<\/li>\n<li style='margin-bottom: 5px;'><strong>Salida VA:<\/strong> 5&comma;000<\/li>\n<li style='margin-bottom: 5px;'><strong>Salida Watts:<\/strong> 5&comma;000<\/li>\n<li style='margin-bottom: 5px;'><strong>Bater\u00edas:<\/strong> 12 x 12V\/6Ah<\/li>\n<li style='margin-bottom: 5px;'><strong>Factor de Potencia:<\/strong> 0.99<\/li>\n<li style='margin-bottom: 5px;'><strong>Tiempo de respaldo con carga completa (5000 W):<\/strong> 2.3 Minutos<\/li>\n<li style='margin-bottom: 5px;'><strong>Tiempo de respaldo con media carga (2500 W):<\/strong> 6.4 Minutos<\/li>\n<li style='margin-bottom: 5px;'><strong>Voltaje en Bater\u00eda:<\/strong> 200&comma; 208&comma; 220&comma; 230&comma; 240 Vac (Configurable) \u00b12%<\/li>\n<li style='margin-bottom: 5px;'><strong>No entrega salida de 120 Vca<\/strong><\/li>\n<li style='margin-bottom: 5px;'><strong>Transformadores reductores de 220 a 120 Vca disponibles:<\/strong> OL5KSTF<\/li>\n<\/ul><\/div>\n<div style='flex: 1 1 300px; min-width: 280px;'>\n<h3 style='font-size: 22px; border-bottom: 2px solid currentColor; padding-bottom: 5px; margin-top: 0; color: inherit; opacity: 0.8;'>Caracter\u00edsticas F\u00edsicas<\/h3>\n<ul style='padding-left: 20px; font-size: 15px; color: inherit;'>\n<li style='margin-bottom: 5px;'><strong>Total de tomas de salida:<\/strong> 4<\/li>\n<li style='margin-bottom: 5px;'><strong>Tipo de tomas:<\/strong> NEMA L6-20R (2)<\/li>\n<li style='margin-bottom: 5px;'><img style='width: 100%; max-width: 40px; height: auto; border: 1px solid rgba(150&comma;150&comma;150&comma;0.3); border-radius: 8px;' src='https:\/\/www.cyberpower.com\/mx\/es\/File\/GetImageByDocId\/GeneralAttribute-245' alt='' \/><\/li>\n<li style='margin-bottom: 5px;'>y NEMA L6-30R (2)<\/li>\n<li style='margin-bottom: 5px;'><img style='width: 100%; max-width: 40px; height: auto; border: 1px solid rgba(150&comma;150&comma;150&comma;0.3); border-radius: 8px;' src='https:\/\/www.cyberpower.com\/mx\/es\/File\/GetImageByDocId\/GeneralAttribute-247' alt='' \/><\/li>\n<li style='margin-bottom: 5px;'><strong>Protecci\u00f3n de picos:<\/strong> grado de red<\/li>\n<li style='margin-bottom: 5px;'><strong>Administraci\u00f3n Remota SNMP \/ HTTP:<\/strong> RMCARD205 (Incluida)<\/li>\n<li style='margin-bottom: 5px;'><strong>M\u00f3dulo de Bater\u00edas Extendidas:<\/strong> BP144VL2U01<\/li>\n<li style='margin-bottom: 5px;'><strong>Indicadores:<\/strong> Pantalla LCD de lectura<\/li>\n<li style='margin-bottom: 5px;'><strong>Tama\u00f1o en Rack:<\/strong> 2 UR<\/li>\n<li style='margin-bottom: 5px;'><strong>Dimensiones:<\/strong> 433 x 86 x 719 mm (Ancho x Alto x Profundidad)<\/li>\n<li style='margin-bottom: 5px;'><strong>Peso:<\/strong> 41.91 Kg (incluye bater\u00eda)<\/li>\n<\/ul><\/div>\n<div style='flex: 1 1 300px; min-width: 280px;'>\n<h3 style='font-size: 22px; border-bottom: 2px solid currentColor; padding-bottom: 5px; margin-top: 0; color: inherit; opacity: 0.8;'>Caracter\u00edsticas Adicionales<\/h3>\n<ul style='padding-left: 20px; font-size: 15px; color: inherit;'>\n<li style='margin-bottom: 5px;'>Pantalla LCD de matriz de color multifunci\u00f3n<\/li>\n<li style='margin-bottom: 5px;'>Modo ECO GreenPower UPS\u2122 de ahorro de energ\u00eda (hasta 96% de eficiencia)<\/li>\n<li style='margin-bottom: 5px;'>Ventilador variable de 7 velocidades<\/li>\n<li style='margin-bottom: 5px;'>M\u00f3dulo de bater\u00eda extendido (EBM) BP144VL2U01 opcional<\/li>\n<li style='margin-bottom: 5px;'>Hasta diez EBM en cadena tipo margarita<\/li>\n<li style='margin-bottom: 5px;'>Garant\u00eda de tres a\u00f1os (incluidas las bater\u00edas)<\/li>\n<\/ul><\/div>\n<\/p><\/div>\n<div style='display: flex; flex-wrap: wrap; gap: 30px; margin-bottom: 30px;'>\n<div style='flex: 1 1 300px; min-width: 280px;'>\n<h3 style='font-size: 22px; border-bottom: 2px solid currentColor; padding-bottom: 5px; margin-top: 0; color: inherit; opacity: 0.8;'>Logotipo de Marca<\/h3>\n<p> <img style='width: 100%; max-width: 600px; height: auto; border: 1px solid rgba(150&comma;150&comma;150&comma;0.3); border-radius: 8px;' src='https:\/\/ftp3.syscom.mx\/usuarios\/fotos\/logotipos\/cyberpower.png' alt='' \/> <\/div>\n<\/p><\/div>\n<\/p><\/div>\n","protected":false},"excerpt":{"rendered":"<p>UPS de 5000 VA\/5000 W, Online Doble Conversi\u00f3n, 200 &#8211; 240 Vac de Entrada NEMA L6-30P, Onda Senoidal Pura, Torre o Rack de 2 UR (Alta Densidad), Con 2 Tomas NEMA L6-20R y 2 NEMA L6-30R<\/p>\n","protected":false},"featured_media":48501,"comment_status":"open","ping_status":"closed","template":"","meta":[],"product_brand":[],"product_cat":[1100],"product_tag":[677,1101,1102],"class_list":{"0":"post-48502","1":"product","2":"type-product","3":"status-publish","4":"has-post-thumbnail","6":"product_cat-ups-no-break","7":"product_tag-cyberpower","8":"product_tag-respaldo-de-energia","9":"product_tag-ups-no-break","11":"first","12":"outofstock","13":"sale","14":"shipping-taxable","15":"purchasable","16":"product-type-simple"},"_links":{"self":[{"href":"https:\/\/soydeaqui.ddns.net\/pachuca\/index.php\/wp-json\/wp\/v2\/product\/48502","targetHints":{"allow":["GET"]}}],"collection":[{"href":"https:\/\/soydeaqui.ddns.net\/pachuca\/index.php\/wp-json\/wp\/v2\/product"}],"about":[{"href":"https:\/\/soydeaqui.ddns.net\/pachuca\/index.php\/wp-json\/wp\/v2\/types\/product"}],"replies":[{"embeddable":true,"href":"https:\/\/soydeaqui.ddns.net\/pachuca\/index.php\/wp-json\/wp\/v2\/comments?post=48502"}],"wp:featuredmedia":[{"embeddable":true,"href":"https:\/\/soydeaqui.ddns.net\/pachuca\/index.php\/wp-json\/wp\/v2\/media\/48501"}],"wp:attachment":[{"href":"https:\/\/soydeaqui.ddns.net\/pachuca\/index.php\/wp-json\/wp\/v2\/media?parent=48502"}],"wp:term":[{"taxonomy":"product_brand","embeddable":true,"href":"https:\/\/soydeaqui.ddns.net\/pachuca\/index.php\/wp-json\/wp\/v2\/product_brand?post=48502"},{"taxonomy":"product_cat","embeddable":true,"href":"https:\/\/soydeaqui.ddns.net\/pachuca\/index.php\/wp-json\/wp\/v2\/product_cat?post=48502"},{"taxonomy":"product_tag","embeddable":true,"href":"https:\/\/soydeaqui.ddns.net\/pachuca\/index.php\/wp-json\/wp\/v2\/product_tag?post=48502"}],"curies":[{"name":"wp","href":"https:\/\/api.w.org\/{rel}","templated":true}]}}