{"id":484,"date":"2026-03-18T05:40:05","date_gmt":"2026-03-18T05:40:05","guid":{"rendered":"https:\/\/soydeaqui.ddns.net\/pachuca\/index.php\/producto\/pre-amplificador-ep-2s01-4-entradas-de-microfono-balanceadas-2-salidas-de-canal-filtro-paso-alto-control-remoto-t-319-salida-de-grabacion-ajuste-de-graves-y-agudos-indicacion-de-nivel\/"},"modified":"2026-03-18T05:40:05","modified_gmt":"2026-03-18T05:40:05","slug":"pre-amplificador-ep-2s01-4-entradas-de-microfono-balanceadas-2-salidas-de-canal-filtro-paso-alto-control-remoto-t-319-salida-de-grabacion-ajuste-de-graves-y-agudos-indicacion-de-nivel","status":"publish","type":"product","link":"https:\/\/soydeaqui.ddns.net\/pachuca\/index.php\/producto\/pre-amplificador-ep-2s01-4-entradas-de-microfono-balanceadas-2-salidas-de-canal-filtro-paso-alto-control-remoto-t-319-salida-de-grabacion-ajuste-de-graves-y-agudos-indicacion-de-nivel\/","title":{"rendered":"Pre-Amplificador EP-2S01 \/ 4 Entradas de Micr\u00f3fono Balanceadas \/ 2 Salidas de Canal \/ Filtro Paso Alto \/ Control Remoto T-319 \/ Salida de Grabaci\u00f3n \/ Ajuste de Graves y Agudos \/ Indicaci\u00f3n de Nivel"},"content":{"rendered":"<div style='width: 100%; max-width: 1200px; margin: 0 auto; font-family: sans-serif; line-height: 1.6; color: inherit; background-color: transparent;'>\n<div style='margin-bottom: 30px;'>\n<p style='font-size: 18px; line-height: 1.6; margin: 0; color: inherit;'>El Pre-Amplificador EP-2S01 es un dispositivo profesional dise\u00f1ado para aplicaciones de audio que requieren m\u00faltiples entradas de micr\u00f3fono balanceadas y salidas de canal configurables. Con caracter\u00edsticas avanzadas como filtro paso alto&comma; control remoto&comma; salida de grabaci\u00f3n y ajuste de graves y agudos&comma; este pre-amplificador ofrece un rendimiento superior en entornos de sonido exigentes.<\/p>\n<\/p><\/div>\n<div style='margin-bottom: 30px;'>\n<h2 style='font-size: 24px; font-weight: 600; margin: 0 0 20px 0; color: inherit; opacity: 0.9;'>Caracter\u00edsticas Principales<\/h2>\n<div style='display: flex; flex-wrap: wrap; gap: 20px;'>\n<div style='flex: 1 1 300px; min-width: 280px; border: 1px solid rgba(150&comma; 150&comma; 150&comma; 0.4); border-radius: 8px; overflow: hidden; display: flex; flex-direction: column;'>\n<div style='padding: 15px; border-bottom: 1px solid rgba(150&comma; 150&comma; 150&comma; 0.2); font-weight: bold; font-size: 18px; color: inherit;'>Caracter\u00edsticas Principales<\/div>\n<div style='padding: 15px; color: inherit;'>\n<ul style='padding-left: 20px; margin: 0; font-size: 14px; list-style-type: disc; color: inherit;'>\n<li style='margin-bottom: 5px;'>Dise\u00f1o de gabinete est\u00e1ndar (1U)<\/li>\n<li style='margin-bottom: 5px;'>Indicaci\u00f3n de nivel para cada entrada<\/li>\n<li style='margin-bottom: 5px;'>Interruptor de prioridad para MIC 2&comma; 3 y 4<\/li>\n<li style='margin-bottom: 5px;'>Funci\u00f3n de filtro paso alto para entradas de micr\u00f3fono<\/li>\n<li style='margin-bottom: 5px;'>Se\u00f1al de campana opcional de 2 velocidades (incorporada)<\/li>\n<li style='margin-bottom: 5px;'>Prioridad autom\u00e1tica<\/li>\n<li style='margin-bottom: 5px;'>Control de campana con micr\u00f3fono remoto T-319<\/li>\n<li style='margin-bottom: 5px;'>Tres modos de se\u00f1al de salida seleccionables (salida 1&comma; salida 1+2&comma; salida 2)<\/li>\n<li style='margin-bottom: 5px;'>Ajuste de graves y agudos para dos conjuntos de salida<\/li>\n<li style='margin-bottom: 5px;'>Indicaci\u00f3n de nivel independiente para salida de doble canal<\/li>\n<li style='margin-bottom: 5px;'>Salida de l\u00ednea est\u00e9reo independiente con interfaz RCA (l\u00ednea 7-10)<\/li>\n<li style='margin-bottom: 5px;'>Funci\u00f3n de salida de grabaci\u00f3n<\/li>\n<li style='margin-bottom: 5px;'>Compatibilidad con T-319<\/li>\n<\/ul><\/div>\n<\/p><\/div>\n<\/p><\/div>\n<\/p><\/div>\n<div style='margin-bottom: 30px;'>\n<h2 style='font-size: 24px; font-weight: 600; margin: 0 0 20px 0; color: inherit; opacity: 0.9;'>Detalles T\u00e9cnicos<\/h2>\n<div style='display: flex; flex-wrap: wrap; gap: 20px;'>\n<div style='flex: 1 1 300px; min-width: 280px; border: 1px solid rgba(150&comma; 150&comma; 150&comma; 0.4); border-radius: 8px; overflow: hidden; display: flex; flex-direction: column;'>\n<div style='padding: 15px; border-bottom: 1px solid rgba(150&comma; 150&comma; 150&comma; 0.2); font-weight: bold; font-size: 18px; color: inherit;'>Especificaciones<\/div>\n<div style='padding: 15px; color: inherit;'>\n<ul style='padding-left: 20px; margin: 0; font-size: 14px; list-style-type: disc; color: inherit;'>\n<li style='margin-bottom: 5px;'>Sensibilidad\/Impedancia de entrada MIC\/L\u00ednea: -50dBu (2.45mV)\/5K\u03a9 balanceado<\/li>\n<li style='margin-bottom: 5px;'>Sensibilidad\/Impedancia de entrada L\u00ednea RCA: -10dBu (2.45mV)\/5K\u03a9 no balanceado<\/li>\n<li style='margin-bottom: 5px;'>Nivel\/Impedancia de salida Master 1&comma; 2: +4dBu\/200\u03a9 balanceado<\/li>\n<li style='margin-bottom: 5px;'>Nivel\/Impedancia de salida REC: 0dBu\/10K\u03a9 no balanceado<\/li>\n<li style='margin-bottom: 5px;'>Respuesta de frecuencia: -0.5dB (20Hz~20KHz)<\/li>\n<li style='margin-bottom: 5px;'>Relaci\u00f3n S\/N MIC: > 60dB<\/li>\n<li style='margin-bottom: 5px;'>Relaci\u00f3n S\/N L\u00ednea: > 75dB<\/li>\n<li style='margin-bottom: 5px;'>THD MIC: < 0.05%<\/li>\n<li style='margin-bottom: 5px;'>THD L\u00ednea: > 0.03%<\/li>\n<li style='margin-bottom: 5px;'>Diafon\u00eda MIC: >60dB<\/li>\n<li style='margin-bottom: 5px;'>Diafon\u00eda L\u00ednea: > 75dB<\/li>\n<li style='margin-bottom: 5px;'>Consumo de energ\u00eda: 13W<\/li>\n<li style='margin-bottom: 5px;'>Fuente de alimentaci\u00f3n: ~220V 50Hz<\/li>\n<li style='margin-bottom: 5px;'>Dimensiones: 484 x 258 x 44mm<\/li>\n<li style='margin-bottom: 5px;'>Peso: 4.28Kg<\/li>\n<\/ul><\/div>\n<\/p><\/div>\n<div style='flex: 1 1 300px; min-width: 280px; border: 1px solid rgba(150&comma; 150&comma; 150&comma; 0.4); border-radius: 8px; overflow: hidden; display: flex; flex-direction: column;'>\n<div style='padding: 15px; border-bottom: 1px solid rgba(150&comma; 150&comma; 150&comma; 0.2); font-weight: bold; font-size: 18px; color: inherit;'>Interfaces y Conectividad<\/div>\n<div style='padding: 15px; color: inherit;'>\n<ul style='padding-left: 20px; margin: 0; font-size: 14px; list-style-type: disc; color: inherit;'>\n<li style='margin-bottom: 5px;'>4 entradas de micr\u00f3fono balanceadas<\/li>\n<li style='margin-bottom: 5px;'>2 salidas de canal configurables<\/li>\n<li style='margin-bottom: 5px;'>Salida de l\u00ednea est\u00e9reo independiente con interfaz RCA<\/li>\n<li style='margin-bottom: 5px;'>Salida de grabaci\u00f3n<\/li>\n<li style='margin-bottom: 5px;'>Compatibilidad con micr\u00f3fono remoto T-319<\/li>\n<\/ul><\/div>\n<\/p><\/div>\n<\/p><\/div>\n<\/p><\/div>\n<div style='margin-bottom: 30px;'>\n<h2 style='font-size: 24px; font-weight: 600; margin: 0 0 20px 0; color: inherit; opacity: 0.9;'>Aplicaciones y Casos de Uso<\/h2>\n<div style='display: flex; flex-wrap: wrap; gap: 20px;'>\n<div style='flex: 1 1 300px; min-width: 280px; border: 1px solid rgba(150&comma; 150&comma; 150&comma; 0.4); border-radius: 8px; overflow: hidden; display: flex; flex-direction: column;'>\n<div style='padding: 15px; border-bottom: 1px solid rgba(150&comma; 150&comma; 150&comma; 0.2); font-weight: bold; font-size: 18px; color: inherit;'>Sistemas de Sonido Profesionales<\/div>\n<div style='padding: 15px; color: inherit;'>\n<p style='margin: 0; font-size: 14px; color: inherit;'>Ideal para instalaciones de sonido en salas de conferencias&comma; teatros y estudios de grabaci\u00f3n.<\/p>\n<\/p><\/div>\n<\/p><\/div>\n<div style='flex: 1 1 300px; min-width: 280px; border: 1px solid rgba(150&comma; 150&comma; 150&comma; 0.4); border-radius: 8px; overflow: hidden; display: flex; flex-direction: column;'>\n<div style='padding: 15px; border-bottom: 1px solid rgba(150&comma; 150&comma; 150&comma; 0.2); font-weight: bold; font-size: 18px; color: inherit;'>Refuerzo de Sonido en Vivo<\/div>\n<div style='padding: 15px; color: inherit;'>\n<p style='margin: 0; font-size: 14px; color: inherit;'>Perfecto para eventos en vivo que requieren m\u00faltiples micr\u00f3fonos y control de salida flexible.<\/p>\n<\/p><\/div>\n<\/p><\/div>\n<div style='flex: 1 1 300px; min-width: 280px; border: 1px solid rgba(150&comma; 150&comma; 150&comma; 0.4); border-radius: 8px; overflow: hidden; display: flex; flex-direction: column;'>\n<div style='padding: 15px; border-bottom: 1px solid rgba(150&comma; 150&comma; 150&comma; 0.2); font-weight: bold; font-size: 18px; color: inherit;'>Grabaci\u00f3n y Producci\u00f3n<\/div>\n<div style='padding: 15px; color: inherit;'>\n<p style='margin: 0; font-size: 14px; color: inherit;'>Ofrece una salida de grabaci\u00f3n de alta calidad para producciones de audio profesionales.<\/p>\n<\/p><\/div>\n<\/p><\/div>\n<\/p><\/div>\n<\/p><\/div>\n<\/p><\/div>\n","protected":false},"excerpt":{"rendered":"<p>Pre-Amplificador EP-2S01 \/ 4 Entradas de Micr\u00f3fono Balanceadas \/ 2 Salidas de Canal \/ Filtro Paso Alto \/ Control Remoto T-319 \/ Salida de Grabaci\u00f3n \/ Ajuste de Graves y Agudos \/ Indicaci\u00f3n de Nivel<\/p>\n","protected":false},"featured_media":32,"comment_status":"open","ping_status":"closed","template":"","meta":[],"product_brand":[],"product_cat":[108],"product_tag":[110,109],"class_list":{"0":"post-484","1":"product","2":"type-product","3":"status-publish","4":"has-post-thumbnail","6":"product_cat-epcom-proaudio","7":"product_tag-epcom-proaudio","8":"product_tag-megafonia-y-audioevacuacion","10":"first","11":"instock","12":"sale","13":"shipping-taxable","14":"purchasable","15":"product-type-simple"},"_links":{"self":[{"href":"https:\/\/soydeaqui.ddns.net\/pachuca\/index.php\/wp-json\/wp\/v2\/product\/484","targetHints":{"allow":["GET"]}}],"collection":[{"href":"https:\/\/soydeaqui.ddns.net\/pachuca\/index.php\/wp-json\/wp\/v2\/product"}],"about":[{"href":"https:\/\/soydeaqui.ddns.net\/pachuca\/index.php\/wp-json\/wp\/v2\/types\/product"}],"replies":[{"embeddable":true,"href":"https:\/\/soydeaqui.ddns.net\/pachuca\/index.php\/wp-json\/wp\/v2\/comments?post=484"}],"wp:featuredmedia":[{"embeddable":true,"href":"https:\/\/soydeaqui.ddns.net\/pachuca\/index.php\/wp-json\/wp\/v2\/media\/32"}],"wp:attachment":[{"href":"https:\/\/soydeaqui.ddns.net\/pachuca\/index.php\/wp-json\/wp\/v2\/media?parent=484"}],"wp:term":[{"taxonomy":"product_brand","embeddable":true,"href":"https:\/\/soydeaqui.ddns.net\/pachuca\/index.php\/wp-json\/wp\/v2\/product_brand?post=484"},{"taxonomy":"product_cat","embeddable":true,"href":"https:\/\/soydeaqui.ddns.net\/pachuca\/index.php\/wp-json\/wp\/v2\/product_cat?post=484"},{"taxonomy":"product_tag","embeddable":true,"href":"https:\/\/soydeaqui.ddns.net\/pachuca\/index.php\/wp-json\/wp\/v2\/product_tag?post=484"}],"curies":[{"name":"wp","href":"https:\/\/api.w.org\/{rel}","templated":true}]}}