{"id":47920,"date":"2026-03-18T21:24:00","date_gmt":"2026-03-18T21:24:00","guid":{"rendered":"https:\/\/soydeaqui.ddns.net\/pachuca\/index.php\/producto\/unicanal-perforado-4-x-2-cm-x-3-m-calibre-16-galv-electrolitico\/"},"modified":"2026-03-18T21:24:01","modified_gmt":"2026-03-18T21:24:01","slug":"unicanal-perforado-4-x-2-cm-x-3-m-calibre-16-galv-electrolitico","status":"publish","type":"product","link":"https:\/\/soydeaqui.ddns.net\/pachuca\/index.php\/producto\/unicanal-perforado-4-x-2-cm-x-3-m-calibre-16-galv-electrolitico\/","title":{"rendered":"Unicanal Perforado 4 X 2 cm X 3 m \/ Calibre 16 \/ Galv. Electrol\u00edtico"},"content":{"rendered":"<div style='width: 100%; max-width: 1200px; margin: 0 auto; font-family: sans-serif; line-height: 1.6; color: inherit; background-color: transparent;'>\n<div style='display: flex; flex-wrap: wrap; gap: 30px; margin-bottom: 30px;'>\n<div style='flex: 1 1 300px; min-width: 280px;'>\n<h3 style='font-size: 22px; border-bottom: 2px solid currentColor; padding-bottom: 5px; margin-top: 0; color: inherit; opacity: 0.8;'>Caracter\u00edsticas<\/h3>\n<ul style='padding-left: 20px; font-size: 15px; color: inherit;'>\n<li style='margin-bottom: 5px;'><strong style='color: inherit;'>Material:<\/strong> Acero pregalvanizado<\/li>\n<li style='margin-bottom: 5px;'><strong style='color: inherit;'>Descripci\u00f3n:<\/strong> Perforado 4 x 2<\/li>\n<li style='margin-bottom: 5px;'><strong style='color: inherit;'>Espesor del material:<\/strong> 1.52 mm (C.16)<\/li>\n<li style='margin-bottom: 5px;'><strong style='color: inherit;'>Dimensiones:<\/strong> 41.3&comma; 20.6&comma; 22 mm<\/li>\n<li style='margin-bottom: 5px;'><strong style='color: inherit;'>Peso x metro:<\/strong> 0.8 kg<\/li>\n<\/ul>\n<div style='margin-top: 20px; font-size: 15px; color: inherit;'>\n<p>Nueva versi\u00f3n del cl\u00e1sico unicanal en material m\u00e1s delgado con Costillas de refuerzo formadas a todo lo largo del riel para mayor resistencia.<\/p>\n<p>Para instalaciones con coduit pared delgada (C.20) o pared gruesa (C.30 intermedio) utilizando econ\u00f3micas abrazaderas serie ANC-AW o ANC-AE.<\/p>\n<p>Ideal para usarse en tramitos cortos com\u00fanmente usados como soportes para l\u00edneas de conduit pared delgada o charolas portacables.<\/p>\n<\/div>\n<\/div>\n<\/div>\n<hr style='border: 0; border-top: 1px solid rgba(150&comma; 150&comma; 150&comma; 0.3); margin: 30px 0;'><\/div>\n","protected":false},"excerpt":{"rendered":"<p>Unicanal Perforado 4 X 2 cm X 3 m \/ Calibre 16 \/ Galv. Electrol\u00edtico<\/p>\n","protected":false},"featured_media":47919,"comment_status":"open","ping_status":"closed","template":"","meta":[],"product_brand":[],"product_cat":[655],"product_tag":[693,572,656],"class_list":{"0":"post-47920","1":"product","2":"type-product","3":"status-publish","4":"has-post-thumbnail","6":"product_cat-tuberia-metalica-conduit-accesorios","7":"product_tag-anclo","8":"product_tag-canalizacion","9":"product_tag-tuberia-metalica-conduit-accesorios","11":"first","12":"instock","13":"sale","14":"shipping-taxable","15":"purchasable","16":"product-type-simple"},"_links":{"self":[{"href":"https:\/\/soydeaqui.ddns.net\/pachuca\/index.php\/wp-json\/wp\/v2\/product\/47920","targetHints":{"allow":["GET"]}}],"collection":[{"href":"https:\/\/soydeaqui.ddns.net\/pachuca\/index.php\/wp-json\/wp\/v2\/product"}],"about":[{"href":"https:\/\/soydeaqui.ddns.net\/pachuca\/index.php\/wp-json\/wp\/v2\/types\/product"}],"replies":[{"embeddable":true,"href":"https:\/\/soydeaqui.ddns.net\/pachuca\/index.php\/wp-json\/wp\/v2\/comments?post=47920"}],"wp:featuredmedia":[{"embeddable":true,"href":"https:\/\/soydeaqui.ddns.net\/pachuca\/index.php\/wp-json\/wp\/v2\/media\/47919"}],"wp:attachment":[{"href":"https:\/\/soydeaqui.ddns.net\/pachuca\/index.php\/wp-json\/wp\/v2\/media?parent=47920"}],"wp:term":[{"taxonomy":"product_brand","embeddable":true,"href":"https:\/\/soydeaqui.ddns.net\/pachuca\/index.php\/wp-json\/wp\/v2\/product_brand?post=47920"},{"taxonomy":"product_cat","embeddable":true,"href":"https:\/\/soydeaqui.ddns.net\/pachuca\/index.php\/wp-json\/wp\/v2\/product_cat?post=47920"},{"taxonomy":"product_tag","embeddable":true,"href":"https:\/\/soydeaqui.ddns.net\/pachuca\/index.php\/wp-json\/wp\/v2\/product_tag?post=47920"}],"curies":[{"name":"wp","href":"https:\/\/api.w.org\/{rel}","templated":true}]}}