{"id":47784,"date":"2026-03-18T21:19:43","date_gmt":"2026-03-18T21:19:43","guid":{"rendered":"https:\/\/soydeaqui.ddns.net\/pachuca\/index.php\/producto\/taquete-tx-de-1-2-x-3-1-2-13-x-89-mm\/"},"modified":"2026-03-18T21:19:49","modified_gmt":"2026-03-18T21:19:49","slug":"taquete-tx-de-1-2-x-3-1-2-13-x-89-mm","status":"publish","type":"product","link":"https:\/\/soydeaqui.ddns.net\/pachuca\/index.php\/producto\/taquete-tx-de-1-2-x-3-1-2-13-x-89-mm\/","title":{"rendered":"Taquete TX de  1\/2&#8243;  x  3 1\/2&#8243;  (13 X 89 mm)."},"content":{"rendered":"<div style='width: 100%; max-width: 1200px; margin: 0 auto; font-family: sans-serif; line-height: 1.6; color: inherit; background-color: transparent;'> <!-- Secci\u00f3n de caracter\u00edsticas f\u00edsicas --> <\/p>\n<div style='display: flex; flex-wrap: wrap; gap: 30px; margin-bottom: 30px;'>\n<div style='flex: 1 1 300px; min-width: 280px;'>\n<h3 style='font-size: 22px; border-bottom: 2px solid currentColor; padding-bottom: 5px; margin-top: 0; color: inherit; opacity: 0.8;'>Caracter\u00edsticas F\u00edsicas<\/h3>\n<ul style='padding-left: 20px; font-size: 15px; color: inherit;'>\n<li style='margin-bottom: 5px;'><strong>Cuerda:<\/strong> 1\/2&#8242; (13 mm)<\/li>\n<li style='margin-bottom: 5px;'><strong>Usar broca:<\/strong> 5\/8&#8242; (16 mm)<\/li>\n<li style='margin-bottom: 5px;'><strong>Largo total:<\/strong> 3 1\/2&#8242; (89 mm)<\/li>\n<li style='margin-bottom: 5px;'><strong>Carga posible a Tensi\u00f3n:<\/strong> 760 Kg.<\/li>\n<li style='margin-bottom: 5px;'><strong>Carga posible Cortante:<\/strong> 848 Kg.<\/li>\n<\/ul><\/div>\n<\/p><\/div>\n<p> <!-- Nota sobre cargas --> <\/p>\n<div style='margin-bottom: 30px; font-size: 15px; color: inherit;'>\n<p style='margin-top: 0; margin-bottom: 1.5em; text-align: justify; font-style: italic;'> *Las cargas posibles son un 25% de la carga promedio a la que comienzan a fallar fijadores perfectamente instalados&comma; en concreto de resistencia a la compresi\u00f3n de 268 kg\/cm\u00b2 como m\u00ednimo&comma; cuando son sometidos a cargas est\u00e1ticas coaxiales o a 90\u00b0. Las vibraciones e impactos as\u00ed como el efecto multiplicador de brazos de palanca y distancias reducidas entre fijadores o al borde del concreto&comma; reducen notablemente la carga segura y deber\u00e1n tomarse en cuenta en cada caso. <\/p>\n<\/p><\/div>\n<p> <!-- Secci\u00f3n de caracter\u00edsticas destacadas --> <\/p>\n<div style='display: flex; flex-wrap: wrap; gap: 30px; margin-bottom: 30px;'>\n<div style='flex: 1 1 300px; min-width: 280px;'>\n<h3 style='font-size: 22px; border-bottom: 2px solid currentColor; padding-bottom: 5px; margin-top: 0; color: inherit; opacity: 0.8;'>Caracter\u00edsticas destacadas<\/h3>\n<ul style='padding-left: 20px; font-size: 15px; color: inherit;'>\n<li style='margin-bottom: 5px;'>Dise\u00f1o tradicional fabricado con camisa corta de grueso calibre y cuerdas expuestas.<\/li>\n<li style='margin-bottom: 5px;'>Cuerda expuesta facilita el montaje horizontal en muros y columnas.<\/li>\n<li style='margin-bottom: 5px;'>Cumple con la norma USA &#8211; GSA FF-S-325 \/ Grupo II \/ Clase 3.<\/li>\n<\/ul><\/div>\n<\/p><\/div>\n<p> <!-- Separador --> <\/p>\n<hr style='border: 0; border-top: 1px solid rgba(150&comma; 150&comma; 150&comma; 0.3); margin: 30px 0;'> <\/div>\n","protected":false},"excerpt":{"rendered":"<p>Taquete TX de  1\/2&#8243;  x  3 1\/2&#8243;  (13 X 89 mm).<\/p>\n","protected":false},"featured_media":47783,"comment_status":"open","ping_status":"closed","template":"","meta":[],"product_brand":[],"product_cat":[1106],"product_tag":[693,1058,1107],"class_list":{"0":"post-47784","1":"product","2":"type-product","3":"status-publish","4":"has-post-thumbnail","6":"product_cat-taquetes-y-tornilleria","7":"product_tag-anclo","8":"product_tag-ferreteria","9":"product_tag-taquetes-y-tornilleria","11":"first","12":"instock","13":"sale","14":"shipping-taxable","15":"purchasable","16":"product-type-simple"},"_links":{"self":[{"href":"https:\/\/soydeaqui.ddns.net\/pachuca\/index.php\/wp-json\/wp\/v2\/product\/47784","targetHints":{"allow":["GET"]}}],"collection":[{"href":"https:\/\/soydeaqui.ddns.net\/pachuca\/index.php\/wp-json\/wp\/v2\/product"}],"about":[{"href":"https:\/\/soydeaqui.ddns.net\/pachuca\/index.php\/wp-json\/wp\/v2\/types\/product"}],"replies":[{"embeddable":true,"href":"https:\/\/soydeaqui.ddns.net\/pachuca\/index.php\/wp-json\/wp\/v2\/comments?post=47784"}],"wp:featuredmedia":[{"embeddable":true,"href":"https:\/\/soydeaqui.ddns.net\/pachuca\/index.php\/wp-json\/wp\/v2\/media\/47783"}],"wp:attachment":[{"href":"https:\/\/soydeaqui.ddns.net\/pachuca\/index.php\/wp-json\/wp\/v2\/media?parent=47784"}],"wp:term":[{"taxonomy":"product_brand","embeddable":true,"href":"https:\/\/soydeaqui.ddns.net\/pachuca\/index.php\/wp-json\/wp\/v2\/product_brand?post=47784"},{"taxonomy":"product_cat","embeddable":true,"href":"https:\/\/soydeaqui.ddns.net\/pachuca\/index.php\/wp-json\/wp\/v2\/product_cat?post=47784"},{"taxonomy":"product_tag","embeddable":true,"href":"https:\/\/soydeaqui.ddns.net\/pachuca\/index.php\/wp-json\/wp\/v2\/product_tag?post=47784"}],"curies":[{"name":"wp","href":"https:\/\/api.w.org\/{rel}","templated":true}]}}