{"id":47605,"date":"2026-03-18T21:14:09","date_gmt":"2026-03-18T21:14:09","guid":{"rendered":"https:\/\/soydeaqui.ddns.net\/pachuca\/index.php\/producto\/boiler-solar-de-90l-baja-presion-con-9-tubos-de-vacio-de-mayor-resistencia-y-termotanque-inoxidable-de-grado-alimenticio-resistentes-a-granizo-de-hasta-25-mm-l-incluye-anodo-de-magnesio\/"},"modified":"2026-03-18T21:14:16","modified_gmt":"2026-03-18T21:14:16","slug":"boiler-solar-de-90l-baja-presion-con-9-tubos-de-vacio-de-mayor-resistencia-y-termotanque-inoxidable-de-grado-alimenticio-resistentes-a-granizo-de-hasta-25-mm-l-incluye-anodo-de-magnesio","status":"publish","type":"product","link":"https:\/\/soydeaqui.ddns.net\/pachuca\/index.php\/producto\/boiler-solar-de-90l-baja-presion-con-9-tubos-de-vacio-de-mayor-resistencia-y-termotanque-inoxidable-de-grado-alimenticio-resistentes-a-granizo-de-hasta-25-mm-l-incluye-anodo-de-magnesio\/","title":{"rendered":"B\u00f3iler Solar de 90L, Baja Presi\u00f3n con 9 Tubos de Vac\u00edo de Mayor Resistencia y Termotanque Inoxidable de Grado Alimenticio, Resistentes a Granizo de Hasta 25 mm\/ l , Incluye Anodo de Magnesio"},"content":{"rendered":"<div style='width: 100%; max-width: 1200px; margin: 0 auto; font-family: sans-serif; line-height: 1.6; color: inherit; background-color: transparent;'><\/div>\n","protected":false},"excerpt":{"rendered":"<p>B\u00f3iler Solar de 90L, Baja Presi\u00f3n con 9 Tubos de Vac\u00edo de Mayor Resistencia y Termotanque Inoxidable de Grado Alimenticio, Resistentes a Granizo de Hasta 25 mm\/ l , Incluye Anodo de Magnesio<\/p>\n","protected":false},"featured_media":47604,"comment_status":"open","ping_status":"closed","template":"","meta":[],"product_brand":[],"product_cat":[1155],"product_tag":[1156,1144,935],"class_list":{"0":"post-47605","1":"product","2":"type-product","3":"status-publish","4":"has-post-thumbnail","6":"product_cat-boilers-refrigeradores-congeladores","7":"product_tag-boilers-refrigeradores-congeladores","8":"product_tag-climatizacion-refrigeracion","9":"product_tag-epcom","11":"first","12":"instock","13":"sale","14":"shipping-taxable","15":"purchasable","16":"product-type-simple"},"_links":{"self":[{"href":"https:\/\/soydeaqui.ddns.net\/pachuca\/index.php\/wp-json\/wp\/v2\/product\/47605","targetHints":{"allow":["GET"]}}],"collection":[{"href":"https:\/\/soydeaqui.ddns.net\/pachuca\/index.php\/wp-json\/wp\/v2\/product"}],"about":[{"href":"https:\/\/soydeaqui.ddns.net\/pachuca\/index.php\/wp-json\/wp\/v2\/types\/product"}],"replies":[{"embeddable":true,"href":"https:\/\/soydeaqui.ddns.net\/pachuca\/index.php\/wp-json\/wp\/v2\/comments?post=47605"}],"wp:featuredmedia":[{"embeddable":true,"href":"https:\/\/soydeaqui.ddns.net\/pachuca\/index.php\/wp-json\/wp\/v2\/media\/47604"}],"wp:attachment":[{"href":"https:\/\/soydeaqui.ddns.net\/pachuca\/index.php\/wp-json\/wp\/v2\/media?parent=47605"}],"wp:term":[{"taxonomy":"product_brand","embeddable":true,"href":"https:\/\/soydeaqui.ddns.net\/pachuca\/index.php\/wp-json\/wp\/v2\/product_brand?post=47605"},{"taxonomy":"product_cat","embeddable":true,"href":"https:\/\/soydeaqui.ddns.net\/pachuca\/index.php\/wp-json\/wp\/v2\/product_cat?post=47605"},{"taxonomy":"product_tag","embeddable":true,"href":"https:\/\/soydeaqui.ddns.net\/pachuca\/index.php\/wp-json\/wp\/v2\/product_tag?post=47605"}],"curies":[{"name":"wp","href":"https:\/\/api.w.org\/{rel}","templated":true}]}}