{"id":47517,"date":"2026-03-18T21:11:05","date_gmt":"2026-03-18T21:11:05","guid":{"rendered":"https:\/\/soydeaqui.ddns.net\/pachuca\/index.php\/producto\/barra-de-union-con-1000-a-de-capacidad-incluye-montaje-para-muro-y-aisladores\/"},"modified":"2026-03-18T21:11:14","modified_gmt":"2026-03-18T21:11:14","slug":"barra-de-union-con-1000-a-de-capacidad-incluye-montaje-para-muro-y-aisladores","status":"publish","type":"product","link":"https:\/\/soydeaqui.ddns.net\/pachuca\/index.php\/producto\/barra-de-union-con-1000-a-de-capacidad-incluye-montaje-para-muro-y-aisladores\/","title":{"rendered":"Barra de Uni\u00f3n con 1000 A de Capacidad. Incluye Montaje para Muro y Aisladores."},"content":{"rendered":"<div style='width: 100%; max-width: 1200px; margin: 0 auto; font-family: sans-serif; line-height: 1.6; color: inherit; background-color: transparent;'> <!-- Imagen principal --> <\/p>\n<div style='text-align: center; margin: 30px 0;'> <img style='width: 100%; max-width: 400px; height: auto; border: 1px solid rgba(150&comma;150&comma;150&comma;0.3); border-radius: 8px;' src='https:\/\/ftp3.syscom.mx\/usuarios\/fotos\/AT5315KIT\/183255-logo-lpg.png' alt=''> <\/div>\n<p> <!-- Descripci\u00f3n principal --> <\/p>\n<div style='margin-bottom: 30px; font-size: 15px;'>\n<p>Su principal funci\u00f3n consiste en brindar puntos de conexi\u00f3n de las diferentes aplicaciones que se desean proteger hacia un sistema de puesta a tierra com\u00fan&comma; el cual puede conformarse de uno o m\u00e1s electrodos de puesta a tierra.<\/p>\n<p>La uni\u00f3n se realiza mediante hilos de tierra&comma; los cuales son conductores el\u00e9ctricos empalmados a trav\u00e9s de conectores mec\u00e1nicos&comma; de manera que deben llegar a cada borne de dicha barra de uni\u00f3n.<\/p>\n<p>La barra cuenta con la torniller\u00eda requerida para poder crear su uni\u00f3n o empalme con los conductores&comma; esta torniller\u00eda es de acero inoxidable la cual nos ayudar\u00e1 a que perdure la continuidad el\u00e9ctrica en el mayor tiempo posible y as\u00ed nuestro sistema sea efectivo al momento de drenar una corriente de falla.<\/p>\n<\/p><\/div>\n<p> <!-- Secci\u00f3n de beneficios&comma; aplicaciones&comma; caracter\u00edsticas --> <\/p>\n<div style='display: flex; flex-wrap: wrap; gap: 30px; margin-bottom: 30px;'> <!-- Beneficios --> <\/p>\n<div style='flex: 1 1 300px; min-width: 280px;'>\n<h3 style='font-size: 20px; border-bottom: 2px solid currentColor; padding-bottom: 5px; margin-top: 0; color: inherit; opacity: 0.8;'>Beneficios<\/h3>\n<ul style='padding-left: 20px; font-size: 14px; color: inherit;'>\n<li style='margin-bottom: 5px;'>F\u00e1cil de instalar<\/li>\n<li style='margin-bottom: 5px;'>Permite su revisi\u00f3n y mantenimiento en las conexiones.<\/li>\n<li style='margin-bottom: 5px;'>Permite su conexi\u00f3n mediante conectores mec\u00e1nicos o de compresi\u00f3n.<\/li>\n<li style='margin-bottom: 5px;'>Cumple con est\u00e1ndares en telecomunicaciones EIA\/TIA J-STD-607-A&comma; BICSI&comma; TMGB y TGB.<\/li>\n<\/ul><\/div>\n<p> <!-- Aplicaciones --> <\/p>\n<div style='flex: 1 1 300px; min-width: 280px;'>\n<h3 style='font-size: 20px; border-bottom: 2px solid currentColor; padding-bottom: 5px; margin-top: 0; color: inherit; opacity: 0.8;'>Aplicaciones<\/h3>\n<ul style='padding-left: 20px; font-size: 14px; color: inherit;'>\n<li style='margin-bottom: 5px;'>Barra de uni\u00f3n para telecomunicaciones.<\/li>\n<li style='margin-bottom: 5px;'>Distribuci\u00f3n a tierra para CCTV<\/li>\n<li style='margin-bottom: 5px;'>Distribuci\u00f3n de hilo para tableros el\u00e9ctricos.<\/li>\n<li style='margin-bottom: 5px;'>Derivaci\u00f3n de hilos de tierra en SITE (MDF e IDF).<\/li>\n<\/ul><\/div>\n<p> <!-- Caracter\u00edsticas --> <\/p>\n<div style='flex: 1 1 300px; min-width: 280px;'>\n<h3 style='font-size: 20px; border-bottom: 2px solid currentColor; padding-bottom: 5px; margin-top: 0; color: inherit; opacity: 0.8;'>Caracter\u00edsticas<\/h3>\n<ul style='padding-left: 20px; font-size: 14px; color: inherit;'>\n<li style='margin-bottom: 5px;'>Solera fabricada en cobre.<\/li>\n<li style='margin-bottom: 5px;'>Trapecio de acero galvanizado.<\/li>\n<li style='margin-bottom: 5px;'>Aisladores tipo manzana en color rojo.<\/li>\n<li style='margin-bottom: 5px;'>Torniller\u00eda est\u00e1ndar de acero inoxidable.<\/li>\n<\/ul><\/div>\n<\/p><\/div>\n<p> <!-- Secci\u00f3n de medidas --> <\/p>\n<div style='margin-bottom: 30px;'>\n<h3 style='font-size: 20px; border-bottom: 2px solid currentColor; padding-bottom: 5px; margin-top: 0; color: inherit; opacity: 0.8;'>Medidas<\/h3>\n<ul style='padding-left: 20px; font-size: 14px; color: inherit;'>\n<li style='margin-bottom: 5px;'>Largo: 20.32 cm ( 8 in )<\/li>\n<li style='margin-bottom: 5px;'>Ancho: 5.08 cm ( 2 in )<\/li>\n<li style='margin-bottom: 5px;'>Espesor: 0.64 cm ( 1\/4 in )<\/li>\n<\/ul><\/div>\n<p> <!-- Imagen final --> <\/p>\n<div style='text-align: center; margin: 30px 0;'> <img style='width: 100%; max-width: 588px; height: auto; border: 1px solid rgba(150&comma;150&comma;150&comma;0.3); border-radius: 8px;' src='https:\/\/ftp3.syscom.mx\/usuarios\/fotos\/LPBUSMURO\/176320-cot3.jpg' alt=''> <\/div>\n<p> <!-- Separador final --> <\/p>\n<hr style='border: 0; border-top: 1px solid rgba(150&comma; 150&comma; 150&comma; 0.3); margin: 30px 0;'> <\/div>\n","protected":false},"excerpt":{"rendered":"<p>Barra de Uni\u00f3n con 1000 A de Capacidad. Incluye Montaje para Muro y Aisladores.<\/p>\n","protected":false},"featured_media":47516,"comment_status":"open","ping_status":"closed","template":"","meta":[],"product_brand":[],"product_cat":[633],"product_tag":[634,435,605],"class_list":{"0":"post-47517","1":"product","2":"type-product","3":"status-publish","4":"has-post-thumbnail","6":"product_cat-accesorios-para-rack-gabinetes","7":"product_tag-accesorios-para-rack-gabinetes","8":"product_tag-linkedpro-by-epcom","9":"product_tag-racks-y-gabinetes","11":"first","12":"instock","13":"sale","14":"shipping-taxable","15":"purchasable","16":"product-type-simple"},"_links":{"self":[{"href":"https:\/\/soydeaqui.ddns.net\/pachuca\/index.php\/wp-json\/wp\/v2\/product\/47517","targetHints":{"allow":["GET"]}}],"collection":[{"href":"https:\/\/soydeaqui.ddns.net\/pachuca\/index.php\/wp-json\/wp\/v2\/product"}],"about":[{"href":"https:\/\/soydeaqui.ddns.net\/pachuca\/index.php\/wp-json\/wp\/v2\/types\/product"}],"replies":[{"embeddable":true,"href":"https:\/\/soydeaqui.ddns.net\/pachuca\/index.php\/wp-json\/wp\/v2\/comments?post=47517"}],"wp:featuredmedia":[{"embeddable":true,"href":"https:\/\/soydeaqui.ddns.net\/pachuca\/index.php\/wp-json\/wp\/v2\/media\/47516"}],"wp:attachment":[{"href":"https:\/\/soydeaqui.ddns.net\/pachuca\/index.php\/wp-json\/wp\/v2\/media?parent=47517"}],"wp:term":[{"taxonomy":"product_brand","embeddable":true,"href":"https:\/\/soydeaqui.ddns.net\/pachuca\/index.php\/wp-json\/wp\/v2\/product_brand?post=47517"},{"taxonomy":"product_cat","embeddable":true,"href":"https:\/\/soydeaqui.ddns.net\/pachuca\/index.php\/wp-json\/wp\/v2\/product_cat?post=47517"},{"taxonomy":"product_tag","embeddable":true,"href":"https:\/\/soydeaqui.ddns.net\/pachuca\/index.php\/wp-json\/wp\/v2\/product_tag?post=47517"}],"curies":[{"name":"wp","href":"https:\/\/api.w.org\/{rel}","templated":true}]}}