{"id":47464,"date":"2026-03-18T21:09:24","date_gmt":"2026-03-18T21:09:24","guid":{"rendered":"https:\/\/soydeaqui.ddns.net\/pachuca\/index.php\/producto\/structuredground-soporte-para-cable-auxiliar-para-uso-con-charolas-wyr-grid-de-panduit\/"},"modified":"2026-03-18T21:09:31","modified_gmt":"2026-03-18T21:09:31","slug":"structuredground-soporte-para-cable-auxiliar-para-uso-con-charolas-wyr-grid-de-panduit","status":"publish","type":"product","link":"https:\/\/soydeaqui.ddns.net\/pachuca\/index.php\/producto\/structuredground-soporte-para-cable-auxiliar-para-uso-con-charolas-wyr-grid-de-panduit\/","title":{"rendered":"StructuredGround\u2122 Soporte para Cable Auxiliar, Para Uso Con Charolas Wyr-Grid\u00ae de Panduit"},"content":{"rendered":"<div style='width: 100%; max-width: 1200px; margin: 0 auto; font-family: sans-serif; line-height: 1.6; color: inherit; background-color: transparent;'> <!-- Imagen del producto --> <\/p>\n<div style='width: 100%; margin-bottom: 30px;'> <img style='width: 100%; max-width: 300px; height: auto; border: 1px solid rgba(150&comma;150&comma;150&comma;0.3); border-radius: 8px;' src='https:\/\/ftp3.syscom.mx\/usuarios\/fotos\/SCL2\/0X\/214870-217843-panduit-logo-tm-negro-fondo_trans30-01_(002)_(1).png' alt='Logo Panduit'> <\/div>\n<p> <!-- T\u00edtulo y modelo --> <\/p>\n<div style='margin-bottom: 20px;'>\n<h1 style='font-size: 28px; margin: 0 0 15px; color: inherit; opacity: 0.9; font-weight: 500; border-bottom: 2px solid rgba(150&comma;150&comma;150&comma;0.3); padding-bottom: 8px; display: inline-block;'>StructuredGround\u2122 Soporte para cable auxiliar<\/h1>\n<div style='font-size: 20px; color: inherit; opacity: 0.8; margin-top: 10px;'>GACB2<\/div>\n<\/p><\/div>\n<p> <!-- Descripci\u00f3n general --> <\/p>\n<div style='margin-bottom: 30px;'>\n<p style='font-size: 16px; margin: 0 0 15px; color: inherit;'> El soporte para cable auxiliar GACB-2 une racks escalonados&comma; cestas de cables y sistemas Panduit\u2122 Wyr-Grid\u2122 juntos sin perforar orificios. Los dientes perforadores de pintura proporcionan continuidad el\u00e9ctrica entre las secciones del conducto de cable y minimizan la suciedad. Las opciones de tornillo de montaje trasero y delantero facilitan la instalaci\u00f3n y la inspecci\u00f3n visual mientras soportan conductores de conexi\u00f3n a tierra en salas de telecomunicaciones. <\/p>\n<\/p><\/div>\n<p> <!-- Caracter\u00edsticas --> <\/p>\n<div style='display: flex; flex-wrap: wrap; gap: 30px; margin-bottom: 30px;'>\n<div style='flex: 1 1 300px; min-width: 280px;'>\n<h3 style='font-size: 22px; border-bottom: 2px solid currentColor; padding-bottom: 5px; margin-top: 0; color: inherit; opacity: 0.8;'>Caracter\u00edsticas<\/h3>\n<ul style='padding-left: 20px; font-size: 15px; color: inherit; list-style: disc inside none;'>\n<li style='margin-bottom: 5px;'>Acabado\/Revestimiento: Zinc<\/li>\n<li style='margin-bottom: 5px;'>Ancho total (pulg.): 1.63<\/li>\n<li style='margin-bottom: 5px;'>Ancho total (mm): 41.4<\/li>\n<li style='margin-bottom: 5px;'>Profundidad total (pulg.): 3.71<\/li>\n<li style='margin-bottom: 5px;'>Profundidad total (mm): 94.2<\/li>\n<li style='margin-bottom: 5px;'>Altura total (pulg.): 4.18<\/li>\n<li style='margin-bottom: 5px;'>Altura total (mm): 106.1<\/li>\n<li style='margin-bottom: 5px;'>Para uso con Wyr-grid y riel lateral de rack de 1-1\/2&#8242; y 2&#8242;<\/li>\n<li style='margin-bottom: 5px;'>Cumple con RoHS&comma; UL 467&comma; CSA 22.2 No.41-13&comma; TIA-607-C<\/li>\n<\/ul><\/div>\n<\/p><\/div>\n<p> <!-- Separador final --> <\/p>\n<hr style='border: 0; border-top: 1px solid rgba(150&comma; 150&comma; 150&comma; 0.3); margin: 30px 0;'> <\/div>\n","protected":false},"excerpt":{"rendered":"<p>StructuredGround\u2122 Soporte para Cable Auxiliar, Para Uso Con Charolas Wyr-Grid\u00ae de Panduit<\/p>\n","protected":false},"featured_media":47463,"comment_status":"open","ping_status":"closed","template":"","meta":[],"product_brand":[],"product_cat":[633],"product_tag":[634,445,605],"class_list":{"0":"post-47464","1":"product","2":"type-product","3":"status-publish","4":"has-post-thumbnail","6":"product_cat-accesorios-para-rack-gabinetes","7":"product_tag-accesorios-para-rack-gabinetes","8":"product_tag-panduit","9":"product_tag-racks-y-gabinetes","11":"first","12":"outofstock","13":"sale","14":"shipping-taxable","15":"purchasable","16":"product-type-simple"},"_links":{"self":[{"href":"https:\/\/soydeaqui.ddns.net\/pachuca\/index.php\/wp-json\/wp\/v2\/product\/47464","targetHints":{"allow":["GET"]}}],"collection":[{"href":"https:\/\/soydeaqui.ddns.net\/pachuca\/index.php\/wp-json\/wp\/v2\/product"}],"about":[{"href":"https:\/\/soydeaqui.ddns.net\/pachuca\/index.php\/wp-json\/wp\/v2\/types\/product"}],"replies":[{"embeddable":true,"href":"https:\/\/soydeaqui.ddns.net\/pachuca\/index.php\/wp-json\/wp\/v2\/comments?post=47464"}],"wp:featuredmedia":[{"embeddable":true,"href":"https:\/\/soydeaqui.ddns.net\/pachuca\/index.php\/wp-json\/wp\/v2\/media\/47463"}],"wp:attachment":[{"href":"https:\/\/soydeaqui.ddns.net\/pachuca\/index.php\/wp-json\/wp\/v2\/media?parent=47464"}],"wp:term":[{"taxonomy":"product_brand","embeddable":true,"href":"https:\/\/soydeaqui.ddns.net\/pachuca\/index.php\/wp-json\/wp\/v2\/product_brand?post=47464"},{"taxonomy":"product_cat","embeddable":true,"href":"https:\/\/soydeaqui.ddns.net\/pachuca\/index.php\/wp-json\/wp\/v2\/product_cat?post=47464"},{"taxonomy":"product_tag","embeddable":true,"href":"https:\/\/soydeaqui.ddns.net\/pachuca\/index.php\/wp-json\/wp\/v2\/product_tag?post=47464"}],"curies":[{"name":"wp","href":"https:\/\/api.w.org\/{rel}","templated":true}]}}