{"id":47348,"date":"2026-03-18T21:05:53","date_gmt":"2026-03-18T21:05:53","guid":{"rendered":"https:\/\/soydeaqui.ddns.net\/pachuca\/index.php\/producto\/controlador-solar-mppt-40a-maximo-voltaje-de-circuito-abierto-voc-100vcc-programado-p-bateria-de-litio-en-sistema-a-12v\/"},"modified":"2026-03-18T21:05:55","modified_gmt":"2026-03-18T21:05:55","slug":"controlador-solar-mppt-40a-maximo-voltaje-de-circuito-abierto-voc-100vcc-programado-p-bateria-de-litio-en-sistema-a-12v","status":"publish","type":"product","link":"https:\/\/soydeaqui.ddns.net\/pachuca\/index.php\/producto\/controlador-solar-mppt-40a-maximo-voltaje-de-circuito-abierto-voc-100vcc-programado-p-bateria-de-litio-en-sistema-a-12v\/","title":{"rendered":"Controlador Solar MPPT 40A, M\u00e1ximo Voltaje de Circuito Abierto Voc 100Vcc, Programado p\/ Bateria de Litio en sistema a 12V"},"content":{"rendered":"<div style='width: 100%; max-width: 1200px; margin: 0 auto; font-family: sans-serif; line-height: 1.6; color: inherit; background-color: transparent;'> <!-- T\u00edtulo principal --> <\/p>\n<div style='margin-bottom: 20px;'>\n<h3 style='font-size: 22px; margin: 0; color: inherit;'> <strong style='color: #2880b9; font-size: 1.2em;'>Controlador solar para bater\u00eda de litio modelo LI-10012C para sistema a 12V<\/strong> <\/h3>\n<h3 style='font-size: 22px; margin: 0; color: #2880b9;'> para sistema a 24 volts requiere programaci\u00f3n <\/h3>\n<\/p><\/div>\n<p> <!-- Caracter\u00edsticas principales --> <\/p>\n<div style='margin-bottom: 30px;'>\n<h4 style='font-size: 18px; border-bottom: 2px solid currentColor; padding-bottom: 5px; margin-top: 0; margin-bottom: 15px; color: inherit; opacity: 0.8;'>Caracter\u00edsticas Generales<\/h4>\n<ul style='padding-left: 20px; font-size: 15px; color: inherit; list-style-type: disc;'>\n<li style='margin-bottom: 5px;'>Serie Xtra-N<\/li>\n<li style='margin-bottom: 5px;'>Controlador con Tecnolog\u00eda Avanzada MPPT&comma; tierra negativo com\u00fan<\/li>\n<li style='margin-bottom: 5px;'>Dise\u00f1o a prueba de polvo e impermeable con clase IP32<\/li>\n<li style='margin-bottom: 5px;'>Amplio rango de voltaje de operaci\u00f3n MPP<\/li>\n<li style='margin-bottom: 5px;'>M\u00faltiples modos de trabajo de carga<\/li>\n<li style='margin-bottom: 5px;'>Con la interfaz del bus de comunicaci\u00f3n RS-485<\/li>\n<li style='margin-bottom: 5px;'>Amplia protecci\u00f3n electr\u00f3nica<\/li>\n<\/ul><\/div>\n<p> <!-- Secci\u00f3n de alerta importante --> <\/p>\n<div style='margin-bottom: 30px;'>\n<h4 style='font-size: 18px; border-bottom: 2px solid currentColor; padding-bottom: 5px; margin-top: 0; margin-bottom: 15px; color: inherit; opacity: 0.8;'>Importante<\/h4>\n<ul style='padding-left: 20px; font-size: 15px; color: inherit; list-style-type: disc;'>\n<li style='margin-bottom: 5px; color: inherit;'><strong style='color: inherit;'>&#8211; La carga y descarga de esta bater\u00eda de Litio (LiFePO<sub style='font-size: 10px; vertical-align: sub;'>4<\/sub>) se deber\u00e1 hacer respetando los par\u00e1metros en la especificaci\u00f3n del producto<\/strong><\/li>\n<li style='margin-bottom: 5px; color: inherit;'><strong style='color: inherit;'>&#8211; Para sistemas de energ\u00eda solar se recomienda utilizar controlador de carga marca EPEVER Serie XTRA-XXXX-N&comma; se requieren programaci\u00f3n de par\u00e1metros para bater\u00eda (LiFePO<sub style='font-size: 10px; vertical-align: sub;'>4<\/sub>)<\/strong><\/li>\n<li style='margin-bottom: 5px; color: inherit;'><strong style='color: inherit;'>&#8211; Consulte con nuestro departamento de Ingenier\u00eda para su instalaci\u00f3n<\/strong><\/li>\n<\/ul><\/div>\n<p> <!-- Tabla de modelos --> <\/p>\n<div style='margin-bottom: 30px;'>\n<h4 style='font-size: 18px; border-bottom: 2px solid currentColor; padding-bottom: 5px; margin-top: 0; margin-bottom: 15px; color: inherit; opacity: 0.8;'>Modelos<\/h4>\n<div style='display: flex; flex-direction: column; gap: 10px; font-size: 15px; color: inherit;'>\n<div><strong>XTRA-2210N<\/strong> &#8211; Controlador Solar MPPT 20A 12\/24V&comma; Voc 100Vcc<\/div>\n<div><strong>XTRA-3210N<\/strong> &#8211; Controlador Solar MPPT 30A 12\/24V&comma; Voc 100Vcc<\/div>\n<div><strong>XTRA-4210N<\/strong> &#8211; Controlador Solar MPPT 40A 12\/24V&comma; Voc 100Vcc<\/div>\n<div><strong>XTRA-4210N-XDS2-LI<\/strong> &#8211; Controlador Solar MPPT 40A 12\/24V&comma; Voc 100Vcc<\/div>\n<\/p><\/div>\n<\/p><\/div>\n<p> <!-- Nota final --> <\/p>\n<div style='margin-bottom: 30px;'>\n<h4 style='font-size: 18px; border-bottom: 2px solid currentColor; padding-bottom: 5px; margin-top: 0; margin-bottom: 15px; color: inherit; opacity: 0.8;'>Notas de Instalaci\u00f3n<\/h4>\n<ul style='padding-left: 20px; font-size: 15px; color: inherit; list-style-type: disc;'>\n<li style='margin-bottom: 5px; color: inherit;'><strong style='color: inherit;'>&#8211; El controlador no puede identificar autom\u00e1ticamente el voltaje de 24 volts&comma; requiere programaci\u00f3n manual<\/strong><\/li>\n<li style='margin-bottom: 5px; color: inherit;'><strong style='color: inherit;'>&#8211; Para programaci\u00f3n y verificaci\u00f3n de par\u00e1metros se deber\u00e1n seguir las instrucciones de los documentos anexos en pesta\u00f1a de descarga<\/strong><\/li>\n<li style='margin-bottom: 5px; color: #2880b9;'>Manual-Lithium-iron-phosphate-(LiFePO<sub style='font-size: 10px; vertical-align: sub;'>4<\/sub>)<\/li>\n<li style='margin-bottom: 5px; color: #2880b9;'>Programaci\u00f3n de Par\u00e1metros de Controlador XTRA-XXXX-N para Bater\u00eda de Litio (LiFePO<sub style='font-size: 10px; vertical-align: sub;'>4<\/sub>)_R2<\/li>\n<\/ul><\/div>\n<\/p><\/div>\n","protected":false},"excerpt":{"rendered":"<p>Controlador Solar MPPT 40A, M\u00e1ximo Voltaje de Circuito Abierto Voc 100Vcc, Programado p\/ Bateria de Litio en sistema a 12V<\/p>\n","protected":false},"featured_media":47347,"comment_status":"open","ping_status":"closed","template":"","meta":[],"product_brand":[],"product_cat":[1117],"product_tag":[1118,964,1182],"class_list":{"0":"post-47348","1":"product","2":"type-product","3":"status-publish","4":"has-post-thumbnail","6":"product_cat-controladores-de-carga-mppt","7":"product_tag-controladores-de-carga-mppt","8":"product_tag-energia-solar","9":"product_tag-epever","11":"first","12":"outofstock","13":"sale","14":"shipping-taxable","15":"purchasable","16":"product-type-simple"},"_links":{"self":[{"href":"https:\/\/soydeaqui.ddns.net\/pachuca\/index.php\/wp-json\/wp\/v2\/product\/47348","targetHints":{"allow":["GET"]}}],"collection":[{"href":"https:\/\/soydeaqui.ddns.net\/pachuca\/index.php\/wp-json\/wp\/v2\/product"}],"about":[{"href":"https:\/\/soydeaqui.ddns.net\/pachuca\/index.php\/wp-json\/wp\/v2\/types\/product"}],"replies":[{"embeddable":true,"href":"https:\/\/soydeaqui.ddns.net\/pachuca\/index.php\/wp-json\/wp\/v2\/comments?post=47348"}],"wp:featuredmedia":[{"embeddable":true,"href":"https:\/\/soydeaqui.ddns.net\/pachuca\/index.php\/wp-json\/wp\/v2\/media\/47347"}],"wp:attachment":[{"href":"https:\/\/soydeaqui.ddns.net\/pachuca\/index.php\/wp-json\/wp\/v2\/media?parent=47348"}],"wp:term":[{"taxonomy":"product_brand","embeddable":true,"href":"https:\/\/soydeaqui.ddns.net\/pachuca\/index.php\/wp-json\/wp\/v2\/product_brand?post=47348"},{"taxonomy":"product_cat","embeddable":true,"href":"https:\/\/soydeaqui.ddns.net\/pachuca\/index.php\/wp-json\/wp\/v2\/product_cat?post=47348"},{"taxonomy":"product_tag","embeddable":true,"href":"https:\/\/soydeaqui.ddns.net\/pachuca\/index.php\/wp-json\/wp\/v2\/product_tag?post=47348"}],"curies":[{"name":"wp","href":"https:\/\/api.w.org\/{rel}","templated":true}]}}