{"id":47341,"date":"2026-03-18T21:05:39","date_gmt":"2026-03-18T21:05:39","guid":{"rendered":"https:\/\/soydeaqui.ddns.net\/pachuca\/index.php\/producto\/cinta-electrica-stronghold-para-aislar-de-pvc-uso-general-reparacion-y-mantenimiento-grosor-de-0-18mm-7-mil-ancho-de-19mm-y-20-12m-de-largo-color-violeta\/"},"modified":"2026-03-18T21:05:47","modified_gmt":"2026-03-18T21:05:47","slug":"cinta-electrica-stronghold-para-aislar-de-pvc-uso-general-reparacion-y-mantenimiento-grosor-de-0-18mm-7-mil-ancho-de-19mm-y-20-12m-de-largo-color-violeta","status":"publish","type":"product","link":"https:\/\/soydeaqui.ddns.net\/pachuca\/index.php\/producto\/cinta-electrica-stronghold-para-aislar-de-pvc-uso-general-reparacion-y-mantenimiento-grosor-de-0-18mm-7-mil-ancho-de-19mm-y-20-12m-de-largo-color-violeta\/","title":{"rendered":"Cinta El\u00e9ctrica STRONGHOLD para Aislar, de PVC, Uso General Reparaci\u00f3n y Mantenimiento, Grosor de 0.18mm (7 mil), Ancho de 19mm, y 20.12m de Largo, Color Violeta"},"content":{"rendered":"<div style='width: 100%; max-width: 1200px; margin: 0 auto; font-family: sans-serif; line-height: 1.6; color: inherit; background-color: transparent;'> <!-- Descripci\u00f3n principal --> <\/p>\n<div style='margin-bottom: 30px;'>\n<p style='font-size: 15px; margin-bottom: 15px; color: inherit;'>Excelentes propiedades de conformaci\u00f3n y facilidad para romperla gracias a su capacidad de alargamiento o elongaci\u00f3n. Adhesivo no corrosivo y sensible a la presi\u00f3n&comma; elimina la necesidad del uso de catalizadores durante su aplicaci\u00f3n. Las cintas son ign\u00edfugas y resistentes&comma; y sirven como aislante primario al utilizarse como aislador de hasta 600V.<\/p>\n<\/p><\/div>\n<p> <!-- Secci\u00f3n de especificaciones t\u00e9cnicas --> <\/p>\n<div style='margin-bottom: 30px;'>\n<h3 style='font-size: 20px; border-bottom: 2px solid currentColor; padding-bottom: 5px; margin-top: 0; margin-bottom: 15px; color: inherit; opacity: 0.8;'>Especificaciones t\u00e9cnicas<\/h3>\n<ul style='padding-left: 20px; font-size: 15px; margin-bottom: 20px; color: inherit;'>\n<li style='margin-bottom: 5px;'>Material: PVC<\/li>\n<li style='margin-bottom: 5px;'>Ambiente: Interior\/Exterior<\/li>\n<li style='margin-bottom: 5px;'>Temperatura de operaci\u00f3n: -10\u00baC a 80\u00baC<\/li>\n<li style='margin-bottom: 5px;'>Fuerza de rotura: 24.72 N\/cm TYP<\/li>\n<li style='margin-bottom: 5px;'>Fuerza de adhesi\u00f3n: 1.97 N\/cm TYP<\/li>\n<li style='margin-bottom: 5px;'>Elongaci\u00f3n: 200% TYP<\/li>\n<li style='margin-bottom: 5px;'>Tensi\u00f3n de ruptura diel\u00e9ctrica (V): 7000<\/li>\n<li style='margin-bottom: 5px;'>Flamabilidad: UL 510<\/li>\n<li style='margin-bottom: 5px;'>Material de soporte adhesivo: Caucho<\/li>\n<li style='margin-bottom: 5px;'>Durabilidad: 5 a\u00f1os<\/li>\n<li style='margin-bottom: 5px;'>Espesor: 0.18 mm<\/li>\n<li style='margin-bottom: 5px;'>Ancho: 19.05 mm<\/li>\n<li style='margin-bottom: 5px;'>Largo: 20.12 metros<\/li>\n<\/ul><\/div>\n<p> <!-- Notas --> <\/p>\n<div style='margin-bottom: 30px;'>\n<p style='font-size: 14px; color: inherit; opacity: 0.8; margin: 0;'>*Notas: N\/cm se refiere a Newtons por cent\u00edmetro. TYP se refiere al valor t\u00edpico.<\/p>\n<\/p><\/div>\n<p> <!-- Video --> <\/p>\n<div style='margin-bottom: 30px;'>\n<div style='position: relative; padding-bottom: 56.25%; height: 0; overflow: hidden;'>   <\/div>\n<\/p><\/div>\n<\/p><\/div>\n","protected":false},"excerpt":{"rendered":"<p>Cinta El\u00e9ctrica STRONGHOLD para Aislar, de PVC, Uso General Reparaci\u00f3n y Mantenimiento, Grosor de 0.18mm (7 mil), Ancho de 19mm, y 20.12m de Largo, Color Violeta<\/p>\n","protected":false},"featured_media":47340,"comment_status":"open","ping_status":"closed","template":"","meta":[],"product_brand":[],"product_cat":[574],"product_tag":[572,575,445],"class_list":{"0":"post-47341","1":"product","2":"type-product","3":"status-publish","4":"has-post-thumbnail","6":"product_cat-fijacion","7":"product_tag-canalizacion","8":"product_tag-fijacion","9":"product_tag-panduit","11":"first","12":"instock","13":"sale","14":"shipping-taxable","15":"purchasable","16":"product-type-simple"},"_links":{"self":[{"href":"https:\/\/soydeaqui.ddns.net\/pachuca\/index.php\/wp-json\/wp\/v2\/product\/47341","targetHints":{"allow":["GET"]}}],"collection":[{"href":"https:\/\/soydeaqui.ddns.net\/pachuca\/index.php\/wp-json\/wp\/v2\/product"}],"about":[{"href":"https:\/\/soydeaqui.ddns.net\/pachuca\/index.php\/wp-json\/wp\/v2\/types\/product"}],"replies":[{"embeddable":true,"href":"https:\/\/soydeaqui.ddns.net\/pachuca\/index.php\/wp-json\/wp\/v2\/comments?post=47341"}],"wp:featuredmedia":[{"embeddable":true,"href":"https:\/\/soydeaqui.ddns.net\/pachuca\/index.php\/wp-json\/wp\/v2\/media\/47340"}],"wp:attachment":[{"href":"https:\/\/soydeaqui.ddns.net\/pachuca\/index.php\/wp-json\/wp\/v2\/media?parent=47341"}],"wp:term":[{"taxonomy":"product_brand","embeddable":true,"href":"https:\/\/soydeaqui.ddns.net\/pachuca\/index.php\/wp-json\/wp\/v2\/product_brand?post=47341"},{"taxonomy":"product_cat","embeddable":true,"href":"https:\/\/soydeaqui.ddns.net\/pachuca\/index.php\/wp-json\/wp\/v2\/product_cat?post=47341"},{"taxonomy":"product_tag","embeddable":true,"href":"https:\/\/soydeaqui.ddns.net\/pachuca\/index.php\/wp-json\/wp\/v2\/product_tag?post=47341"}],"curies":[{"name":"wp","href":"https:\/\/api.w.org\/{rel}","templated":true}]}}