{"id":47335,"date":"2026-03-18T21:05:26","date_gmt":"2026-03-18T21:05:26","guid":{"rendered":"https:\/\/soydeaqui.ddns.net\/pachuca\/index.php\/producto\/refrigerador-combinado-solar-de-220l-7-7-ft3-12-24v-alta-capacidad-optimo-para-operacion-sin-red-electrica-rendimiento-superior-2\/"},"modified":"2026-03-18T21:05:35","modified_gmt":"2026-03-18T21:05:35","slug":"refrigerador-combinado-solar-de-220l-7-7-ft3-12-24v-alta-capacidad-optimo-para-operacion-sin-red-electrica-rendimiento-superior-2","status":"publish","type":"product","link":"https:\/\/soydeaqui.ddns.net\/pachuca\/index.php\/producto\/refrigerador-combinado-solar-de-220l-7-7-ft3-12-24v-alta-capacidad-optimo-para-operacion-sin-red-electrica-rendimiento-superior-2\/","title":{"rendered":"Refrigerador Combinado Solar de 220L (7.7 ft3) &#8211; 12\/24V, Alta Capacidad, Optimo Para Operaci\u00f3n Sin Red El\u00e9ctrica, Rendimiento Superior."},"content":{"rendered":"<div style='width: 100%; max-width: 1200px; margin: 0 auto; font-family: sans-serif; line-height: 1.6; color: inherit; background-color: transparent;'>\n<div style='width: 100%;'> <img style='width: 100%; height: auto; border: 1px solid rgba(150&comma;150&comma;150&comma;0.3); border-radius: 8px;' src='https:\/\/ftp3.syscom.mx\/usuarios\/ftp\/single_page\/refri_epcom2\/refri_1.jpg' alt='Refrigerador Combinado Solar'> <\/div>\n<div style='margin-top: 30px; margin-bottom: 30px;'>\n<p style='font-size: 16px; color: inherit; text-align: center; background-color: transparent;'> <span style='color: inherit;'> El refrigerador combinado solar de 220L es una soluci\u00f3n de alta capacidad y rendimiento para aplicaciones aisladas de la red el\u00e9ctrica. Opera en 12 o 24 Vcc&comma; lo que elimina la necesidad de un inversor y reduce costos y posibilidades de fallo en el sistema. Es vers\u00e1til&comma; eficiente energ\u00e9ticamente y compatible con m\u00faltiples configuraciones de voltaje. <\/span> <\/p>\n<\/p><\/div>\n<div style='display: flex; flex-wrap: wrap; gap: 30px; margin-bottom: 30px;'>\n<div style='flex: 1 1 300px; min-width: 280px;'>\n<h3 style='font-size: 20px; border-bottom: 2px solid currentColor; padding-bottom: 5px; margin-top: 0; color: inherit; opacity: 0.8;'>Especificaciones t\u00e9cnicas:<\/h3>\n<ul style='padding-left: 20px; font-size: 15px; color: inherit;'>\n<li style='margin-bottom: 5px;'>Voltaje de entrada: 12\/24 Vcc<\/li>\n<li style='margin-bottom: 5px;'>Capacidad (total): 220 L (7.7 ft3)<\/li>\n<li style='margin-bottom: 5px;'>Capacidad (refrigerador): 180 L<\/li>\n<li style='margin-bottom: 5px;'>Capacidad (congelador): 40 L<\/li>\n<li style='margin-bottom: 5px;'>Rango de temperatura (refrigerador): 0 &#8211; 10 \u00b0C<\/li>\n<li style='margin-bottom: 5px;'>Rango de temperatura (congelador): &gt;-18 \u00b0C<\/li>\n<li style='margin-bottom: 5px;'>Refrigerante: R134a<\/li>\n<li style='margin-bottom: 5px;'>Dimensiones: 550 x 565 x 1448 mm<\/li>\n<li style='margin-bottom: 5px;'>Peso: 39 kg<\/li>\n<\/ul><\/div>\n<div style='flex: 1 1 300px; min-width: 280px;'> <img style='width: 100%; height: auto; border: 1px solid rgba(150&comma;150&comma;150&comma;0.3); border-radius: 8px;' src='https:\/\/ftp3.syscom.mx\/usuarios\/ftp\/single_page\/refri_epcom2\/re3.jpg' alt='Refrigerador Solar'> <\/div>\n<\/p><\/div>\n<div style='margin: 30px 0;'>\n<h2 style='font-size: 20px; color: inherit; text-align: center; margin-top: 0; margin-bottom: 15px;'>Diagrama de conexi\u00f3n en 12 Vcc<\/h2>\n<div> <img style='width: 100%; height: auto; border: 1px solid rgba(150&comma;150&comma;150&comma;0.3); border-radius: 8px;' src='https:\/\/ftp3.syscom.mx\/usuarios\/ftp\/single_page\/refri_epcom\/dia_1.jpg' alt='Diagrama 12V'> <\/div>\n<\/p><\/div>\n<div style='margin: 30px 0;'>\n<h2 style='font-size: 20px; color: inherit; text-align: center; margin-top: 0; margin-bottom: 15px;'>Diagrama de conexi\u00f3n en 24 Vcc<\/h2>\n<div> <img style='width: 100%; height: auto; border: 1px solid rgba(150&comma;150&comma;150&comma;0.3); border-radius: 8px;' src='https:\/\/ftp3.syscom.mx\/usuarios\/ftp\/single_page\/refri_epcom\/dia_2.jpg' alt='Diagrama 24V'> <\/div>\n<\/p><\/div>\n<div style='margin: 30px 0;'>\n<p style='font-size: 14px; color: inherit; text-align: center; margin: 0;'> * Los diagramas son representativos&comma; para definir la capacidad del arreglo FV y la capacidad del banco de bater\u00edas es necesario realizar un dimensionamiento adecuado a cada zona&comma; para m\u00e1s informaci\u00f3n favor de comunicarse con el departamento de ingenier\u00eda. <\/p>\n<\/p><\/div>\n<div style='margin: 30px 0;'>\n<h2 style='font-size: 20px; color: inherit; text-align: center; margin-top: 0; margin-bottom: 15px;'>Mantenimiento<\/h2>\n<p style='font-size: 16px; color: inherit; text-align: center;'> Debido a que el refrigerador genera escarcha se recomienda realizar mantenimiento para eliminar la escarcha en el interior del refrigerador por lo menos cada 15 d\u00edas para evitar un bajo rendimiento del equipo. <\/p>\n<\/p><\/div>\n<div style='margin: 30px 0; padding: 20px; border-radius: 8px; background: linear-gradient(to bottom&comma; rgba(255&comma;255&comma;255&comma;0.05) 0%&comma; rgba(255&comma;255&comma;255&comma;0.1) 100%);'>\n<h2 style='font-size: 20px; color: inherit; text-align: center; margin-top: 0; margin-bottom: 15px;'>Consideraciones<\/h2>\n<p style='font-size: 16px; color: inherit; text-align: center;'> El refrigerador tiene una clasificaci\u00f3n clim\u00e1tica N ~ ST&comma; en la cual&comma; el rango de temperatura ambiente es de 18 &#8211; 38 \u00b0C&comma; distintas condiciones ambientales pueden afectar el desempe\u00f1o del equipo&comma; incrementando su consumo y tiempo de operaci\u00f3n. Tiempo de operaci\u00f3n: 10 horas (la temperatura ambiente puede afectar directamente el tiempo de operaci\u00f3n del equipo). 4 Horas solares pico&comma; (siendo esto un promedio para M\u00e9xico&comma; dependiendo de la ubicaci\u00f3n este valor puede variar). <\/p>\n<p style='font-size: 14px; color: inherit; text-align: center; margin-top: 15px;'> * Se sugiere aclarar dudas con el departamento de ingenier\u00eda. <\/p>\n<\/p><\/div>\n<\/p><\/div>\n","protected":false},"excerpt":{"rendered":"<p>Refrigerador Combinado Solar de 220L (7.7 ft3) &#8211; 12\/24V, Alta Capacidad, Optimo Para Operaci\u00f3n Sin Red El\u00e9ctrica, Rendimiento Superior.<\/p>\n","protected":false},"featured_media":47334,"comment_status":"open","ping_status":"closed","template":"","meta":[],"product_brand":[],"product_cat":[1155],"product_tag":[1156,1144,454],"class_list":{"0":"post-47335","1":"product","2":"type-product","3":"status-publish","4":"has-post-thumbnail","6":"product_cat-boilers-refrigeradores-congeladores","7":"product_tag-boilers-refrigeradores-congeladores","8":"product_tag-climatizacion-refrigeracion","9":"product_tag-epcom-powerline","11":"first","12":"instock","13":"sale","14":"shipping-taxable","15":"purchasable","16":"product-type-simple"},"_links":{"self":[{"href":"https:\/\/soydeaqui.ddns.net\/pachuca\/index.php\/wp-json\/wp\/v2\/product\/47335","targetHints":{"allow":["GET"]}}],"collection":[{"href":"https:\/\/soydeaqui.ddns.net\/pachuca\/index.php\/wp-json\/wp\/v2\/product"}],"about":[{"href":"https:\/\/soydeaqui.ddns.net\/pachuca\/index.php\/wp-json\/wp\/v2\/types\/product"}],"replies":[{"embeddable":true,"href":"https:\/\/soydeaqui.ddns.net\/pachuca\/index.php\/wp-json\/wp\/v2\/comments?post=47335"}],"wp:featuredmedia":[{"embeddable":true,"href":"https:\/\/soydeaqui.ddns.net\/pachuca\/index.php\/wp-json\/wp\/v2\/media\/47334"}],"wp:attachment":[{"href":"https:\/\/soydeaqui.ddns.net\/pachuca\/index.php\/wp-json\/wp\/v2\/media?parent=47335"}],"wp:term":[{"taxonomy":"product_brand","embeddable":true,"href":"https:\/\/soydeaqui.ddns.net\/pachuca\/index.php\/wp-json\/wp\/v2\/product_brand?post=47335"},{"taxonomy":"product_cat","embeddable":true,"href":"https:\/\/soydeaqui.ddns.net\/pachuca\/index.php\/wp-json\/wp\/v2\/product_cat?post=47335"},{"taxonomy":"product_tag","embeddable":true,"href":"https:\/\/soydeaqui.ddns.net\/pachuca\/index.php\/wp-json\/wp\/v2\/product_tag?post=47335"}],"curies":[{"name":"wp","href":"https:\/\/api.w.org\/{rel}","templated":true}]}}