{"id":47329,"date":"2026-03-18T21:05:17","date_gmt":"2026-03-18T21:05:17","guid":{"rendered":"https:\/\/soydeaqui.ddns.net\/pachuca\/index.php\/producto\/electrodo-para-corriente-maxima-de-30-amp-con-compuesto-mejorador-de-terreno\/"},"modified":"2026-03-18T21:05:18","modified_gmt":"2026-03-18T21:05:18","slug":"electrodo-para-corriente-maxima-de-30-amp-con-compuesto-mejorador-de-terreno","status":"publish","type":"product","link":"https:\/\/soydeaqui.ddns.net\/pachuca\/index.php\/producto\/electrodo-para-corriente-maxima-de-30-amp-con-compuesto-mejorador-de-terreno\/","title":{"rendered":"Electrodo para Corriente M\u00e1xima de 30 Amp. con Compuesto Mejorador de Terreno"},"content":{"rendered":"<div style='width: 100%; max-width: 1200px; margin: 0 auto; font-family: sans-serif; line-height: 1.6; color: inherit; background-color: transparent;'>\n<div style='display: flex; flex-wrap: wrap; gap: 30px; margin-bottom: 30px;'>\n<div style='flex: 1 1 300px; min-width: 280px;'>\n<h3 style='font-size: 22px; border-bottom: 2px solid currentColor; padding-bottom: 5px; margin-top: 0; color: inherit; opacity: 0.8;'>Descripci\u00f3n<\/h3>\n<ul style='padding-left: 20px; font-size: 15px; color: inherit;'>\n<li style='margin-bottom: 5px;'>Electrodo fabricado en cobre con tratamiento electrol\u00edtico para obtener mayor conductividad&comma; baja resistencia y durabilidad en terrenos agresivos.<\/li>\n<li style='margin-bottom: 5px;'>Por su dise\u00f1o en forma delta obtiene mayor \u00e1rea de contacto con el terreno y as\u00ed poder disipar de manera eficiente corrientes parasitas.<\/li>\n<li style='margin-bottom: 5px;'>Filtro equipotencial el cual posee la propiedad de amortiguar bajas frecuencias&comma; minimizar ruidos&comma; impedir paso de corrientes de retorno y unir equipotencialmente los electrodos naturales&comma; as\u00ed como prefabricados en sitio.<\/li>\n<li style='margin-bottom: 5px;'>Compuesto reactivador de terreno el cual se compone de minerales conductivos para bajar la resistividad de terreno y mejorar el funcionamiento del sistema de puesta a tierra.<\/li>\n<\/ul><\/div>\n<\/p><\/div>\n<hr style='border: 0; border-top: 1px solid rgba(150&comma; 150&comma; 150&comma; 0.3); margin: 30px 0;'>\n<div style='display: flex; flex-wrap: wrap; gap: 30px; margin-bottom: 30px;'>\n<div style='flex: 1 1 300px; min-width: 280px;'>\n<h3 style='font-size: 22px; border-bottom: 2px solid currentColor; padding-bottom: 5px; margin-top: 0; color: inherit; opacity: 0.8;'>Componentes Recomendados (No Incluidos)<\/h3>\n<div style='border: 1px solid rgba(150&comma; 150&comma; 150&comma; 0.4); border-radius: 8px; overflow: hidden; margin-top: 15px;'>\n<div style='background-color: #2880b9; color: white; padding: 12px; font-weight: bold; font-size: 14px;'>\n<div style='display: flex; justify-content: space-between;'>\n<div style='width: 30%;'>Modelo<\/div>\n<div style='width: 70%;'>Descripci\u00f3n<\/div>\n<\/p><\/div>\n<\/p><\/div>\n<div style='padding: 12px; font-size: 14px; color: inherit;'>\n<div style='display: flex; flex-direction: column; gap: 12px;'>\n<div style='display: flex; justify-content: space-between; border-bottom: 1px solid rgba(150&comma; 150&comma; 150&comma; 0.2); padding: 8px 0;'>\n<div style='width: 30%;'><a style='color: #2880b9; text-decoration: none;' href='https:\/\/www.syscom.mx\/principal\/searchcont?route=SLY-287-GRN-INDIANA-176933&#038;autodetect=SLY-287-GRN' target='_blank' rel='noopener'>SLY-287-GRN<\/a><\/div>\n<div style='width: 70%;'>Cable de Cobre Recubierto THW-LS Calibre 4 AWG 19 Hilos Color Verde<\/div>\n<\/p><\/div>\n<div style='display: flex; justify-content: space-between; border-bottom: 1px solid rgba(150&comma; 150&comma; 150&comma; 0.2); padding: 8px 0;'>\n<div style='width: 30%;'><a style='color: #2880b9; text-decoration: none;' href='https:\/\/www.syscom.mx\/principal\/searchcont?route=SLY-304-GRN-INDIANA-84921&#038;autodetect=SLY-304' target='_blank' rel='noopener'>SLY-304-GRN<\/a><\/div>\n<div style='width: 70%;'>Cable 10 awg color verde<\/div>\n<\/p><\/div>\n<div style='display: flex; justify-content: space-between; border-bottom: 1px solid rgba(150&comma; 150&comma; 150&comma; 0.2); padding: 8px 0;'>\n<div style='width: 30%;'><a style='color: #2880b9; text-decoration: none;' href='https:\/\/www.syscom.mx\/principal\/searchcont?route=PNL-1\/0-L-PANDUIT-141936&#038;autodetect=PNL-1\/0-L' target='_blank' rel='noopener'>PNL-1\/0-L<\/a><\/div>\n<div style='width: 70%;'>Terminal Cal. 8 a 1\/0 AWG&comma; Orificio para perno de 5\/16&#8242;<\/div>\n<\/p><\/div>\n<div style='display: flex; justify-content: space-between; border-bottom: 1px solid rgba(150&comma; 150&comma; 150&comma; 0.2); padding: 8px 0;'>\n<div style='width: 30%;'><a style='color: #2880b9; text-decoration: none;' href='https:\/\/www.syscom.mx\/principal\/searchcont?route=HUB-TP-10-516-HUBBELL-BURNDY-209724&#038;autodetect=HUB-TP-10-516' target='_blank' rel='noopener'>HUB-TP-10-516<\/a><\/div>\n<div style='width: 70%;'>Terminal de Ojillo 5\/16 in (8 mm)\/ Calibre 12-10 AWG<\/div>\n<\/p><\/div>\n<div style='display: flex; justify-content: space-between; border-bottom: 1px solid rgba(150&comma; 150&comma; 150&comma; 0.2); padding: 8px 0;'>\n<div style='width: 30%;'><a style='color: #2880b9; text-decoration: none;' href='https:\/\/www.syscom.mx\/principal\/searchcont?route=HUB-T10-14-HUBBELL-BURNDY-207973&#038;autodetect=HUB-T10-14' target='_blank' rel='noopener'>HUB-T10-14<\/a><\/div>\n<div style='width: 70%;'>Terminal de Ojillo para Tornillo de 1\/4&#8242; (6 mm) y Calibre 12-10 AWG.<\/div>\n<\/p><\/div>\n<div style='display: flex; justify-content: space-between; border-bottom: 1px solid rgba(150&comma; 150&comma; 150&comma; 0.2); padding: 8px 0;'>\n<div style='width: 30%;'><a style='color: #2880b9; text-decoration: none;' href='https:\/\/www.syscom.mx\/producto\/LP-BUS-MURO-LINKEDPRO-176320.html' target='_blank' rel='noopener'>LP-BUS-MURO<\/a><\/div>\n<div style='width: 70%;'>Barra de Uni\u00f3n con 1000 A de Capacidad. Incluye Montaje para Muro y Aisladores<\/div>\n<\/p><\/div>\n<div style='display: flex; justify-content: space-between; border-bottom: 1px solid rgba(150&comma; 150&comma; 150&comma; 0.2); padding: 8px 0;'>\n<div style='width: 30%;'><a style='color: #2880b9; text-decoration: none;' href='https:\/\/www.syscom.mx\/producto\/LP-REGISTRO-7-LINKEDPRO-176311.html' target='_blank' rel='noopener'>LP-REGISTRO-7<\/a><\/div>\n<div style='width: 70%;'>Registro de 7 in para Acceso a Pruebas y Revisi\u00f3n de Electrodo.<\/div>\n<\/p><\/div>\n<div style='display: flex; justify-content: space-between; border-bottom: 1px solid rgba(150&comma; 150&comma; 150&comma; 0.2); padding: 8px 0;'>\n<div style='width: 30%;'><a style='color: #2880b9; text-decoration: none;' href='https:\/\/www.syscom.mx\/producto\/LP-ANTI-CORROSIVO-LINKEDPRO-176236.html' target='_blank' rel='noopener'>LP-ANTICORROSIVO<\/a><\/div>\n<div style='width: 70%;'>Spray de Protecci\u00f3n Anticorrosiva y Diel\u00e9ctrica<\/div>\n<\/p><\/div>\n<div style='display: flex; justify-content: space-between; padding: 8px 0;'>\n<div style='width: 30%;'><a style='color: #2880b9; text-decoration: none;' href='https:\/\/www.syscom.mx\/producto\/LP-CB-20-LINKEDPRO-176313.html' target='_blank' rel='noopener'>LP-CB-20<\/a><\/div>\n<div style='width: 70%;'>Conector Tipo Zapata para Bornes de 1\/2&#8242; a Cable de Cal. 4 a 2\/0 AWG<\/div>\n<\/p><\/div>\n<\/p><\/div>\n<\/p><\/div>\n<\/p><\/div>\n<\/p><\/div>\n<\/p><\/div>\n<hr style='border: 0; border-top: 1px solid rgba(150&comma; 150&comma; 150&comma; 0.3); margin: 30px 0;'>\n<div style='display: flex; flex-wrap: wrap; gap: 30px; margin-bottom: 30px;'>\n<div style='flex: 1 1 300px; min-width: 280px;'>\n<h3 style='font-size: 22px; border-bottom: 2px solid currentColor; padding-bottom: 5px; margin-top: 0; color: inherit; opacity: 0.8;'>Especificaciones del Electrodo<\/h3>\n<div style='border: 1px solid rgba(150&comma; 150&comma; 150&comma; 0.4); border-radius: 8px; overflow: hidden; margin-top: 15px;'>\n<div style='padding: 15px; color: inherit;'>\n<ul style='padding-left: 20px; margin: 0; font-size: 14px; list-style-type: disc;'>\n<li style='margin-bottom: 5px;'><strong>Largo de tubo estructural:<\/strong> 45 cm<\/li>\n<li style='margin-bottom: 5px;'><strong>Di\u00e1metro de tubo:<\/strong> 1\/2 &#8216;<\/li>\n<li style='margin-bottom: 5px;'><strong>\u00c1rea de triangulo:<\/strong> 43.30 cm\u00b2<\/li>\n<\/ul><\/div>\n<\/p><\/div>\n<\/p><\/div>\n<\/p><\/div>\n<hr style='border: 0; border-top: 1px solid rgba(150&comma; 150&comma; 150&comma; 0.3); margin: 30px 0;'>\n<div style='display: flex; flex-wrap: wrap; gap: 20px; margin-bottom: 30px;'>\n<div style='flex: 1 1 250px; border: 1px solid rgba(150&comma; 150&comma; 150&comma; 0.4); border-radius: 8px; overflow: hidden;'>\n<div style='padding: 15px; border-bottom: 1px solid rgba(150&comma; 150&comma; 150&comma; 0.2); font-weight: bold; font-size: 18px; color: inherit;'>Filtro<\/div>\n<div style='padding: 15px; color: inherit;'>\n<ul style='padding-left: 20px; margin: 0; font-size: 14px; list-style-type: disc;'>\n<li style='margin-bottom: 5px;'><strong>Largo de Filtro:<\/strong> 13 cm<\/li>\n<li style='margin-bottom: 5px;'><strong>Di\u00e1metro de filtro:<\/strong> 2&#8242;<\/li>\n<li style='margin-bottom: 5px;'><strong>Bornes Laterales:<\/strong> 5\/16&#8242;<\/li>\n<\/ul><\/div>\n<\/p><\/div>\n<\/p><\/div>\n<div style='display: flex; flex-wrap: wrap; gap: 20px; margin-bottom: 30px;'>\n<div style='flex: 1 1 300px; min-width: 280px;'> <img style='width: 100%; height: auto; border: 1px solid rgba(150&comma;150&comma;150&comma;0.3); border-radius: 8px;' src='https:\/\/ftp3.syscom.mx\/usuarios\/fotos\/LPGROUND30A\/172180-lpgroun30a-su.jpg' alt=''> <\/div>\n<div style='flex: 1 1 300px; min-width: 280px;'> <img style='width: 100%; height: auto; border: 1px solid rgba(150&comma;150&comma;150&comma;0.3); border-radius: 8px;' src='https:\/\/ftp3.syscom.mx\/usuarios\/fotos\/LPGROUND30A\/172180-lpgroun30a-bod.jpg' alt=''> <\/div>\n<\/p><\/div>\n<div style='display: flex; flex-wrap: wrap; gap: 20px; margin-bottom: 30px;'>\n<div style='flex: 1 1 100%;'>\n<div style='position: relative; padding-bottom: 56.25%; height: 0; overflow: hidden; margin-bottom: 30px;'>   <\/div>\n<\/p><\/div>\n<\/p><\/div>\n<\/p><\/div>\n","protected":false},"excerpt":{"rendered":"<p>Electrodo para Corriente M\u00e1xima de 30 Amp. con Compuesto Mejorador de Terreno<\/p>\n","protected":false},"featured_media":47328,"comment_status":"open","ping_status":"closed","template":"","meta":[],"product_brand":[],"product_cat":[1131],"product_tag":[1088,435,1132],"class_list":{"0":"post-47329","1":"product","2":"type-product","3":"status-publish","4":"has-post-thumbnail","6":"product_cat-tierras-fisicas","7":"product_tag-calidad-de-la-energia","8":"product_tag-linkedpro-by-epcom","9":"product_tag-tierras-fisicas","11":"first","12":"instock","13":"sale","14":"shipping-taxable","15":"purchasable","16":"product-type-simple"},"_links":{"self":[{"href":"https:\/\/soydeaqui.ddns.net\/pachuca\/index.php\/wp-json\/wp\/v2\/product\/47329","targetHints":{"allow":["GET"]}}],"collection":[{"href":"https:\/\/soydeaqui.ddns.net\/pachuca\/index.php\/wp-json\/wp\/v2\/product"}],"about":[{"href":"https:\/\/soydeaqui.ddns.net\/pachuca\/index.php\/wp-json\/wp\/v2\/types\/product"}],"replies":[{"embeddable":true,"href":"https:\/\/soydeaqui.ddns.net\/pachuca\/index.php\/wp-json\/wp\/v2\/comments?post=47329"}],"wp:featuredmedia":[{"embeddable":true,"href":"https:\/\/soydeaqui.ddns.net\/pachuca\/index.php\/wp-json\/wp\/v2\/media\/47328"}],"wp:attachment":[{"href":"https:\/\/soydeaqui.ddns.net\/pachuca\/index.php\/wp-json\/wp\/v2\/media?parent=47329"}],"wp:term":[{"taxonomy":"product_brand","embeddable":true,"href":"https:\/\/soydeaqui.ddns.net\/pachuca\/index.php\/wp-json\/wp\/v2\/product_brand?post=47329"},{"taxonomy":"product_cat","embeddable":true,"href":"https:\/\/soydeaqui.ddns.net\/pachuca\/index.php\/wp-json\/wp\/v2\/product_cat?post=47329"},{"taxonomy":"product_tag","embeddable":true,"href":"https:\/\/soydeaqui.ddns.net\/pachuca\/index.php\/wp-json\/wp\/v2\/product_tag?post=47329"}],"curies":[{"name":"wp","href":"https:\/\/api.w.org\/{rel}","templated":true}]}}