{"id":47166,"date":"2026-03-18T21:00:28","date_gmt":"2026-03-18T21:00:28","guid":{"rendered":"https:\/\/soydeaqui.ddns.net\/pachuca\/index.php\/producto\/modulo-protector-poe-individual-ethernet-10-100-1000-mbps-para-chassis-tcpxh-para-rack-19\/"},"modified":"2026-03-18T21:00:29","modified_gmt":"2026-03-18T21:00:29","slug":"modulo-protector-poe-individual-ethernet-10-100-1000-mbps-para-chassis-tcpxh-para-rack-19","status":"publish","type":"product","link":"https:\/\/soydeaqui.ddns.net\/pachuca\/index.php\/producto\/modulo-protector-poe-individual-ethernet-10-100-1000-mbps-para-chassis-tcpxh-para-rack-19\/","title":{"rendered":"Modulo Protector PoE Individual Ethernet 10\/100\/1000 Mbps Para Chassis TCPXH Para Rack 19&#8243;"},"content":{"rendered":"<div style='width: 100%; max-width: 1200px; margin: 0 auto; font-family: sans-serif; line-height: 1.6; color: inherit; background-color: transparent;'>\n<div style='display: flex; flex-wrap: wrap; gap: 30px; margin-bottom: 30px;'>\n<div style='flex: 1 1 300px; min-width: 280px;'>\n<h3 style='font-size: 22px; border-bottom: 2px solid currentColor; padding-bottom: 5px; margin-top: 0; color: inherit; opacity: 0.8;'>Descripci\u00f3n<\/h3>\n<p style='font-size: 15px; color: inherit;'>Proteja sus equipos de red IP con los protectores de Transtector. Que utilizan la m\u00e1s alta tecnolog\u00eda en sistemas de protecci\u00f3n desarrollada con diodos de avalancha de silicio (SASD).<\/p>\n<p style='font-size: 15px; color: inherit;'>A diferencia de otros fabricantes de protectores que utilizan varistores de oxido de metal (MOV) que se van degradando con el tiempo al oponerse a los transitorios o sobre tensiones de voltaje que da\u00f1an sus equipos electr\u00f3nicos. Transtector utiliza la tecnolog\u00eda de diodos de avalancha de silicio (SASD) que no se degrada al oponerse a las sobre tensiones&comma; cuentan con la m\u00e1s r\u00e1pida respuesta y el m\u00e1s alto rendimiento en sus protectores; manteniendo as\u00ed la mejor protecci\u00f3n y minimizando los costos de reparaci\u00f3n y reemplazo de equipo electr\u00f3nico.<\/p>\n<div style='margin: 20px 0;'> <img style='width: 100%; height: auto; border: 1px solid rgba(150&comma;150&comma;150&comma;0.3); border-radius: 8px;' src='http:\/\/www.transtector.com\/SiteMedia\/SiteResources\/Brands\/Transtector\/Logos\/transtector_3.png?width=268&#038;height=118&#038;ext=.png' alt='Transtector' \/> <\/div>\n<\/p><\/div>\n<div style='flex: 1 1 300px; min-width: 280px;'>\n<h3 style='font-size: 22px; border-bottom: 2px solid currentColor; padding-bottom: 5px; margin-top: 0; color: inherit; opacity: 0.8;'>Especificaciones T\u00e9cnicas<\/h3>\n<ul style='padding-left: 20px; font-size: 15px; color: inherit;'>\n<li style='margin-bottom: 5px;'><strong>Tecnolog\u00eda:<\/strong> Diodo de Avalancha de Silicio (SASD)<\/li>\n<li style='margin-bottom: 5px;'><strong>No se degrada<\/strong><\/li>\n<li style='margin-bottom: 5px;'><strong>Protocolo:<\/strong> Ethernet<\/li>\n<li style='margin-bottom: 5px;'><strong>Velocidad de datos:<\/strong> 10\/100\/1000 Mbps<\/li>\n<li style='margin-bottom: 5px;'>Voltaje m\u00e1ximo de operaci\u00f3n: 11 Vcc<\/li>\n<li style='margin-bottom: 5px;'>Pines Protegidos: (1&comma;2) y (3&comma;6)<\/li>\n<li style='margin-bottom: 5px;'>Pines Aterrizados: (4&comma;5) y (7&comma;8)<\/li>\n<li style='margin-bottom: 5px;'>Baja Capacitancia: 3 pF<\/li>\n<li style='margin-bottom: 5px;'>Conector: RJ45<\/li>\n<li style='margin-bottom: 5px;'>Tipo de montaje en gabinete TCPEX8P<\/li>\n<li style='margin-bottom: 5px;'>Temperatura: -40\u00b0 a 75\u00b0 C<\/li>\n<li style='margin-bottom: 5px;'><strong>M\u00f3dulo de protecci\u00f3n reemplazable<\/strong><\/li>\n<\/ul><\/div>\n<\/p><\/div>\n<hr style='border: 0; border-top: 1px solid rgba(150&comma; 150&comma; 150&comma; 0.3); margin: 30px 0;'> <\/div>\n","protected":false},"excerpt":{"rendered":"<p>Modulo Protector PoE Individual Ethernet 10\/100\/1000 Mbps Para Chassis TCPXH Para Rack 19&#8243;<\/p>\n","protected":false},"featured_media":47165,"comment_status":"open","ping_status":"closed","template":"","meta":[],"product_brand":[],"product_cat":[953],"product_tag":[898,954,546],"class_list":{"0":"post-47166","1":"product","2":"type-product","3":"status-publish","4":"has-post-thumbnail","6":"product_cat-redes","7":"product_tag-proteccion-contra-descargas","8":"product_tag-redes","9":"product_tag-transtector","11":"first","12":"outofstock","13":"sale","14":"shipping-taxable","15":"purchasable","16":"product-type-simple"},"_links":{"self":[{"href":"https:\/\/soydeaqui.ddns.net\/pachuca\/index.php\/wp-json\/wp\/v2\/product\/47166","targetHints":{"allow":["GET"]}}],"collection":[{"href":"https:\/\/soydeaqui.ddns.net\/pachuca\/index.php\/wp-json\/wp\/v2\/product"}],"about":[{"href":"https:\/\/soydeaqui.ddns.net\/pachuca\/index.php\/wp-json\/wp\/v2\/types\/product"}],"replies":[{"embeddable":true,"href":"https:\/\/soydeaqui.ddns.net\/pachuca\/index.php\/wp-json\/wp\/v2\/comments?post=47166"}],"wp:featuredmedia":[{"embeddable":true,"href":"https:\/\/soydeaqui.ddns.net\/pachuca\/index.php\/wp-json\/wp\/v2\/media\/47165"}],"wp:attachment":[{"href":"https:\/\/soydeaqui.ddns.net\/pachuca\/index.php\/wp-json\/wp\/v2\/media?parent=47166"}],"wp:term":[{"taxonomy":"product_brand","embeddable":true,"href":"https:\/\/soydeaqui.ddns.net\/pachuca\/index.php\/wp-json\/wp\/v2\/product_brand?post=47166"},{"taxonomy":"product_cat","embeddable":true,"href":"https:\/\/soydeaqui.ddns.net\/pachuca\/index.php\/wp-json\/wp\/v2\/product_cat?post=47166"},{"taxonomy":"product_tag","embeddable":true,"href":"https:\/\/soydeaqui.ddns.net\/pachuca\/index.php\/wp-json\/wp\/v2\/product_tag?post=47166"}],"curies":[{"name":"wp","href":"https:\/\/api.w.org\/{rel}","templated":true}]}}