{"id":47130,"date":"2026-03-18T20:59:22","date_gmt":"2026-03-18T20:59:22","guid":{"rendered":"https:\/\/soydeaqui.ddns.net\/pachuca\/index.php\/producto\/adaptador-de-punta-pararrayo-pdc-en-mastil-1-1-2\/"},"modified":"2026-03-18T20:59:31","modified_gmt":"2026-03-18T20:59:31","slug":"adaptador-de-punta-pararrayo-pdc-en-mastil-1-1-2","status":"publish","type":"product","link":"https:\/\/soydeaqui.ddns.net\/pachuca\/index.php\/producto\/adaptador-de-punta-pararrayo-pdc-en-mastil-1-1-2\/","title":{"rendered":"Adaptador de Punta Pararrayo PDC en M\u00e1stil 1 1\/2&#8243;."},"content":{"rendered":"<div style='width: 100%; max-width: 1200px; margin: 0 auto; font-family: sans-serif; line-height: 1.6; color: inherit; background-color: transparent;'> <!-- Contenedor de imagen principal --> <\/p>\n<div style='width: 100%; margin-bottom: 30px;'> <img style='width: 100%; height: auto; border: 1px solid rgba(150&comma;150&comma;150&comma;0.3); border-radius: 8px;' src='https:\/\/ftp3.syscom.mx\/usuarios\/fotos\/AT5360\/95182-ap_imagen.jpg' alt=''> <\/div>\n<p> <!-- Descripci\u00f3n principal --> <\/p>\n<div style='width: 100%; margin-bottom: 30px; font-size: 15px; color: inherit;'>\n<p style='margin: 0 0 15px 0; text-align: justify;'>Se utiliza para la fijaci\u00f3n del pararrayos en el m\u00e1stil y la conexi\u00f3n interior con el condcutor (pletina&comma; cable o redondo).<\/p>\n<\/p><\/div>\n<p> <!-- Secci\u00f3n de caracter\u00edsticas --> <\/p>\n<div style='display: flex; flex-wrap: wrap; gap: 30px; margin-bottom: 30px;'>\n<div style='flex: 1 1 300px; min-width: 280px;'>\n<h3 style='font-size: 22px; border-bottom: 2px solid currentColor; padding-bottom: 5px; margin-top: 0; color: inherit; opacity: 0.8;'>Caracter\u00edsticas<\/h3>\n<ul style='padding-left: 20px; font-size: 15px; color: inherit;'>\n<li style='margin-bottom: 5px;'><strong>M\u00e1stil \u00d8:<\/strong> 1\u00bd &#8216;<\/li>\n<li style='margin-bottom: 5px;'><strong>Dimensiones:<\/strong> \u00d848 mm x 70 mm.<\/li>\n<li style='margin-bottom: 5px;'><strong>Rango de conductores \u00d8:<\/strong> 8-10 mm.<\/li>\n<li style='margin-bottom: 5px;'><strong>Rango de conductores:<\/strong> 50 &#8211; 70 mm<sup>2<\/sup><\/li>\n<li style='margin-bottom: 5px;'><strong>Pletina:<\/strong> 30 x 2 &#8211; 30 x 3.5 mm.<\/li>\n<li style='margin-bottom: 5px;'><strong>Rosca:<\/strong> M20<\/li>\n<li style='margin-bottom: 5px;'><strong>Material:<\/strong> Lat\u00f3n.<\/li>\n<li style='margin-bottom: 5px;'><strong>Peso:<\/strong> 655g.<\/li>\n<\/ul><\/div>\n<\/p><\/div>\n<p> <!-- Contenedor de imagen secundaria --> <\/p>\n<div style='width: 100%; margin-bottom: 30px;'> <img style='width: 100%; height: auto; border: 1px solid rgba(150&comma;150&comma;150&comma;0.3); border-radius: 8px;' src='https:\/\/ftp3.syscom.mx\/usuarios\/fotos\/AT011A\/95183-imagen_at100n_modificada.png' alt=''> <\/div>\n<p> <!-- Nota ficha t\u00e9cnica --> <\/p>\n<div style='width: 100%; margin-bottom: 30px; font-size: 14px; color: inherit;'>\n<p style='margin: 0; text-align: left;'><em>Ver ficha t\u00e9cnica para mayor informaci\u00f3n.<\/em><\/p>\n<\/p><\/div>\n<\/p><\/div>\n","protected":false},"excerpt":{"rendered":"<p>Adaptador de Punta Pararrayo PDC en M\u00e1stil 1 1\/2&#8243;.<\/p>\n","protected":false},"featured_media":47129,"comment_status":"open","ping_status":"closed","template":"","meta":[],"product_brand":[],"product_cat":[1090],"product_tag":[1091,1239,1088],"class_list":{"0":"post-47130","1":"product","2":"type-product","3":"status-publish","4":"has-post-thumbnail","6":"product_cat-accesorios-para-tierra-fisica","7":"product_tag-accesorios-para-tierra-fisica","8":"product_tag-aplicaciones-tecnologicas","9":"product_tag-calidad-de-la-energia","11":"first","12":"instock","13":"sale","14":"shipping-taxable","15":"purchasable","16":"product-type-simple"},"_links":{"self":[{"href":"https:\/\/soydeaqui.ddns.net\/pachuca\/index.php\/wp-json\/wp\/v2\/product\/47130","targetHints":{"allow":["GET"]}}],"collection":[{"href":"https:\/\/soydeaqui.ddns.net\/pachuca\/index.php\/wp-json\/wp\/v2\/product"}],"about":[{"href":"https:\/\/soydeaqui.ddns.net\/pachuca\/index.php\/wp-json\/wp\/v2\/types\/product"}],"replies":[{"embeddable":true,"href":"https:\/\/soydeaqui.ddns.net\/pachuca\/index.php\/wp-json\/wp\/v2\/comments?post=47130"}],"wp:featuredmedia":[{"embeddable":true,"href":"https:\/\/soydeaqui.ddns.net\/pachuca\/index.php\/wp-json\/wp\/v2\/media\/47129"}],"wp:attachment":[{"href":"https:\/\/soydeaqui.ddns.net\/pachuca\/index.php\/wp-json\/wp\/v2\/media?parent=47130"}],"wp:term":[{"taxonomy":"product_brand","embeddable":true,"href":"https:\/\/soydeaqui.ddns.net\/pachuca\/index.php\/wp-json\/wp\/v2\/product_brand?post=47130"},{"taxonomy":"product_cat","embeddable":true,"href":"https:\/\/soydeaqui.ddns.net\/pachuca\/index.php\/wp-json\/wp\/v2\/product_cat?post=47130"},{"taxonomy":"product_tag","embeddable":true,"href":"https:\/\/soydeaqui.ddns.net\/pachuca\/index.php\/wp-json\/wp\/v2\/product_tag?post=47130"}],"curies":[{"name":"wp","href":"https:\/\/api.w.org\/{rel}","templated":true}]}}