{"id":4711,"date":"2026-03-18T06:22:21","date_gmt":"2026-03-18T06:22:21","guid":{"rendered":"https:\/\/soydeaqui.ddns.net\/pachuca\/index.php\/producto\/ponchadora-pelacables-cortacables-con-matraca-para-conectores-pass-thru-rj45-y-conectores-estandar-rj11-rj12\/"},"modified":"2026-03-18T06:22:27","modified_gmt":"2026-03-18T06:22:27","slug":"ponchadora-pelacables-cortacables-con-matraca-para-conectores-pass-thru-rj45-y-conectores-estandar-rj11-rj12","status":"publish","type":"product","link":"https:\/\/soydeaqui.ddns.net\/pachuca\/index.php\/producto\/ponchadora-pelacables-cortacables-con-matraca-para-conectores-pass-thru-rj45-y-conectores-estandar-rj11-rj12\/","title":{"rendered":"Ponchadora\/Pelacables\/Cortacables con Matraca para Conectores Pass-Thru RJ45 y Conectores Est\u00e1ndar RJ11\/RJ12."},"content":{"rendered":"<div style='width: 100%; max-width: 1200px; margin: 0 auto; font-family: sans-serif; line-height: 1.6; color: inherit; background-color: transparent;'>\n<div style='display: flex; flex-wrap: wrap; gap: 30px; margin-bottom: 30px;'>\n<div style='flex: 1 1 300px; min-width: 280px;'>\n<h3 style='font-size: 22px; border-bottom: 2px solid currentColor; padding-bottom: 5px; margin-top: 0; color: inherit; opacity: 0.8;'>Caracter\u00edsticas<\/h3>\n<ul style='padding-left: 20px; font-size: 15px; color: inherit;'>\n<li style='margin-bottom: 5px;'>Herramienta de instalaci\u00f3n de conectores modulares ponchados para aplicaciones de voz y de datos con conector RJ45 Pass-Thru\u2122<\/li>\n<li style='margin-bottom: 5px;'>Herramienta \u201ctodo en uno\u201d (ponchadora&comma; pelacables y cortacables) para cables de datos de conductores de par<\/li>\n<li style='margin-bottom: 5px;'>Recorta al ras de la cara del extremo del conector para eliminar el contacto accidental entre los conductores<\/li>\n<li style='margin-bottom: 5px;'>Poncha y recorta conectores Pass-Thru\u2122 RJ45 de Klein Tools<\/li>\n<li style='margin-bottom: 5px;'>Poncha conectores modulares de 4&comma; 6 y 8 posiciones (conectores est\u00e1ndar RJ11\/RJ12 y conectores RJ45 Pass-Thru\u2122 de Klein Tools)<\/li>\n<li style='margin-bottom: 5px;'>El mecanismo de matraca de ciclo completo garantiza una terminaci\u00f3n completa de los conectores<\/li>\n<li style='margin-bottom: 5px;'>Gu\u00eda de cableado impresa en la herramienta que ayuda a minimizar los errores de cableado<\/li>\n<li style='margin-bottom: 5px;'>Par\u00e1metros del cable: Cable telef\u00f3nico y de datos de 28-22 AWG plano o redondo&comma; s\u00f3lido o trenzado<\/li>\n<li style='margin-bottom: 5px;'>Agarre de goma para proporcionar mayor comodidad<\/li>\n<li style='margin-bottom: 5px;'>Mecanismo de cierre de matraca<\/li>\n<li style='margin-bottom: 5px;'>Para utilizar con los conectores Pass-Thru\u2122 de Klein Tools<\/li>\n<li style='margin-bottom: 5px;'>No apta para utilizar con conectores est\u00e1ndar (conectores distintos a Pass-Thru\u2122)<\/li>\n<\/ul><\/div>\n<\/p><\/div>\n<div style='display: flex; flex-wrap: wrap; gap: 20px; margin-bottom: 30px;'>\n<div style='flex: 1 1 250px; border: 1px solid rgba(150&comma; 150&comma; 150&comma; 0.4); border-radius: 8px; overflow: hidden; display: flex; flex-direction: column;'>\n<div style='padding: 15px; border-bottom: 1px solid rgba(150&comma; 150&comma; 150&comma; 0.2); font-weight: bold; font-size: 18px; color: inherit;'>Especificaciones<\/div>\n<div style='padding: 15px; color: inherit;'>\n<ul style='padding-left: 20px; margin: 0; font-size: 14px; list-style-type: disc; color: inherit;'>\n<li style='margin-bottom: 5px;'><strong>Material:<\/strong> Acero con oxido negro<\/li>\n<li style='margin-bottom: 5px;'><strong>Tipo de cable:<\/strong> CAT3&comma; CAT5e y CAT6\/6A<\/li>\n<li style='margin-bottom: 5px;'><strong>Tipo de conector:<\/strong> Est\u00e1ndar RJ11\/RJ12 y Pass Thru\u2122 RJ45 de Klein Tools<\/li>\n<li style='margin-bottom: 5px;'><strong>Conductores:<\/strong> 4 posiciones&comma; 1 par\/2 conductores&comma; 4 posiciones&comma; 2 pares\/4 conductores&comma; 6 posiciones&comma; 2 pares\/4 conductores&comma; 6 posiciones&comma; 3 pares\/6 conductores&comma; 8 posiciones&comma; 4 pares\/8 conductores<\/li>\n<li style='margin-bottom: 5px;'><strong>Longitud total:<\/strong> 6.094&#8221; (155 mm)<\/li>\n<li style='margin-bottom: 5px;'><strong>Peso:<\/strong> 408 g (14.4 oz)<\/li>\n<\/ul><\/div>\n<\/p><\/div>\n<\/p><\/div>\n<div style='position: relative; padding-bottom: 56.25%; height: 0; overflow: hidden; margin-bottom: 30px;'>   <\/div>\n<hr style='border: 0; border-top: 1px solid rgba(150&comma; 150&comma; 150&comma; 0.3); margin: 30px 0;'> <\/div>\n","protected":false},"excerpt":{"rendered":"<p>Ponchadora\/Pelacables\/Cortacables con Matraca para Conectores Pass-Thru RJ45 y Conectores Est\u00e1ndar RJ11\/RJ12.<\/p>\n","protected":false},"featured_media":4710,"comment_status":"open","ping_status":"closed","template":"","meta":[],"product_brand":[],"product_cat":[24],"product_tag":[26,25,432],"class_list":{"0":"post-4711","1":"product","2":"type-product","3":"status-publish","4":"has-post-thumbnail","6":"product_cat-accesorios-de-instalacion","7":"product_tag-accesorios-de-instalacion","8":"product_tag-herramientas","9":"product_tag-klein-tools","11":"first","12":"instock","13":"sale","14":"shipping-taxable","15":"purchasable","16":"product-type-simple"},"_links":{"self":[{"href":"https:\/\/soydeaqui.ddns.net\/pachuca\/index.php\/wp-json\/wp\/v2\/product\/4711","targetHints":{"allow":["GET"]}}],"collection":[{"href":"https:\/\/soydeaqui.ddns.net\/pachuca\/index.php\/wp-json\/wp\/v2\/product"}],"about":[{"href":"https:\/\/soydeaqui.ddns.net\/pachuca\/index.php\/wp-json\/wp\/v2\/types\/product"}],"replies":[{"embeddable":true,"href":"https:\/\/soydeaqui.ddns.net\/pachuca\/index.php\/wp-json\/wp\/v2\/comments?post=4711"}],"wp:featuredmedia":[{"embeddable":true,"href":"https:\/\/soydeaqui.ddns.net\/pachuca\/index.php\/wp-json\/wp\/v2\/media\/4710"}],"wp:attachment":[{"href":"https:\/\/soydeaqui.ddns.net\/pachuca\/index.php\/wp-json\/wp\/v2\/media?parent=4711"}],"wp:term":[{"taxonomy":"product_brand","embeddable":true,"href":"https:\/\/soydeaqui.ddns.net\/pachuca\/index.php\/wp-json\/wp\/v2\/product_brand?post=4711"},{"taxonomy":"product_cat","embeddable":true,"href":"https:\/\/soydeaqui.ddns.net\/pachuca\/index.php\/wp-json\/wp\/v2\/product_cat?post=4711"},{"taxonomy":"product_tag","embeddable":true,"href":"https:\/\/soydeaqui.ddns.net\/pachuca\/index.php\/wp-json\/wp\/v2\/product_tag?post=4711"}],"curies":[{"name":"wp","href":"https:\/\/api.w.org\/{rel}","templated":true}]}}