{"id":46614,"date":"2026-03-18T20:43:25","date_gmt":"2026-03-18T20:43:25","guid":{"rendered":"https:\/\/soydeaqui.ddns.net\/pachuca\/index.php\/producto\/adaptador-meterbus-a-rs232-convierte-el-rj-11-en-una-interfaz-rs232\/"},"modified":"2026-03-18T20:43:25","modified_gmt":"2026-03-18T20:43:25","slug":"adaptador-meterbus-a-rs232-convierte-el-rj-11-en-una-interfaz-rs232","status":"publish","type":"product","link":"https:\/\/soydeaqui.ddns.net\/pachuca\/index.php\/producto\/adaptador-meterbus-a-rs232-convierte-el-rj-11-en-una-interfaz-rs232\/","title":{"rendered":"Adaptador MeterBus a RS232, Convierte el RJ-11 en una interfaz RS232"},"content":{"rendered":"<div style='width: 100%; max-width: 1200px; margin: 0 auto; font-family: sans-serif; line-height: 1.6; color: inherit; background-color: transparent;'> <!-- Secci\u00f3n de descripci\u00f3n principal --> <\/p>\n<div style='margin-bottom: 30px;'>\n<h2 style='font-size: 24px; border-bottom: 2px solid currentColor; padding-bottom: 8px; margin-top: 0; color: inherit; opacity: 0.9;'>Descripci\u00f3n del Adaptador MeterBus a RS232<\/h2>\n<p style='font-size: 15px; color: inherit; margin-bottom: 15px;'>El adaptador PC Meterbus\u2122 (MSC) convierte el puerto del medidor de un controlador (conector de tipo telef\u00f3nico RJ-11) en un conector serie RS-232 est\u00e1ndar para la conexi\u00f3n a una PC u otro equipo. El MSC se puede utilizar con cualquier controlador o inversor Morningstar equipado con una conexi\u00f3n de medidor que no tenga ya un puerto RS-232.<\/p>\n<p style='font-size: 15px; color: inherit; margin-bottom: 15px;'>La interfaz RS-232 permite la supervisi\u00f3n y el registro de datos&comma; as\u00ed como la personalizaci\u00f3n de puntos de ajuste. El adaptador permite acceder a una amplia variedad de datos almacenados en los productos Morningstar mediante protocolo MODBUS.<\/p>\n<\/p><\/div>\n<p> <!-- Secci\u00f3n de caracter\u00edsticas --> <\/p>\n<div style='display: flex; flex-wrap: wrap; gap: 30px; margin-bottom: 30px;'>\n<div style='flex: 1 1 300px; min-width: 280px;'>\n<h3 style='font-size: 20px; border-bottom: 2px solid currentColor; padding-bottom: 5px; margin-top: 0; color: inherit; opacity: 0.8;'>Caracter\u00edsticas Principales<\/h3>\n<ul style='padding-left: 20px; font-size: 15px; color: inherit;'>\n<li style='margin-bottom: 5px;'><strong>Conversi\u00f3n:<\/strong> Interfaz RJ-11 a RS-232 est\u00e1ndar<\/li>\n<li style='margin-bottom: 5px;'><strong>Compatibilidad:<\/strong> Con m\u00faltiples controladores Morningstar<\/li>\n<li style='margin-bottom: 5px;'><strong>Monitoreo:<\/strong> Registro de datos en tiempo real<\/li>\n<li style='margin-bottom: 5px;'><strong>Configuraci\u00f3n:<\/strong> Personalizaci\u00f3n de puntos de ajuste<\/li>\n<li style='margin-bottom: 5px;'><strong>Protocolo:<\/strong> Comunicaci\u00f3n MODBUS est\u00e1ndar<\/li>\n<\/ul><\/div>\n<p> <!-- Secci\u00f3n de aplicaciones --> <\/p>\n<div style='flex: 1 1 300px; min-width: 280px;'>\n<h3 style='font-size: 20px; border-bottom: 2px solid currentColor; padding-bottom: 5px; margin-top: 0; color: inherit; opacity: 0.8;'>Aplicaciones Compatibles<\/h3>\n<ul style='padding-left: 20px; font-size: 15px; color: inherit;'>\n<li style='margin-bottom: 5px;'>PC con software MS View<\/li>\n<li style='margin-bottom: 5px;'>Dispositivos de pasarela internet<\/li>\n<li style='margin-bottom: 5px;'>Hardware MODBUS en el sitio<\/li>\n<li style='margin-bottom: 5px;'>Sistemas de registro de datos<\/li>\n<li style='margin-bottom: 5px;'>Equipos de monitoreo remoto<\/li>\n<\/ul><\/div>\n<\/p><\/div>\n<p> <!-- Secci\u00f3n de especificaciones --> <\/p>\n<div style='display: flex; flex-wrap: wrap; gap: 20px; margin-bottom: 30px;'>\n<div style='flex: 1 1 250px; border: 1px solid rgba(150&comma; 150&comma; 150&comma; 0.4); border-radius: 8px; overflow: hidden; display: flex; flex-direction: column;'>\n<div style='padding: 15px; border-bottom: 1px solid rgba(150&comma; 150&comma; 150&comma; 0.2); font-weight: bold; font-size: 18px; color: inherit;'>Especificaciones T\u00e9cnicas<\/div>\n<div style='padding: 15px; color: inherit;'>\n<ul style='padding-left: 20px; margin: 0; font-size: 14px; list-style-type: disc;'>\n<li style='margin-bottom: 5px;'><strong>Temperatura Operaci\u00f3n:<\/strong> -40\u00b0C a +60\u00b0C<\/li>\n<li style='margin-bottom: 5px;'><strong>Temperatura Almacenamiento:<\/strong> -55\u00b0C a +80\u00b0C<\/li>\n<li style='margin-bottom: 5px;'><strong>Humedad:<\/strong> 100% sin condensaci\u00f3n<\/li>\n<li style='margin-bottom: 5px;'><strong>Encapsulado:<\/strong> IP20<\/li>\n<li style='margin-bottom: 5px;'><strong>Dimensiones:<\/strong> 72 x 35 x 22mm (2.83 x 1.37 x 0.87 pulgadas)<\/li>\n<li style='margin-bottom: 5px;'><strong>Peso:<\/strong> 35g (1.23 oz)<\/li>\n<\/ul><\/div>\n<\/p><\/div>\n<p> <!-- Secci\u00f3n de compatibilidad --> <\/p>\n<div style='flex: 1 1 250px; border: 1px solid rgba(150&comma; 150&comma; 150&comma; 0.4); border-radius: 8px; overflow: hidden; display: flex; flex-direction: column;'>\n<div style='padding: 15px; border-bottom: 1px solid rgba(150&comma; 150&comma; 150&comma; 0.2); font-weight: bold; font-size: 18px; color: inherit;'>Compatibilidad<\/div>\n<div style='padding: 15px; color: inherit;'>\n<ul style='padding-left: 20px; margin: 0; font-size: 14px; list-style-type: disc;'>\n<li style='margin-bottom: 5px;'>ProStar MPPT<\/li>\n<li style='margin-bottom: 5px;'>Solar Protector MPPT<\/li>\n<li style='margin-bottom: 5px;'>ProStar (Gen3)<\/li>\n<li style='margin-bottom: 5px;'>SunSaver DUO<\/li>\n<li style='margin-bottom: 5px;'>SureSine<\/li>\n<\/ul><\/div>\n<\/p><\/div>\n<p> <!-- Secci\u00f3n de datos disponibles --> <\/p>\n<div style='flex: 1 1 250px; border: 1px solid rgba(150&comma; 150&comma; 150&comma; 0.4); border-radius: 8px; overflow: hidden; display: flex; flex-direction: column;'>\n<div style='padding: 15px; border-bottom: 1px solid rgba(150&comma; 150&comma; 150&comma; 0.2); font-weight: bold; font-size: 18px; color: inherit;'>Datos Disponibles<\/div>\n<div style='padding: 15px; color: inherit;'>\n<ul style='padding-left: 20px; margin: 0; font-size: 14px; list-style-type: disc;'>\n<li style='margin-bottom: 5px;'>Tensi\u00f3n de bater\u00eda<\/li>\n<li style='margin-bottom: 5px;'>Corriente de carga solar<\/li>\n<li style='margin-bottom: 5px;'>Corriente de carga de bater\u00eda<\/li>\n<li style='margin-bottom: 5px;'>Ampere-hora acumulados<\/li>\n<li style='margin-bottom: 5px;'>Etapa de carga<\/li>\n<li style='margin-bottom: 5px;'>Errores y alarmas<\/li>\n<li style='margin-bottom: 5px;'>Temperatura local y de bater\u00eda<\/li>\n<li style='margin-bottom: 5px;'>Archivos de registro de datos<\/li>\n<\/ul><\/div>\n<\/p><\/div>\n<\/p><\/div>\n<p> <!-- Secci\u00f3n de contenido incluido --> <\/p>\n<div style='margin-bottom: 30px;'>\n<h3 style='font-size: 20px; border-bottom: 2px solid currentColor; padding-bottom: 5px; margin-top: 0; color: inherit; opacity: 0.8;'>Contenido del Kit<\/h3>\n<ul style='padding-left: 20px; font-size: 15px; color: inherit;'>\n<li style='margin-bottom: 5px;'>Adaptador PC Meterbus<\/li>\n<li style='margin-bottom: 5px;'>Cable RS-232 con conectores (1.8 metros)<\/li>\n<li style='margin-bottom: 5px;'>Cable RJ-11 con conectores (1 metro)<\/li>\n<\/ul><\/div>\n<p> <!-- Separador --> <\/p>\n<hr style='border: 0; border-top: 1px solid rgba(150&comma; 150&comma; 150&comma; 0.3); margin: 30px 0;'> <!-- Secci\u00f3n de garant\u00eda --> <\/p>\n<div style='margin-bottom: 30px;'>\n<h3 style='font-size: 20px; border-bottom: 2px solid currentColor; padding-bottom: 5px; margin-top: 0; color: inherit; opacity: 0.8;'>Garant\u00eda<\/h3>\n<p style='font-size: 15px; color: inherit; margin-bottom: 15px;'>El adaptador MSC cuenta con una garant\u00eda de cinco a\u00f1os. Para obtener m\u00e1s informaci\u00f3n&comma; contacte a Morningstar o a su distribuidor autorizado.<\/p>\n<\/p><\/div>\n<\/p><\/div>\n","protected":false},"excerpt":{"rendered":"<p>Adaptador MeterBus a RS232, Convierte el RJ-11 en una interfaz RS232<\/p>\n","protected":false},"featured_media":46613,"comment_status":"open","ping_status":"closed","template":"","meta":[],"product_brand":[],"product_cat":[1067],"product_tag":[1068,964,1119],"class_list":{"0":"post-46614","1":"product","2":"type-product","3":"status-publish","4":"has-post-thumbnail","6":"product_cat-accesorios-cables-jumpers","7":"product_tag-accesorios-cables-jumpers","8":"product_tag-energia-solar","9":"product_tag-morningstar","11":"first","12":"instock","13":"sale","14":"shipping-taxable","15":"purchasable","16":"product-type-simple"},"_links":{"self":[{"href":"https:\/\/soydeaqui.ddns.net\/pachuca\/index.php\/wp-json\/wp\/v2\/product\/46614","targetHints":{"allow":["GET"]}}],"collection":[{"href":"https:\/\/soydeaqui.ddns.net\/pachuca\/index.php\/wp-json\/wp\/v2\/product"}],"about":[{"href":"https:\/\/soydeaqui.ddns.net\/pachuca\/index.php\/wp-json\/wp\/v2\/types\/product"}],"replies":[{"embeddable":true,"href":"https:\/\/soydeaqui.ddns.net\/pachuca\/index.php\/wp-json\/wp\/v2\/comments?post=46614"}],"wp:featuredmedia":[{"embeddable":true,"href":"https:\/\/soydeaqui.ddns.net\/pachuca\/index.php\/wp-json\/wp\/v2\/media\/46613"}],"wp:attachment":[{"href":"https:\/\/soydeaqui.ddns.net\/pachuca\/index.php\/wp-json\/wp\/v2\/media?parent=46614"}],"wp:term":[{"taxonomy":"product_brand","embeddable":true,"href":"https:\/\/soydeaqui.ddns.net\/pachuca\/index.php\/wp-json\/wp\/v2\/product_brand?post=46614"},{"taxonomy":"product_cat","embeddable":true,"href":"https:\/\/soydeaqui.ddns.net\/pachuca\/index.php\/wp-json\/wp\/v2\/product_cat?post=46614"},{"taxonomy":"product_tag","embeddable":true,"href":"https:\/\/soydeaqui.ddns.net\/pachuca\/index.php\/wp-json\/wp\/v2\/product_tag?post=46614"}],"curies":[{"name":"wp","href":"https:\/\/api.w.org\/{rel}","templated":true}]}}