{"id":46593,"date":"2026-03-18T20:42:50","date_gmt":"2026-03-18T20:42:50","guid":{"rendered":"https:\/\/soydeaqui.ddns.net\/pachuca\/index.php\/producto\/congelador-solar-ecologico-de-250-l-12-24v-ahorro-energetico-y-operacion-sin-red-electrica\/"},"modified":"2026-03-18T20:42:58","modified_gmt":"2026-03-18T20:42:58","slug":"congelador-solar-ecologico-de-250-l-12-24v-ahorro-energetico-y-operacion-sin-red-electrica","status":"publish","type":"product","link":"https:\/\/soydeaqui.ddns.net\/pachuca\/index.php\/producto\/congelador-solar-ecologico-de-250-l-12-24v-ahorro-energetico-y-operacion-sin-red-electrica\/","title":{"rendered":"Congelador Solar Ecol\u00f3gico de 250 L &#8211; 12\/24V, Ahorro Energ\u00e9tico y Operaci\u00f3n sin Red El\u00e9ctrica."},"content":{"rendered":"<div style='width: 100%; max-width: 1200px; margin: 0 auto; font-family: sans-serif; line-height: 1.6; color: inherit; background-color: transparent;'>\n<div style='display: flex; flex-direction: column; gap: 30px;'> <!-- Imagen principal --> <\/p>\n<div style='width: 100%;'> <img style='width: 100%; height: auto; border: 1px solid rgba(150&comma;150&comma;150&comma;0.3); border-radius: 8px;' src='https:\/\/ftp3.syscom.mx\/usuarios\/ftp\/single_page\/refri_epcom_EPLFZ250\/refri_1.jpg' alt=''> <\/div>\n<p> <!-- Descripci\u00f3n principal --> <\/p>\n<div style='font-size: 16px;'>\n<p style='text-align: center; padding: 2% 2% 0% 1%; color: inherit;'> Congelador ideal para aplicaciones aisladas de la red el\u00e9ctrica&comma; opera en 12 \u00f3 24 Vcc&comma; con lo cual se elimina la necesidad de utilizar un inversor y por consiguiente reduce los costos del sistema&comma; as\u00ed como las posibilidades de falla debido a una menor cantidad de equipos. <\/p>\n<\/p><\/div>\n<p> <!-- Secci\u00f3n de informaci\u00f3n importante --> <\/p>\n<div style='display: flex; flex-direction: column; gap: 15px;'>\n<h3 style='font-size: 20px; border-bottom: 2px solid currentColor; padding-bottom: 5px; margin-top: 0; color: inherit; opacity: 0.8;'> Informaci\u00f3n importante <\/h3>\n<p style='color: inherit; margin-bottom: 15px;'> Cuando un congelador llega por paqueter\u00eda&comma; es crucial dejarlo reposar antes de conectarlo para evitar da\u00f1os en el compresor y en el sistema de refrigeraci\u00f3n. Esto se debe a que&comma; durante el transporte&comma; el aceite interno puede desplazarse hacia las tuber\u00edas. <\/p>\n<h4 style='font-size: 16px; color: inherit;'> Tiempos recomendados: <\/h4>\n<ul style='padding-left: 20px; margin: 15px 0; color: inherit;'>\n<li style='margin-bottom: 10px;'> <strong>M\u00ednimo 4 horas<\/strong> si el congelador se transporta o recibe en posici\u00f3n vertical. <\/li>\n<li style='margin-bottom: 10px;'> <strong>Hasta 24 horas<\/strong> si el congelador en el transporte fue inclinado&comma; sometido a movimientos bruscos o si se recibe acostado. <\/li>\n<\/ul><\/div>\n<p> <!-- Especificaciones t\u00e9cnicas --> <\/p>\n<div style='display: flex; flex-direction: column; gap: 15px;'>\n<h3 style='font-size: 20px; border-bottom: 2px solid currentColor; padding-bottom: 5px; margin-top: 0; color: inherit; opacity: 0.8;'> Especificaciones t\u00e9cnicas <\/h3>\n<ul style='padding-left: 20px; margin: 15px 0; color: inherit;'>\n<li style='margin-bottom: 10px;'>Voltaje de entrada: 12\/24 Vcc<\/li>\n<li style='margin-bottom: 10px;'>Capacidad (total): 250 L (8.83 ft\u00b3)<\/li>\n<li style='margin-bottom: 10px;'>Consumo: 150 W<\/li>\n<li style='margin-bottom: 10px;'>Rango de temperatura (congelador): -15 a -25\u00b0C<\/li>\n<li style='margin-bottom: 10px;'>Refrigerante: R134a<\/li>\n<li style='margin-bottom: 10px;'>Dimensiones: 1050 x 625 x 885 mm<\/li>\n<li style='margin-bottom: 10px;'>Peso: 38 kg<\/li>\n<\/ul><\/div>\n<p> <!-- Diagramas de conexi\u00f3n --> <\/p>\n<div style='display: flex; flex-direction: column; gap: 20px;'>\n<h3 style='font-size: 20px; border-bottom: 2px solid currentColor; padding-bottom: 5px; margin-top: 0; color: inherit; opacity: 0.8;'> Diagramas de conexi\u00f3n <\/h3>\n<p> <!-- Diagrama 12V --> <\/p>\n<div style='display: flex; flex-direction: column; gap: 15px;'>\n<h4 style='font-size: 18px; color: inherit;'> Diagrama de conexi\u00f3n en 12 Vcc <\/h4>\n<div style='width: 100%;'> <img style='width: 100%; height: auto; border: 1px solid rgba(150&comma;150&comma;150&comma;0.3); border-radius: 8px;' src='https:\/\/ftp3.syscom.mx\/usuarios\/ftp\/single_page\/refri_epcom_EPLFZ250\/dia_1.jpg' alt=''> <\/div>\n<\/p><\/div>\n<p> <!-- Diagrama 24V --> <\/p>\n<div style='display: flex; flex-direction: column; gap: 15px;'>\n<h4 style='font-size: 18px; color: inherit;'> Diagrama de conexi\u00f3n en 24 Vcc <\/h4>\n<div style='width: 100%;'> <img style='width: 100%; height: auto; border: 1px solid rgba(150&comma;150&comma;150&comma;0.3); border-radius: 8px;' src='https:\/\/ftp3.syscom.mx\/usuarios\/ftp\/single_page\/refri_epcom_EPLFZ250\/dia_2.jpg' alt=''> <\/div>\n<\/p><\/div>\n<p> <!-- Notas importantes --> <\/p>\n<div style='display: flex; flex-direction: column; gap: 10px; font-size: 14px; color: inherit;'>\n<p style='margin: 0;'> * Los diagramas son representativos&comma; para definir la capacidad del arreglo FV y la capacidad del banco de bater\u00edas es necesario realizar un dimensionamiento adecuado a cada zona&comma; para m\u00e1s informaci\u00f3n favor de comunicarse con el departamento de ingenier\u00eda. <\/p>\n<p style='margin: 0;'> * Se sugiere aclarar dudas con el departamento de ingenier\u00eda. <\/p>\n<\/p><\/div>\n<\/p><\/div>\n<p> <!-- Imagen secundaria --> <\/p>\n<div style='width: 100%;'> <img style='width: 100%; height: auto; border: 1px solid rgba(150&comma;150&comma;150&comma;0.3); border-radius: 8px;' src='https:\/\/ftp3.syscom.mx\/usuarios\/ftp\/single_page\/refri_epcom_EPLFZ250\/re3.jpg' alt=''> <\/div>\n<\/p><\/div>\n<\/p><\/div>\n","protected":false},"excerpt":{"rendered":"<p>Congelador Solar Ecol\u00f3gico de 250 L &#8211; 12\/24V, Ahorro Energ\u00e9tico y Operaci\u00f3n sin Red El\u00e9ctrica.<\/p>\n","protected":false},"featured_media":46592,"comment_status":"open","ping_status":"closed","template":"","meta":[],"product_brand":[],"product_cat":[1155],"product_tag":[1156,1144,454],"class_list":{"0":"post-46593","1":"product","2":"type-product","3":"status-publish","4":"has-post-thumbnail","6":"product_cat-boilers-refrigeradores-congeladores","7":"product_tag-boilers-refrigeradores-congeladores","8":"product_tag-climatizacion-refrigeracion","9":"product_tag-epcom-powerline","11":"first","12":"instock","13":"sale","14":"shipping-taxable","15":"purchasable","16":"product-type-simple"},"_links":{"self":[{"href":"https:\/\/soydeaqui.ddns.net\/pachuca\/index.php\/wp-json\/wp\/v2\/product\/46593","targetHints":{"allow":["GET"]}}],"collection":[{"href":"https:\/\/soydeaqui.ddns.net\/pachuca\/index.php\/wp-json\/wp\/v2\/product"}],"about":[{"href":"https:\/\/soydeaqui.ddns.net\/pachuca\/index.php\/wp-json\/wp\/v2\/types\/product"}],"replies":[{"embeddable":true,"href":"https:\/\/soydeaqui.ddns.net\/pachuca\/index.php\/wp-json\/wp\/v2\/comments?post=46593"}],"wp:featuredmedia":[{"embeddable":true,"href":"https:\/\/soydeaqui.ddns.net\/pachuca\/index.php\/wp-json\/wp\/v2\/media\/46592"}],"wp:attachment":[{"href":"https:\/\/soydeaqui.ddns.net\/pachuca\/index.php\/wp-json\/wp\/v2\/media?parent=46593"}],"wp:term":[{"taxonomy":"product_brand","embeddable":true,"href":"https:\/\/soydeaqui.ddns.net\/pachuca\/index.php\/wp-json\/wp\/v2\/product_brand?post=46593"},{"taxonomy":"product_cat","embeddable":true,"href":"https:\/\/soydeaqui.ddns.net\/pachuca\/index.php\/wp-json\/wp\/v2\/product_cat?post=46593"},{"taxonomy":"product_tag","embeddable":true,"href":"https:\/\/soydeaqui.ddns.net\/pachuca\/index.php\/wp-json\/wp\/v2\/product_tag?post=46593"}],"curies":[{"name":"wp","href":"https:\/\/api.w.org\/{rel}","templated":true}]}}