{"id":46577,"date":"2026-03-18T20:42:22","date_gmt":"2026-03-18T20:42:22","guid":{"rendered":"https:\/\/soydeaqui.ddns.net\/pachuca\/index.php\/producto\/relevador-40a-inalambrico-wifi-y-ethernet-4-canales-inteligentes-10a-por-canal-110-230-v-montaje-riel-din\/"},"modified":"2026-03-18T20:42:28","modified_gmt":"2026-03-18T20:42:28","slug":"relevador-40a-inalambrico-wifi-y-ethernet-4-canales-inteligentes-10a-por-canal-110-230-v-montaje-riel-din","status":"publish","type":"product","link":"https:\/\/soydeaqui.ddns.net\/pachuca\/index.php\/producto\/relevador-40a-inalambrico-wifi-y-ethernet-4-canales-inteligentes-10a-por-canal-110-230-v-montaje-riel-din\/","title":{"rendered":"Relevador 40A inal\u00e1mbrico WIFI y Ethernet \/ 4 canales inteligentes \/ 10A por canal, 110-230 V \/montaje riel DIN"},"content":{"rendered":"<div style='width: 100%; max-width: 1200px; margin: 0 auto; font-family: sans-serif; line-height: 1.6; color: inherit; background-color: transparent;'> <!-- Secci\u00f3n de caracter\u00edsticas con grid --> <\/p>\n<div style='display: grid; grid-template-columns: repeat(auto-fill&comma; minmax(280px&comma; 1fr)); gap: 30px; margin-bottom: 30px;'>\n<div style='border-left: 5px solid #0091ff; border-radius: 8px; padding: 15px; box-shadow: 2px 2px 10px rgba(150&comma;150&comma;150&comma;0.1);'>\n<h3 style='font-size: 18px; margin-top: 0; margin-bottom: 15px; color: inherit; opacity: 0.8;'>Caracter\u00edsticas principales<\/h3>\n<ul style='padding-left: 20px; font-size: 15px; color: inherit; list-style-type: disc;'>\n<li style='margin-bottom: 8px;'><span style='color: inherit;'>No requiere HUB<\/span><\/li>\n<li style='margin-bottom: 8px;'><span style='color: inherit;'>Medici\u00f3n de consumo<\/span><\/li>\n<li style='margin-bottom: 8px;'><span style='color: inherit;'>Se puede integrar para trabajar con todos los dem\u00e1s dispositivos Shelly<\/span><\/li>\n<li style='margin-bottom: 8px;'><span style='color: inherit;'>Conectividad de configuraci\u00f3n y control Wifi 2.4GHz<\/span><\/li>\n<li style='margin-bottom: 8px;'><span style='color: inherit;'>Bluetooth (solo para agregar&comma; no para control)<\/span><\/li>\n<li style='margin-bottom: 8px;'><span style='color: inherit;'>Montable en riel DIN<\/span><\/li>\n<li style='margin-bottom: 8px;'><span style='color: inherit;'>Pantalla a color de 1.8&#8221; con teclas de navegaci\u00f3n<\/span><\/li>\n<\/ul><\/div>\n<div style='border-left: 5px solid #0091ff; border-radius: 8px; padding: 15px; box-shadow: 2px 2px 10px rgba(150&comma;150&comma;150&comma;0.1);'>\n<h3 style='font-size: 18px; margin-top: 0; margin-bottom: 15px; color: inherit; opacity: 0.8;'>Caracter\u00edsticas F\u00edsicas y El\u00e9ctricas<\/h3>\n<ul style='padding-left: 20px; font-size: 15px; color: inherit; list-style-type: disc;'>\n<li style='margin-bottom: 8px;'><span style='color: inherit;'>Alimentaci\u00f3n AC: 110-230V \u00b110%&comma; 50\/60Hz<\/span><\/li>\n<li style='margin-bottom: 8px;'><span style='color: inherit;'>N\u00famero de canales: 4<\/span><\/li>\n<li style='margin-bottom: 8px;'><span style='color: inherit;'>Carga m\u00e1xima: Hasta 10 A por canal \/ 40 A para todo el dispositivo<\/span><\/li>\n<li style='margin-bottom: 8px;'><span style='color: inherit;'>Temperatura de operaci\u00f3n: -20\u00b0C a + 40\u00b0C<\/span><\/li>\n<li style='margin-bottom: 8px;'><span style='color: inherit;'>Corriente de consumo: < 1 W<\/span><\/li>\n<li style='margin-bottom: 8px;'><span style='color: inherit;'>Dimensiones: 90 mm x 52 mm x 57 mm<\/span><\/li>\n<\/ul><\/div>\n<div style='border-left: 5px solid #0091ff; border-radius: 8px; padding: 15px; box-shadow: 2px 2px 10px rgba(150&comma;150&comma;150&comma;0.1);'>\n<h3 style='font-size: 18px; margin-top: 0; margin-bottom: 15px; color: inherit; opacity: 0.8;'>Caracter\u00edsticas Destacadas<\/h3>\n<p style='margin-bottom: 15px; color: inherit;'>Relay profesional de 4 canales con conexi\u00f3n Wi-Fi&comma; LAN y Bluetooth&comma; apto para dom\u00f3tica e instalaciones con control remoto y gesti\u00f3n precisa de la energ\u00eda. Montable en riel DIN dentro de una caja de interruptores. Funciones de seguridad mejoradas y compatible con las plataformas de dom\u00f3tica m\u00e1s utilizadas<\/p>\n<ul style='padding-left: 20px; font-size: 15px; color: inherit; list-style-type: disc;'>\n<li style='margin-bottom: 8px;'><a href='https:\/\/kb.shelly.cloud\/knowledge-base\/devices' style='color: #0091ff; text-decoration: none; font-weight: bold;'>Base de datos material de apoyo<\/a><\/li>\n<\/ul><\/div>\n<\/p><\/div>\n<p> <!-- Secci\u00f3n de especificaciones adicionales --> <\/p>\n<div style='margin-bottom: 30px;'>\n<h3 style='font-size: 18px; margin-top: 0; margin-bottom: 15px; color: inherit; opacity: 0.8;'>Otras caracteristicas<\/h3>\n<ul style='display: grid; grid-template-columns: repeat(auto-fill&comma; minmax(250px&comma; 1fr)); gap: 15px; padding-left: 0; margin: 0; list-style-type: disc;'>\n<li style='margin-bottom: 8px;'><span style='color: inherit;'>Fuente de alimentaci\u00f3n DC: No<\/span><\/li>\n<li style='margin-bottom: 8px;'><span style='color: inherit;'>Modo persiana: No<\/span><\/li>\n<li style='margin-bottom: 8px;'><span style='color: inherit;'>Protecci\u00f3n temperatura: Si<\/span><\/li>\n<li style='margin-bottom: 8px;'><span style='color: inherit;'>Protecci\u00f3n sobre carga: Si<\/span><\/li>\n<li style='margin-bottom: 8px;'><span style='color: inherit;'>Medici\u00f3n consumo: Si<\/span><\/li>\n<li style='margin-bottom: 8px;'><span style='color: inherit;'>Trabajo sin neutro: No<\/span><\/li>\n<li style='margin-bottom: 8px;'><span style='color: inherit;'>Webhooks HTTP\/HTTPS: Si<\/span><\/li>\n<li style='margin-bottom: 8px;'><span style='color: inherit;'>Scripts personalizados: Si<\/span><\/li>\n<li style='margin-bottom: 8px;'><span style='color: inherit;'>Calendarios y puesta de sol&comma; atardecer&comma; amanecer: Si<\/span><\/li>\n<li style='margin-bottom: 8px;'><span style='color: inherit;'>Opci\u00f3n listada UL: No<\/span><\/li>\n<li style='margin-bottom: 8px;'><span style='color: inherit;'>Inal\u00e1mbrico: Si&comma; 802.11 b \/ g \/ n&comma; 2412 &#8211; 2484 MHz&comma; 1mw<\/span><\/li>\n<li style='margin-bottom: 8px;'><span style='color: inherit;'>Alcance: Hasta 50 m en exteriores y hasta 30 m en interiores (seg\u00fan los materiales de construcci\u00f3n)<\/span><\/li>\n<li style='margin-bottom: 8px;'><span style='color: inherit;'>Bluetooth: Si<\/span><\/li>\n<li style='margin-bottom: 8px;'><span style='color: inherit;'>Ethernet: Si<\/span><\/li>\n<\/ul><\/div>\n<p> <!-- Imagen --> <\/p>\n<div style='margin: 30px 0;'> <img style='width: 100%; height: auto; border: 1px solid rgba(150&comma;150&comma;150&comma;0.3); border-radius: 8px;' src='https:\/\/i.ibb.co\/mvjD5kK\/funcionalidades3.jpg' alt=''> <\/div>\n<p> <!-- Separador final --> <\/p>\n<hr style='border: 0; border-top: 1px solid rgba(150&comma; 150&comma; 150&comma; 0.3); margin: 30px 0;'> <\/div>\n","protected":false},"excerpt":{"rendered":"<p>Relevador 40A inal\u00e1mbrico WIFI y Ethernet \/ 4 canales inteligentes \/ 10A por canal, 110-230 V \/montaje riel DIN<\/p>\n","protected":false},"featured_media":46576,"comment_status":"open","ping_status":"closed","template":"","meta":[],"product_brand":[],"product_cat":[56],"product_tag":[30,57,58],"class_list":{"0":"post-46577","1":"product","2":"type-product","3":"status-publish","4":"has-post-thumbnail","6":"product_cat-control-de-iluminacion","7":"product_tag-automatizacion-casa-inteligente","8":"product_tag-control-de-iluminacion","9":"product_tag-shelly","11":"first","12":"instock","13":"sale","14":"shipping-taxable","15":"purchasable","16":"product-type-simple"},"_links":{"self":[{"href":"https:\/\/soydeaqui.ddns.net\/pachuca\/index.php\/wp-json\/wp\/v2\/product\/46577","targetHints":{"allow":["GET"]}}],"collection":[{"href":"https:\/\/soydeaqui.ddns.net\/pachuca\/index.php\/wp-json\/wp\/v2\/product"}],"about":[{"href":"https:\/\/soydeaqui.ddns.net\/pachuca\/index.php\/wp-json\/wp\/v2\/types\/product"}],"replies":[{"embeddable":true,"href":"https:\/\/soydeaqui.ddns.net\/pachuca\/index.php\/wp-json\/wp\/v2\/comments?post=46577"}],"wp:featuredmedia":[{"embeddable":true,"href":"https:\/\/soydeaqui.ddns.net\/pachuca\/index.php\/wp-json\/wp\/v2\/media\/46576"}],"wp:attachment":[{"href":"https:\/\/soydeaqui.ddns.net\/pachuca\/index.php\/wp-json\/wp\/v2\/media?parent=46577"}],"wp:term":[{"taxonomy":"product_brand","embeddable":true,"href":"https:\/\/soydeaqui.ddns.net\/pachuca\/index.php\/wp-json\/wp\/v2\/product_brand?post=46577"},{"taxonomy":"product_cat","embeddable":true,"href":"https:\/\/soydeaqui.ddns.net\/pachuca\/index.php\/wp-json\/wp\/v2\/product_cat?post=46577"},{"taxonomy":"product_tag","embeddable":true,"href":"https:\/\/soydeaqui.ddns.net\/pachuca\/index.php\/wp-json\/wp\/v2\/product_tag?post=46577"}],"curies":[{"name":"wp","href":"https:\/\/api.w.org\/{rel}","templated":true}]}}