{"id":46488,"date":"2026-03-18T20:39:36","date_gmt":"2026-03-18T20:39:36","guid":{"rendered":"https:\/\/soydeaqui.ddns.net\/pachuca\/index.php\/producto\/inversor-ipower-plus-4000-w-ent-48-vcc-salida-120-vca-ideal-para-baterias-de-litio\/"},"modified":"2026-03-18T20:39:46","modified_gmt":"2026-03-18T20:39:46","slug":"inversor-ipower-plus-4000-w-ent-48-vcc-salida-120-vca-ideal-para-baterias-de-litio","status":"publish","type":"product","link":"https:\/\/soydeaqui.ddns.net\/pachuca\/index.php\/producto\/inversor-ipower-plus-4000-w-ent-48-vcc-salida-120-vca-ideal-para-baterias-de-litio\/","title":{"rendered":"Inversor IPower-Plus 4000 W, Ent: 48 Vcc, Salida: 120 Vca Ideal para Bater\u00edas de Litio"},"content":{"rendered":"<div style='width: 100%; max-width: 1200px; margin: 0 auto; font-family: sans-serif; line-height: 1.6; color: inherit; background-color: transparent;'>\n<div style='text-align: center; margin-bottom: 20px;'> <img style='width: 100%; max-width: 450px; height: auto; border: 1px solid rgba(150&comma;150&comma;150&comma;0.3); border-radius: 8px;' src='https:\/\/ftp3.syscom.mx\/usuarios\/anavarro\/EPEVER\/IPOWER\/LOGOEPEVER.png' alt='Logo EPEVER'> <\/div>\n<div style='text-align: center; margin-bottom: 20px;'>\n<h1 style='font-size: 24px; color: inherit; margin: 0;'>Inversor de Onda Senoidal Pura Serie IPower-Plus<\/h1>\n<\/p><\/div>\n<div style='margin-bottom: 30px;'>\n<p style='font-size: 15px; color: inherit; margin-bottom: 15px;'>IPower-Plus es una nueva generaci\u00f3n de inversores de onda sinusoidal pura compatibles con sistemas que utilizan bater\u00edas de litio.<\/p>\n<p style='font-size: 15px; color: inherit; margin-bottom: 15px;'>Esta l\u00ednea de inversores adopta la tecnolog\u00eda de supresi\u00f3n de corriente para prevenir eficazmente el da\u00f1o hacia las celdas por las cuales se componen las bater\u00edas de litio adem\u00e1s del BMS interno en ellas.<\/p>\n<p style='font-size: 15px; color: inherit; margin-bottom: 15px;'>Adem\u00e1s&comma; la adopci\u00f3n del algoritmo de control de doble circuito cerrado de voltaje y corriente brinda al inversor una respuesta m\u00e1s r\u00e1pida y mejor resistencia al impacto de la carga.<\/p>\n<p style='font-size: 15px; color: inherit; margin-bottom: 15px;'>Esta l\u00ednea de inversores selecciona componentes clave de alto impacto y larga vida \u00fatil para proporcionar una garant\u00eda de energ\u00eda estable y confiable.<\/p>\n<\/p><\/div>\n<div style='margin-bottom: 30px;'>\n<ul style='padding-left: 20px; font-size: 15px; color: inherit;'>\n<li style='margin-bottom: 5px;'><strong>Compatibilidad con Bater\u00edas de Litio&comma; AGM-VRLA&comma; Gel&comma; Etc.<\/strong><\/li>\n<\/ul><\/div>\n<div style='display: flex; flex-wrap: wrap; gap: 30px; margin-bottom: 30px;'>\n<div style='flex: 1 1 300px; min-width: 280px;'>\n<div style='border: 1px solid rgba(150&comma; 150&comma; 150&comma; 0.4); border-radius: 8px; overflow: hidden; display: flex; flex-direction: column; height: 100%;'>\n<div style='padding: 15px; border-bottom: 1px solid rgba(150&comma; 150&comma; 150&comma; 0.2); font-weight: bold; font-size: 18px; color: inherit;'>Caracter\u00edsticas Destacadas<\/div>\n<div style='padding: 15px; color: inherit; flex: 1 1 auto;'>\n<ul style='padding-left: 20px; margin: 0; font-size: 14px; list-style-type: disc;'>\n<li style='margin-bottom: 5px;'>Salida de Onda Senoidal Pura.<\/li>\n<li style='margin-bottom: 5px;'>Dise\u00f1o de entrada y salida el\u00e9ctricamente aislado.<\/li>\n<li style='margin-bottom: 5px;'>Supresi\u00f3n de picos de corriente de entrada para sistemas de bater\u00edas de litio.<\/li>\n<li style='margin-bottom: 5px;'>Factor de salida de Potencia de hasta 1.<\/li>\n<li style='margin-bottom: 5px;'>Alta eficiencia de conversi\u00f3n.<\/li>\n<li style='margin-bottom: 5px;'>Pantalla LCD giratoria y amigable para monitoreo y configuraci\u00f3n de par\u00e1metros.<\/li>\n<li style='margin-bottom: 5px;'>Salida de voltaje tipo bornera.<\/li>\n<li style='margin-bottom: 5px;'>Puerto USB para alimentaci\u00f3n de equipos.<\/li>\n<\/ul><\/div>\n<\/p><\/div>\n<\/p><\/div>\n<div style='flex: 1 1 300px; min-width: 280px;'>\n<div style='border: 1px solid rgba(150&comma; 150&comma; 150&comma; 0.4); border-radius: 8px; overflow: hidden; display: flex; flex-direction: column; height: 100%;'>\n<div style='padding: 15px; border-bottom: 1px solid rgba(150&comma; 150&comma; 150&comma; 0.2); font-weight: bold; font-size: 18px; color: inherit;'>Aplicaci\u00f3n<\/div>\n<div style='padding: 15px; color: inherit; flex: 1 1 auto;'>\n<p style='margin-bottom: 15px;'>Este inversor puede ser utilizado en cualquier soluci\u00f3n en lugares remotos en donde sea requerida la conversi\u00f3n de corriente directa almacenada en bater\u00edas a corriente alterna para alimentar equipos el\u00e9ctricos. Algunos ramos en donde se puede implementar son:<\/p>\n<ul style='padding-left: 20px; margin: 0; font-size: 14px; list-style-type: disc;'>\n<li style='margin-bottom: 5px;'>Telecomunicaciones.<\/li>\n<li style='margin-bottom: 5px;'>Videovigilancia.<\/li>\n<li style='margin-bottom: 5px;'>Radiocomunicaci\u00f3n.<\/li>\n<li style='margin-bottom: 5px;'>Seguridad.<\/li>\n<li style='margin-bottom: 5px;'>Control de acceso.<\/li>\n<\/ul><\/div>\n<\/p><\/div>\n<\/p><\/div>\n<div style='flex: 1 1 300px; min-width: 280px;'>\n<div style='border: 1px solid rgba(150&comma; 150&comma; 150&comma; 0.4); border-radius: 8px; overflow: hidden; display: flex; flex-direction: column; height: 100%;'>\n<div style='padding: 15px; border-bottom: 1px solid rgba(150&comma; 150&comma; 150&comma; 0.2); font-weight: bold; font-size: 18px; color: inherit;'>Caracter\u00edsticas F\u00edsicas y El\u00e9ctricas<\/div>\n<div style='padding: 15px; color: inherit; flex: 1 1 auto;'>\n<ul style='padding-left: 20px; margin: 0; font-size: 14px; list-style-type: disc;'>\n<li style='margin-bottom: 5px;'><strong>Voltaje de Entrada (Vcc):<\/strong> 48<\/li>\n<li style='margin-bottom: 5px;'><strong>Voltaje de Salida (Vca):<\/strong> 120 \/ 110<\/li>\n<li style='margin-bottom: 5px;'><strong>Potencia Nominal (W):<\/strong> 4000<\/li>\n<li style='margin-bottom: 5px;'><strong>Tipo de Onda:<\/strong> Sinusoidal Pura.<\/li>\n<li style='margin-bottom: 5px;'><strong>Peso (kg):<\/strong> 12<\/li>\n<li style='margin-bottom: 5px;'><strong>Dimensiones (mm):<\/strong> 521 x 274 x 148<\/li>\n<li style='margin-bottom: 5px;'><strong>Pico de Corriente:<\/strong> 8000W @ 5 seg.<\/li>\n<li style='margin-bottom: 5px;'><strong>Protecci\u00f3n de entrada:<\/strong> polaridad inversa&comma; bajo voltaje&comma; sobrevoltaje.<\/li>\n<li style='margin-bottom: 5px;'><strong>Protecci\u00f3n de salida:<\/strong> sobrecarga&comma; cortocircuito&comma; sobrecalentamiento.<\/li>\n<\/ul><\/div>\n<\/p><\/div>\n<\/p><\/div>\n<\/p><\/div>\n<div style='margin-bottom: 30px;'>\n<div style='position: relative; padding-bottom: 56.25%; height: 0; overflow: hidden; margin-bottom: 30px;'>   <\/div>\n<\/p><\/div>\n<\/p><\/div>\n","protected":false},"excerpt":{"rendered":"<p>Inversor IPower-Plus 4000 W, Ent: 48 Vcc, Salida: 120 Vca Ideal para Bater\u00edas de Litio<\/p>\n","protected":false},"featured_media":46487,"comment_status":"open","ping_status":"closed","template":"","meta":[],"product_brand":[],"product_cat":[1120],"product_tag":[964,1182,1121],"class_list":{"0":"post-46488","1":"product","2":"type-product","3":"status-publish","4":"has-post-thumbnail","6":"product_cat-inversores-aislados-off-grid","7":"product_tag-energia-solar","8":"product_tag-epever","9":"product_tag-inversores-aislados-off-grid","11":"first","12":"instock","13":"sale","14":"shipping-taxable","15":"purchasable","16":"product-type-simple"},"_links":{"self":[{"href":"https:\/\/soydeaqui.ddns.net\/pachuca\/index.php\/wp-json\/wp\/v2\/product\/46488","targetHints":{"allow":["GET"]}}],"collection":[{"href":"https:\/\/soydeaqui.ddns.net\/pachuca\/index.php\/wp-json\/wp\/v2\/product"}],"about":[{"href":"https:\/\/soydeaqui.ddns.net\/pachuca\/index.php\/wp-json\/wp\/v2\/types\/product"}],"replies":[{"embeddable":true,"href":"https:\/\/soydeaqui.ddns.net\/pachuca\/index.php\/wp-json\/wp\/v2\/comments?post=46488"}],"wp:featuredmedia":[{"embeddable":true,"href":"https:\/\/soydeaqui.ddns.net\/pachuca\/index.php\/wp-json\/wp\/v2\/media\/46487"}],"wp:attachment":[{"href":"https:\/\/soydeaqui.ddns.net\/pachuca\/index.php\/wp-json\/wp\/v2\/media?parent=46488"}],"wp:term":[{"taxonomy":"product_brand","embeddable":true,"href":"https:\/\/soydeaqui.ddns.net\/pachuca\/index.php\/wp-json\/wp\/v2\/product_brand?post=46488"},{"taxonomy":"product_cat","embeddable":true,"href":"https:\/\/soydeaqui.ddns.net\/pachuca\/index.php\/wp-json\/wp\/v2\/product_cat?post=46488"},{"taxonomy":"product_tag","embeddable":true,"href":"https:\/\/soydeaqui.ddns.net\/pachuca\/index.php\/wp-json\/wp\/v2\/product_tag?post=46488"}],"curies":[{"name":"wp","href":"https:\/\/api.w.org\/{rel}","templated":true}]}}