{"id":46457,"date":"2026-03-18T20:38:45","date_gmt":"2026-03-18T20:38:45","guid":{"rendered":"https:\/\/soydeaqui.ddns.net\/pachuca\/index.php\/producto\/radiora2-adaptador-atenuador-para-lamparas-300w-inc-hal-compatible-con-ra2select-y-rr3-2\/"},"modified":"2026-03-18T20:38:46","modified_gmt":"2026-03-18T20:38:46","slug":"radiora2-adaptador-atenuador-para-lamparas-300w-inc-hal-compatible-con-ra2select-y-rr3-2","status":"publish","type":"product","link":"https:\/\/soydeaqui.ddns.net\/pachuca\/index.php\/producto\/radiora2-adaptador-atenuador-para-lamparas-300w-inc-hal-compatible-con-ra2select-y-rr3-2\/","title":{"rendered":"(RadioRA2) Adaptador atenuador para lamparas, 300W INC\/HAL, compatible con RA2Select y RR3."},"content":{"rendered":"<div style='width: 100%; max-width: 1200px; margin: 0 auto; font-family: sans-serif; line-height: 1.6; color: inherit; background-color: transparent;'>\n<div style='display: flex; flex-direction: column; gap: 30px;'>\n<div style='display: flex; flex-wrap: wrap; gap: 20px; align-items: center; justify-content: flex-start;'> <a class='boton-azul-gral btn btn-primary' href='https:\/\/www.syscom.mx\/singlepage\/lutron_radiora' target='_blank' rel='noopener' style='display: inline-block; padding: 12px 24px; background-color: #007bff; color: white; text-decoration: none; border-radius: 4px; font-weight: bold; border: none; cursor: pointer;'>Ver Single Page<\/a> <\/div>\n<div style='display: flex; flex-direction: column; gap: 15px;'>\n<ul style='padding-left: 20px; margin: 0;'>\n<li style='margin-bottom: 8px;'>Adaptador dimmer para l\u00e1mpara plug-in 120V<\/li>\n<li style='margin-bottom: 8px;'><strong>Incandescent&comma; Halogen 300W<\/strong><\/li>\n<li style='margin-bottom: 8px;'><strong>MLV 200W<\/strong><\/li>\n<li style='margin-bottom: 8px;'>CFL&comma; Fluorescent&comma; ELV (Solo modo conmutaci\u00f3n) 300W<\/li>\n<\/ul><\/div>\n<div style='display: flex; flex-direction: column; gap: 15px;'>\n<p style='margin: 0; color: inherit;'>El atenuador de l\u00e1mpara de sobremesa controla directamente la atenuaci\u00f3n de una l\u00e1mpara de mesa conectada y permite un control de la l\u00e1mpara desde botoneras y otros dispositivos del sistema. El enchufe de &#8216;apilamiento&#8217; del atenuador se conecta a un recept\u00e1culo el\u00e9ctrico est\u00e1ndar y tambi\u00e9n proporciona conexi\u00f3n para la l\u00e1mpara.<\/p>\n<p style='margin: 0; color: inherit;'>Los m\u00f3dulos enchufables est\u00e1n dise\u00f1ados para ocultarse detr\u00e1s del mobiliario. La l\u00e1mpara conectada puede apagarse desde botoneras&comma; sensores y otros dispositivos del sistema.<\/p>\n<\/p><\/div>\n<div style='display: flex; flex-direction: column; gap: 20px;'>\n<h3 style='font-size: 22px; border-bottom: 2px solid currentColor; padding-bottom: 5px; margin-top: 0; margin-bottom: 15px; color: inherit; opacity: 0.8;'>\u00bfQu\u00e9 es RadioRA\u00ae 2?<\/h3>\n<p style='margin: 0; color: inherit;'>RadioRA 2 es un sistema inal\u00e1mbrico de control total del hogar que permite el control conveniente e intuitivo de luces&comma; cortinas&comma; electrodom\u00e9sticos y temperatura en una habitaci\u00f3n sencilla o en una casa entera. Se instala con facilidad&comma; se programa con rapidez y se opera de manera confiable gracias a la Tecnolog\u00eda RF Clear Connect\u2122.<\/p>\n<\/p><\/div>\n<div style='display: flex; flex-direction: column; gap: 20px;'>\n<h3 style='font-size: 22px; border-bottom: 2px solid currentColor; padding-bottom: 5px; margin-top: 0; margin-bottom: 15px; color: inherit; opacity: 0.8;'>\u00bfCu\u00e1les son algunos de los beneficios?<\/h3>\n<div style='display: flex; flex-direction: column; gap: 15px;'>\n<h4 style='margin: 0; font-size: 18px; color: inherit;'><strong>Ahorra energ\u00eda<\/strong><\/h4>\n<p style='margin: 0; color: inherit;'>Los propietarios de hoy quieren reducir los costos&comma; tener seguridad y proteger el planeta.<\/p>\n<p style='margin: 0; color: inherit;'>Con RadioRA 2&comma; pueden lograr ambos objetivos.<\/p>\n<\/p><\/div>\n<div style='display: flex; flex-direction: column; gap: 15px;'>\n<h4 style='margin: 0; font-size: 18px; color: inherit;'><strong>Integraci\u00f3n abierta con terceros<\/strong><\/h4>\n<ul style='padding-left: 20px; margin: 0; list-style-type: disc;'>\n<li style='margin-bottom: 8px; color: inherit;'>M\u00e1n&#8230;<br \/>\n","protected":false},"excerpt":{"rendered":"<p>(RadioRA2) Adaptador atenuador para lamparas, 300W INC\/HAL, compatible con RA2Select y RR3.<\/p>\n","protected":false},"featured_media":46456,"comment_status":"open","ping_status":"closed","template":"","meta":[],"product_brand":[],"product_cat":[34],"product_tag":[30,35,36],"class_list":{"0":"post-46457","1":"product","2":"type-product","3":"status-publish","4":"has-post-thumbnail","6":"product_cat-lutron","7":"product_tag-automatizacion-casa-inteligente","8":"product_tag-lutron","9":"product_tag-lutron-electronics","11":"first","12":"outofstock","13":"sale","14":"shipping-taxable","15":"purchasable","16":"product-type-simple"},"_links":{"self":[{"href":"https:\/\/soydeaqui.ddns.net\/pachuca\/index.php\/wp-json\/wp\/v2\/product\/46457","targetHints":{"allow":["GET"]}}],"collection":[{"href":"https:\/\/soydeaqui.ddns.net\/pachuca\/index.php\/wp-json\/wp\/v2\/product"}],"about":[{"href":"https:\/\/soydeaqui.ddns.net\/pachuca\/index.php\/wp-json\/wp\/v2\/types\/product"}],"replies":[{"embeddable":true,"href":"https:\/\/soydeaqui.ddns.net\/pachuca\/index.php\/wp-json\/wp\/v2\/comments?post=46457"}],"wp:featuredmedia":[{"embeddable":true,"href":"https:\/\/soydeaqui.ddns.net\/pachuca\/index.php\/wp-json\/wp\/v2\/media\/46456"}],"wp:attachment":[{"href":"https:\/\/soydeaqui.ddns.net\/pachuca\/index.php\/wp-json\/wp\/v2\/media?parent=46457"}],"wp:term":[{"taxonomy":"product_brand","embeddable":true,"href":"https:\/\/soydeaqui.ddns.net\/pachuca\/index.php\/wp-json\/wp\/v2\/product_brand?post=46457"},{"taxonomy":"product_cat","embeddable":true,"href":"https:\/\/soydeaqui.ddns.net\/pachuca\/index.php\/wp-json\/wp\/v2\/product_cat?post=46457"},{"taxonomy":"product_tag","embeddable":true,"href":"https:\/\/soydeaqui.ddns.net\/pachuca\/index.php\/wp-json\/wp\/v2\/product_tag?post=46457"}],"curies":[{"name":"wp","href":"https:\/\/api.w.org\/{rel}","templated":true}]}}