{"id":46020,"date":"2026-03-18T20:25:51","date_gmt":"2026-03-18T20:25:51","guid":{"rendered":"https:\/\/soydeaqui.ddns.net\/pachuca\/index.php\/producto\/pinzas-de-corte-diagonal-de-10-8-cm-4-con-cortador-de-cable-cinta-de-niquel-para-uso-electronico\/"},"modified":"2026-03-18T20:25:56","modified_gmt":"2026-03-18T20:25:56","slug":"pinzas-de-corte-diagonal-de-10-8-cm-4-con-cortador-de-cable-cinta-de-niquel-para-uso-electronico","status":"publish","type":"product","link":"https:\/\/soydeaqui.ddns.net\/pachuca\/index.php\/producto\/pinzas-de-corte-diagonal-de-10-8-cm-4-con-cortador-de-cable-cinta-de-niquel-para-uso-electronico\/","title":{"rendered":"Pinzas de Corte Diagonal de 10.8 cm (4&#8243;), con Cortador de Cable Cinta de N\u00edquel para uso Electr\u00f3nico"},"content":{"rendered":"<div style='width: 100%; max-width: 1200px; margin: 0 auto; font-family: sans-serif; line-height: 1.6; color: inherit; background-color: transparent;'>\n<div style='display: flex; flex-wrap: wrap; gap: 30px; margin-bottom: 30px;'>\n<div style='flex: 1 1 300px; min-width: 280px;'>\n<h3 style='font-size: 22px; border-bottom: 2px solid currentColor; padding-bottom: 5px; margin-top: 0; color: inherit; opacity: 0.8;'>Caracter\u00edsticas<\/h3>\n<ul style='padding-left: 20px; font-size: 15px; color: inherit;'>\n<li style='margin-bottom: 5px;'>Pinzas de corte diagonal que cuentan con navajas de corte semi al ras reforzadas a HRC60 para cortar cable cinta de n\u00edquel<\/li>\n<li style='margin-bottom: 5px;'>Pinzas con punta de cuchilla con una longitud de 3\/16&#8221; (5 mm) para cortar con precisi\u00f3n<\/li>\n<li style='margin-bottom: 5px;'>Accionamiento de resorte para apertura autom\u00e1tica<\/li>\n<li style='margin-bottom: 5px;'>Mordazas cortas y filos de corte biselados que permiten cortes limpios de alambres<\/li>\n<li style='margin-bottom: 5px;'>Forjado en EE. UU. con acero para herramientas fabricadas en EE. UU. seg\u00fan especificaciones que ofrece m\u00e1xima durabilidad<\/li>\n<li style='margin-bottom: 5px;'>Cuchillas de corte templadas por inducci\u00f3n para una vida \u00fatil prolongada<\/li>\n<li style='margin-bottom: 5px;'>Uni\u00f3n remachada en caliente que garantiza una acci\u00f3n uniforme sin bamboleo del mango<\/li>\n<li style='margin-bottom: 5px;'>Mangos ba\u00f1ados en pl\u00e1stico para ofrecer mayor comodidad y facilidad de identificaci\u00f3n<\/li>\n<\/ul><\/div>\n<\/p><\/div>\n<div style='display: flex; flex-wrap: wrap; gap: 20px; margin-bottom: 30px;'>\n<div style='flex: 1 1 250px; border: 1px solid rgba(150&comma; 150&comma; 150&comma; 0.4); border-radius: 8px; overflow: hidden; display: flex; flex-direction: column;'>\n<div style='padding: 15px; border-bottom: 1px solid rgba(150&comma; 150&comma; 150&comma; 0.2); font-weight: bold; font-size: 18px; color: inherit;'>Pa\u00eds de Origen<\/div>\n<div style='padding: 15px; color: inherit;'>\n<ul style='padding-left: 20px; margin: 0; font-size: 14px; list-style-type: disc;'>\n<li style='margin-bottom: 5px;'><strong>Pa\u00eds de fabricaci\u00f3n:<\/strong> Estados Unidos<\/li>\n<\/ul><\/div>\n<\/p><\/div>\n<\/p><\/div>\n<div style='display: flex; flex-wrap: wrap; gap: 20px; margin-bottom: 30px;'>\n<div style='flex: 1 1 300px;'> <img style='width: 100%; height: auto; border: 1px solid rgba(150&comma;150&comma;150&comma;0.3); border-radius: 8px;' src='https:\/\/www.kleintools.com.mx\/sites\/default\/files\/product-assets\/icons\/klein\/wp_made-usa-en.jpg' alt='Icono de producto fabricado en Estados Unidos'> <\/div>\n<\/p><\/div>\n<div style='position: relative; padding-bottom: 56.25%; height: 0; overflow: hidden; margin-bottom: 30px;'>   <\/div>\n<hr style='border: 0; border-top: 1px solid rgba(150&comma; 150&comma; 150&comma; 0.3); margin: 30px 0;'> <\/div>\n","protected":false},"excerpt":{"rendered":"<p>Pinzas de Corte Diagonal de 10.8 cm (4&#8243;), con Cortador de Cable Cinta de N\u00edquel para uso Electr\u00f3nico<\/p>\n","protected":false},"featured_media":46019,"comment_status":"open","ping_status":"closed","template":"","meta":[],"product_brand":[],"product_cat":[1138],"product_tag":[1058,1139,432],"class_list":{"0":"post-46020","1":"product","2":"type-product","3":"status-publish","4":"has-post-thumbnail","6":"product_cat-herramientas-mecanicas","7":"product_tag-ferreteria","8":"product_tag-herramientas-mecanicas","9":"product_tag-klein-tools","11":"first","12":"outofstock","13":"sale","14":"shipping-taxable","15":"purchasable","16":"product-type-simple"},"_links":{"self":[{"href":"https:\/\/soydeaqui.ddns.net\/pachuca\/index.php\/wp-json\/wp\/v2\/product\/46020","targetHints":{"allow":["GET"]}}],"collection":[{"href":"https:\/\/soydeaqui.ddns.net\/pachuca\/index.php\/wp-json\/wp\/v2\/product"}],"about":[{"href":"https:\/\/soydeaqui.ddns.net\/pachuca\/index.php\/wp-json\/wp\/v2\/types\/product"}],"replies":[{"embeddable":true,"href":"https:\/\/soydeaqui.ddns.net\/pachuca\/index.php\/wp-json\/wp\/v2\/comments?post=46020"}],"wp:featuredmedia":[{"embeddable":true,"href":"https:\/\/soydeaqui.ddns.net\/pachuca\/index.php\/wp-json\/wp\/v2\/media\/46019"}],"wp:attachment":[{"href":"https:\/\/soydeaqui.ddns.net\/pachuca\/index.php\/wp-json\/wp\/v2\/media?parent=46020"}],"wp:term":[{"taxonomy":"product_brand","embeddable":true,"href":"https:\/\/soydeaqui.ddns.net\/pachuca\/index.php\/wp-json\/wp\/v2\/product_brand?post=46020"},{"taxonomy":"product_cat","embeddable":true,"href":"https:\/\/soydeaqui.ddns.net\/pachuca\/index.php\/wp-json\/wp\/v2\/product_cat?post=46020"},{"taxonomy":"product_tag","embeddable":true,"href":"https:\/\/soydeaqui.ddns.net\/pachuca\/index.php\/wp-json\/wp\/v2\/product_tag?post=46020"}],"curies":[{"name":"wp","href":"https:\/\/api.w.org\/{rel}","templated":true}]}}