{"id":45765,"date":"2026-03-18T20:18:03","date_gmt":"2026-03-18T20:18:03","guid":{"rendered":"https:\/\/soydeaqui.ddns.net\/pachuca\/index.php\/producto\/amperimetro-de-gancho-rms-600a-temp-ma-capacitancia-flukeconnect\/"},"modified":"2026-03-18T20:18:06","modified_gmt":"2026-03-18T20:18:06","slug":"amperimetro-de-gancho-rms-600a-temp-ma-capacitancia-flukeconnect","status":"publish","type":"product","link":"https:\/\/soydeaqui.ddns.net\/pachuca\/index.php\/producto\/amperimetro-de-gancho-rms-600a-temp-ma-capacitancia-flukeconnect\/","title":{"rendered":"Amper\u00edmetro de Gancho RMS 600A Temp MA Capacitancia FlukeConnect"},"content":{"rendered":"<div style='width: 100%; max-width: 1200px; margin: 0 auto; font-family: sans-serif; line-height: 1.6; color: inherit; background-color: transparent;'>\n<div style='margin-bottom: 30px;'> <img style='width: 100%; height: auto; border: 1px solid rgba(150&comma;150&comma;150&comma;0.3); border-radius: 8px;' src='https:\/\/www.risoul.com.mx\/hs-fs\/hubfs\/Fluke-Logo.png?width=1557&#038;name=Fluke-Logo.png' alt='Distribuidor productos Fluke'> <\/div>\n<div style='margin-bottom: 30px;'>\n<p>La pinza amperim\u00e9trica Fluke 902 FC&comma; con conectividad inal\u00e1mbrica Fluke Connect&comma; puede ayudar a los t\u00e9cnicos de HVAC a mejorar la productividad en el campo. El robusto medidor CAT III 600 V&comma; CAT IV 300 V de doble clasificaci\u00f3n lo equipa para realizar muchas mediciones esenciales del sistema HVAC: microamperios para probar sensores de luz piloto; resistencia hasta 60 k\u03a9; corriente CA y tensi\u00f3n CA\/CC; capacidad; y temperatura de contacto&comma; todo con una sola herramienta. Adem\u00e1s&comma; su factor de forma peque\u00f1o hace que sea f\u00e1cil de agarrar y navegar en espacios de trabajo reducidos.<\/p>\n<\/p><\/div>\n<div style='margin-bottom: 30px;'>\n<h3 style='font-size: 22px; border-bottom: 2px solid currentColor; padding-bottom: 5px; margin-top: 0; color: inherit; opacity: 0.8;'>Parte de la familia inal\u00e1mbrica Fluke Connect<\/h3>\n<p>Como parte de la familia Fluke Connect&comma; el 902 FC puede transmitir mediciones a un tel\u00e9fono inteligente o tableta para un an\u00e1lisis detallado posterior. No es necesario anotar los resultados. Tendencia y monitoree las mediciones en vivo en la pantalla de su tel\u00e9fono&comma; y cargue esas mediciones en la nube. Combine datos de medici\u00f3n de varias herramientas de prueba de Fluke Connect para crear y compartir informes desde el lugar de trabajo por correo electr\u00f3nico y colabore en tiempo real con otros colegas con videollamadas ShareLive\u2122 o correo electr\u00f3nico.<\/p>\n<\/p><\/div>\n<div style='margin-bottom: 30px;'>\n<p>El 902 FC tambi\u00e9n puede disminuir la frecuencia de uso de equipo de protecci\u00f3n personal (PPE) cuando se trabaja en paneles de alto voltaje\/corriente. Simplemente apague el panel. Verifique que est\u00e9 desenergizado utilizando los procedimientos de seguridad est\u00e1ndar. Coloque la abrazadera y sincron\u00edcela con un tel\u00e9fono inteligente. Cierre el panel&comma; vuelva a encenderlo y tome medidas desde una distancia segura.<\/p>\n<\/p><\/div>\n<div style='margin-bottom: 30px;'>\n<h3 style='font-size: 22px; border-bottom: 2px solid currentColor; padding-bottom: 5px; margin-top: 0; color: inherit; opacity: 0.8;'>Otras caracter\u00edsticas \u00fatiles:<\/h3>\n<ul style='padding-left: 20px; font-size: 15px; color: inherit;'>\n<li style='margin-bottom: 5px;'>El dise\u00f1o ergon\u00f3mico se adapta a su mano y se puede usar mientras usa equipo de protecci\u00f3n personal<\/li>\n<li style='margin-bottom: 5px;'>La pantalla retroiluminada grande y f\u00e1cil de leer mejora las lecturas en entornos con poca luz<\/li>\n<li style='margin-bottom: 5px;'>Se conecta a su tel\u00e9fono inteligente a trav\u00e9s de Fluke Connect para que pueda leer las mediciones a una distancia m\u00e1s segura<\/li>\n<li style='margin-bottom: 5px;'>Mide corriente CA hasta 600 A y voltaje CA y CC hasta 600 V<\/li>\n<li style='margin-bottom: 5px;'>Mide capacitancia hasta 1000 \u00b5F y corriente CC hasta 200 \u00b5A<\/li>\n<li style='margin-bottom: 5px;'>Mide la temperatura de -10 \u00b0C a 400 \u00b0C (14 \u00b0F a 752 \u00b0F)<\/li>\n<li style='margin-bottom: 5px;'>Ofrece mediciones de voltaje y corriente de verdadero valor eficaz para medir con precisi\u00f3n se\u00f1ales no lineales<\/li>\n<li style='margin-bottom: 5px;'>Mide resistencia a 60 k\u03a9<\/li>\n<li style='margin-bottom: 5px;'>Ofrece grabaci\u00f3n Min\/Max para capturar variaciones autom\u00e1ticamente<\/li>\n<li style='margin-bottom: 5px;'>Funciona con dos pilas alcalinas AA<\/li>\n<\/ul>\n<p style='margin-top: 15px; font-weight: bold;'>*Celular no incluido<\/p>\n<\/p><\/div>\n<div style='margin-bottom: 30px;'>\n<h3 style='font-size: 22px; border-bottom: 2px solid currentColor; padding-bottom: 5px; margin-top: 0; color: inherit; opacity: 0.8;'>Especificaciones t\u00e9cnicas<\/h3>\n<div style='display: flex; flex-wrap: wrap; gap: 20px; margin-top: 20px;'>\n<div style='flex: 1 1 250px; border: 1px solid rgba(150&comma; 150&comma; 150&comma; 0.4); border-radius: 8px; overflow: hidden; display: flex; flex-direction: column;'>\n<div style='padding: 15px; border-bottom: 1px solid rgba(150&comma; 150&comma; 150&comma; 0.2); font-weight: bold; font-size: 18px; color: inherit;'>A CA (a trav\u00e9s de la mand\u00edbula)<\/div>\n<div style='padding: 15px; color: inherit;'>\n<ul style='padding-left: 20px; margin: 0; font-size: 14px; list-style-type: disc;'>\n<li style='margin-bottom: 5px;'><strong>Resoluci\u00f3n:<\/strong> 0&comma;1 A<\/li>\n<li style='margin-bottom: 5px;'><strong>Exactitud:<\/strong> 2&comma;0% \u00b15 d\u00edgitos (45-65 Hz)<\/li>\n<li style='margin-bottom: 5px;'><strong>Exactitud:<\/strong> 2&comma;5 % \u00b15 d\u00edgitos (65-400 Hz)<\/li>\n<li style='margin-bottom: 5px;'><strong>Rango:<\/strong> 600&comma;0 A<\/li>\n<li style='margin-bottom: 5px;'><strong>Factor de cresta (50 Hz o 60 Hz):<\/strong> 2.5 MIN@220 A<\/li>\n<li style='margin-bottom: 5px;'><strong>Factor de cresta (50 Hz o 60 Hz):<\/strong> > 1.4 MIN@600 A<\/li>\n<li style='margin-bottom: 5px;'><strong>Factor de cresta (50 Hz o 60 Hz):<\/strong> Agregar 2% para CF>400 A<\/li>\n<\/ul><\/div>\n<\/p><\/div>\n<div style='flex: 1 1 250px; border: 1px solid rgba(150&comma; 150&comma; 150&comma; 0.4); border-radius: 8px; overflow: hidden; display: flex; flex-direction: column;'>\n<div style='padding: 15px; border-bottom: 1px solid rgba(150&comma; 150&comma; 150&comma; 0.2); font-weight: bold; font-size: 18px; color: inherit;'>V CA<\/div>\n<div style='padding: 15px; color: inherit;'>\n<ul style='padding-left: 20px; margin: 0; font-size: 14px; list-style-type: disc;'>\n<li style='margin-bottom: 5px;'><strong>Resoluci\u00f3n:<\/strong> 0&comma;1 voltios<\/li>\n<li style='margin-bottom: 5px;'><strong>Exactitud:<\/strong> 1&comma;5% \u00b15 d\u00edgitos<\/li>\n<li style='margin-bottom: 5px;'><strong>Rango:<\/strong> 600&comma;0 V<\/li>\n<\/ul><\/div>\n<\/p><\/div>\n<div style='flex: 1 1 250px; border: 1px solid rgba(150&comma; 150&comma; 150&comma; 0.4); border-radius: 8px; overflow: hidden; display: flex; flex-direction: column;'>\n<div style='padding: 15px; border-bottom: 1px solid rgba(150&comma; 150&comma; 150&comma; 0.2); font-weight: bold; font-size: 18px; color: inherit;'>V CC<\/div>\n<div style='padding: 15px; color: inherit;'>\n<ul style='padding-left: 20px; margin: 0; font-size: 14px; list-style-type: disc;'>\n<li style='margin-bottom: 5px;'><strong>Resoluci\u00f3n:<\/strong> 0&comma;1 voltios<\/li>\n<li style='margin-bottom: 5px;'><strong>Exactitud:<\/strong> 1&comma;5% \u00b15 d\u00edgitos<\/li>\n<li style='margin-bottom: 5px;'><strong>Rango:<\/strong> 600&comma;0 V<\/li>\n<\/ul><\/div>\n<\/p><\/div>\n<div style='flex: 1 1 250px; border: 1px solid rgba(150&comma; 150&comma; 150&comma; 0.4); border-radius: 8px; overflow: hidden; display: flex; flex-direction: column;'>\n<div style='padding: 15px; border-bottom: 1px solid rgba(150&comma; 150&comma; 150&comma; 0.2); font-weight: bold; font-size: 18px; color: inherit;'>Ohmios<\/div>\n<div style='padding: 15px; color: inherit;'>\n<ul style='padding-left: 20px; margin: 0; font-size: 14px; list-style-type: disc;'>\n<li style='margin-bottom: 5px;'><strong>Resoluci\u00f3n:<\/strong> 0.1\/1\/10<\/li>\n<li style='margin-bottom: 5px;'><strong>Exactitud:<\/strong> 1% \u00b15 d\u00edgitos<\/li>\n<li style='margin-bottom: 5px;'><strong>Rango:<\/strong> 600\/6000\/60&comma;00 k\u03a9<\/li>\n<\/ul><\/div>\n<\/p><\/div>\n<div style='flex: 1 1 250px; border: 1px solid rgba(150&comma; 150&comma; 150&comma; 0.4); border-radius: 8px; overflow: hidden; display: flex; flex-direction: column;'>\n<div style='padding: 15px; border-bottom: 1px solid rgba(150&comma; 150&comma; 150&comma; 0.2); font-weight: bold; font-size: 18px; color: inherit;'>Capacidad<\/div>\n<div style='padding: 15px; color: inherit;'>\n<ul style='padding-left: 20px; margin: 0; font-size: 14px; list-style-type: disc;'>\n<li style='margin-bottom: 5px;'><strong>Resoluci\u00f3n:<\/strong> 0&comma;1\/1 \u00b5F<\/li>\n<li style='margin-bottom: 5px;'><strong>Exactitud:<\/strong> 1% \u00b14 d\u00edgitos<\/li>\n<li style='margin-bottom: 5px;'><strong>Rango:<\/strong> 100&comma;0\/1000 \u00b5F<\/li>\n<\/ul><\/div>\n<\/p><\/div>\n<div style='flex: 1 1 250px; border: 1px solid rgba(150&comma; 150&comma; 150&comma; 0.4); border-radius: 8px; overflow: hidden; display: flex; flex-direction: column;'>\n<div style='padding: 15px; border-bottom: 1px solid rgba(150&comma; 150&comma; 150&comma; 0.2); font-weight: bold; font-size: 18px; color: inherit;'>\u00b5A<\/div>\n<div style='padding: 15px; color: inherit;'>\n<ul style='padding-left: 20px; margin: 0; font-size: 14px; list-style-type: disc;'>\n<li style='margin-bottom: 5px;'><strong>Resoluci\u00f3n:<\/strong> 0&comma;1 \u00b5A<\/li>\n<li style='margin-bottom: 5px;'><strong>Exactitud:<\/strong> 1% \u00b15 d\u00edgitos<\/li>\n<li style='margin-bottom: 5px;'><strong>Rango:<\/strong> 200 \u00b5A<\/li>\n<\/ul><\/div>\n<\/p><\/div>\n<div style='flex: 1 1 250px; border: 1px solid rgba(150&comma; 150&comma; 150&comma; 0.4); border-radius: 8px; overflow: hidden; display: flex; flex-direction: column;'>\n<div style='padding: 15px; border-bottom: 1px solid rgba(150&comma; 150&comma; 150&comma; 0.2); font-weight: bold; font-size: 18px; color: inherit;'>Temperatura de contacto<\/div>\n<div style='padding: 15px; color: inherit;'>\n<ul style='padding-left: 20px; margin: 0; font-size: 14px; list-style-type: disc;'>\n<li style='margin-bottom: 5px;'><strong>Resoluci\u00f3n:<\/strong> 0.1 C\/F<\/li>\n<li style='margin-bottom: 5px;'><strong>Exactitud:<\/strong> 1% \u00b18 d\u00edgitos<\/li>\n<li style='margin-bottom: 5px;'><strong>Rango:<\/strong> -40 a 400 \u00b0C (-40 \u00b0F a 752 \u00b0F)<\/li>\n<\/ul><\/div>\n<\/p><\/div>\n<div style='flex: 1 1 250px; border: 1px solid rgba(150&comma; 150&comma; 150&comma; 0.4); border-radius: 8px; overflow: hidden; display: flex; flex-direction: column;'>\n<div style='padding: 15px; border-bottom: 1px solid rgba(150&comma; 150&comma; 150&comma; 0.2); font-weight: bold; font-size: 18px; color: inherit;'>Zumbador de continuidad<\/div>\n<div style='padding: 15px; color: inherit;'>\n<ul style='padding-left: 20px; margin: 0; font-size: 14px; list-style-type: disc;'>\n<li style='margin-bottom: 5px;'><strong>Volumen del pitido:<\/strong> 75 dBA nom. 15cm desde el frente de la caja<\/li>\n<li style='margin-bottom: 5px;'><strong>En el umbral:<\/strong> <=30 \u03a9<\/li>\n<\/ul><\/div>\n<\/p><\/div>\n<div style='flex: 1 1 250px; border: 1px solid rgba(150&comma; 150&comma; 150&comma; 0.4); border-radius: 8px; overflow: hidden; display: flex; flex-direction: column;'>\n<div style='padding: 15px; border-bottom: 1px solid rgba(150&comma; 150&comma; 150&comma; 0.2); font-weight: bold; font-size: 18px; color: inherit;'>Especificaciones Mec\u00e1nicas y Generales<\/div>\n<div style='padding: 15px; color: inherit;'>\n<ul style='padding-left: 20px; margin: 0; font-size: 14px; list-style-type: disc;'>\n<li style='margin-bottom: 5px;'><strong>Voltaje m\u00e1ximo entre cualquier terminal y tierra:<\/strong> 1000 V<\/li>\n<li style='margin-bottom: 5px;'><strong>Tipo de Bater\u00eda:<\/strong> 2 pilas alcalinas AA&comma; NEDA 15A&comma; IEC LR6<\/li>\n<li style='margin-bottom: 5px;'><strong>Temperatura de operaci\u00f3n:<\/strong> -10 \u00b0C a +50 \u00b0C (14 \u00b0F a +122 \u00b0F)<\/li>\n<li style='margin-bottom: 5px;'><strong>Temperatura de almacenamiento:<\/strong> -40 \u00b0C a +60 \u00b0C (-40 \u00b0F a +140 \u00b0F)<\/li>\n<li style='margin-bottom: 5px;'><strong>Humedad de funcionamiento:<\/strong> Sin condensaci\u00f3n (< 10 \u00b0C [50 \u00b0F])&comma; \u226490 % HR (de 10 \u00b0C a 30 \u00b0C [50 \u00b0F a 86 \u00b0F])&comma; \u226475 % HR (de 30 \u00b0C a 40 \u00b0C [86 \u00b0F a 104 \u00b0F])&comma; \u226445 % HR (a 40 \u00b0C a 50 \u00b0C [104 \u00b0F a 122 \u00b0F])<\/li>\n<li style='margin-bottom: 5px;'><strong>Altitud de operaci\u00f3n:<\/strong> 3000 m (9842 pies)<\/li>\n<li style='margin-bottom: 5px;'><strong>Altitud de almacenamiento:<\/strong> 12 000 m (39 370 pies)<\/li>\n<li style='margin-bottom: 5px;'><strong>Dimensiones:<\/strong> 230 x 83&comma;7 x 45&comma;4 mm (9&comma;06 x 3&comma;30 x 1&comma;39 pulgadas)<\/li>\n<li style='margin-bottom: 5px;'><strong>Peso (solo medidor):<\/strong> 419 g (15 onzas)<\/li>\n<li style='margin-bottom: 5px;'><strong>Seguridad:<\/strong> IEC 61010-1&comma; grado de contaminaci\u00f3n 2&comma; IEC 61010-2-032: CAT III 1000 V \/ CAT IV 600 V&comma; IEC 61010-2-033: CAT III 1000 V \/ CAT IV 600 V<\/li>\n<li style='margin-bottom: 5px;'><strong>Clasificaci\u00f3n del IP:<\/strong> IEC 60529: IP30&comma; no operativo<\/li>\n<li style='margin-bottom: 5px;'><strong>Certificaci\u00f3n de radiofrecuencia:<\/strong> ID de la FCC: T68-FBLE IC: 6627A-FBLE<\/li>\n<li style='margin-bottom: 5px;'><strong>Compatibilidad electromagn\u00e9tica (CEM):<\/strong> Internacional: IEC 61326-1: Entorno electromagn\u00e9tico port\u00e1til&comma; IEC 61326-2-2 CISPR 11: Grupo 1&comma; Clase A Corea (KCC): Equipo de clase A (Equipo de comunicaci\u00f3n y radiodifusi\u00f3n industrial) EE. UU. (FCC): 47 CFR 15 subparte B. Este producto se considera un dispositivo exento seg\u00fan la cl\u00e1usula 15.103.<\/li>\n<li style='margin-bottom: 5px;'><strong>Coeficientes de temperatura:<\/strong> Agregue 0&comma;1 \u00d7 la precisi\u00f3n especificada por cada grado C por encima de 28 \u00b0C o por debajo de 18 \u00b0C<\/li>\n<\/ul><\/div>\n<\/p><\/div>\n<\/p><\/div>\n<\/p><\/div>\n<\/p><\/div>\n","protected":false},"excerpt":{"rendered":"<p>Amper\u00edmetro de Gancho RMS 600A Temp MA Capacitancia FlukeConnect<\/p>\n","protected":false},"featured_media":45764,"comment_status":"open","ping_status":"closed","template":"","meta":[],"product_brand":[],"product_cat":[392],"product_tag":[393,25,131],"class_list":{"0":"post-45765","1":"product","2":"type-product","3":"status-publish","4":"has-post-thumbnail","6":"product_cat-herramientas-electricas-herramientas-deteccion-de-fuego","7":"product_tag-fluke","8":"product_tag-herramientas","9":"product_tag-herramientas-electricas","11":"first","12":"outofstock","13":"sale","14":"shipping-taxable","15":"purchasable","16":"product-type-simple"},"_links":{"self":[{"href":"https:\/\/soydeaqui.ddns.net\/pachuca\/index.php\/wp-json\/wp\/v2\/product\/45765","targetHints":{"allow":["GET"]}}],"collection":[{"href":"https:\/\/soydeaqui.ddns.net\/pachuca\/index.php\/wp-json\/wp\/v2\/product"}],"about":[{"href":"https:\/\/soydeaqui.ddns.net\/pachuca\/index.php\/wp-json\/wp\/v2\/types\/product"}],"replies":[{"embeddable":true,"href":"https:\/\/soydeaqui.ddns.net\/pachuca\/index.php\/wp-json\/wp\/v2\/comments?post=45765"}],"wp:featuredmedia":[{"embeddable":true,"href":"https:\/\/soydeaqui.ddns.net\/pachuca\/index.php\/wp-json\/wp\/v2\/media\/45764"}],"wp:attachment":[{"href":"https:\/\/soydeaqui.ddns.net\/pachuca\/index.php\/wp-json\/wp\/v2\/media?parent=45765"}],"wp:term":[{"taxonomy":"product_brand","embeddable":true,"href":"https:\/\/soydeaqui.ddns.net\/pachuca\/index.php\/wp-json\/wp\/v2\/product_brand?post=45765"},{"taxonomy":"product_cat","embeddable":true,"href":"https:\/\/soydeaqui.ddns.net\/pachuca\/index.php\/wp-json\/wp\/v2\/product_cat?post=45765"},{"taxonomy":"product_tag","embeddable":true,"href":"https:\/\/soydeaqui.ddns.net\/pachuca\/index.php\/wp-json\/wp\/v2\/product_tag?post=45765"}],"curies":[{"name":"wp","href":"https:\/\/api.w.org\/{rel}","templated":true}]}}