{"id":45737,"date":"2026-03-18T20:17:14","date_gmt":"2026-03-18T20:17:14","guid":{"rendered":"https:\/\/soydeaqui.ddns.net\/pachuca\/index.php\/producto\/detector-de-voltaje-voltalert-rango-de-90-a-1000-vca-con-luz-roja-y-sonido-al-detectar-existencia-de-tension\/"},"modified":"2026-03-18T20:17:21","modified_gmt":"2026-03-18T20:17:21","slug":"detector-de-voltaje-voltalert-rango-de-90-a-1000-vca-con-luz-roja-y-sonido-al-detectar-existencia-de-tension","status":"publish","type":"product","link":"https:\/\/soydeaqui.ddns.net\/pachuca\/index.php\/producto\/detector-de-voltaje-voltalert-rango-de-90-a-1000-vca-con-luz-roja-y-sonido-al-detectar-existencia-de-tension\/","title":{"rendered":"Detector de Voltaje VoltAlert\u2122, Rango de 90 a 1000 Vca, Con Luz Roja y Sonido al Detectar Existencia de Tensi\u00f3n"},"content":{"rendered":"<div style='width: 100%; max-width: 1200px; margin: 0 auto; font-family: sans-serif; line-height: 1.6; color: inherit; background-color: transparent;'>\n<div style='display: flex; flex-wrap: wrap; gap: 30px; margin-bottom: 30px;'>\n<div style='flex: 1 1 300px; min-width: 280px;'>\n<h3 style='font-size: 22px; border-bottom: 2px solid currentColor; padding-bottom: 5px; margin-top: 0; color: inherit; opacity: 0.8;'>Descripci\u00f3n General<\/h3>\n<p style='margin-top: 0; font-size: 15px; color: inherit;'>La nueva generaci\u00f3n de comprobadores de voltaje de CA sin contacto VoltAlert\u2122 de Fluke es muy f\u00e1cil de usar: solo hay que acercar la punta a un terminal&comma; toma o cable. Si la punta cambia a color rojo y la unidad emite un sonido&comma; indica presencia de voltaje. Electricistas&comma; t\u00e9cnicos de mantenimiento&comma; servicio o seguridad&comma; as\u00ed como propietarios de viviendas particulares&comma; pueden comprobar f\u00e1cilmente la existencia de voltaje en los circuitos tanto en el lugar de trabajo como en sus propias casas.<\/p>\n<div style='margin: 20px 0;'> <img style='width: 100%; height: auto; border: 1px solid rgba(150&comma;150&comma;150&comma;0.3); border-radius: 8px;' src='https:\/\/www.risoul.com.mx\/hs-fs\/hubfs\/Fluke-Logo.png?width=1557&#038;name=Fluke-Logo.png' alt='Distribuidor productos Fluke'> <\/div>\n<\/p><\/div>\n<\/p><\/div>\n<div style='display: flex; flex-wrap: wrap; gap: 20px; margin-bottom: 30px;'>\n<div style='flex: 1 1 250px; border: 1px solid rgba(150&comma; 150&comma; 150&comma; 0.4); border-radius: 8px; overflow: hidden; display: flex; flex-direction: column;'>\n<div style='padding: 15px; border-bottom: 1px solid rgba(150&comma; 150&comma; 150&comma; 0.2); font-weight: bold; font-size: 18px; color: inherit;'>Especificaciones T\u00e9cnicas<\/div>\n<div style='padding: 15px; color: inherit;'>\n<ul style='padding-left: 20px; margin: 0; font-size: 14px; list-style-type: disc;'>\n<li style='margin-bottom: 5px;'><strong>Principio de funcionamiento:<\/strong> Detecta el campo electrost\u00e1tico estable producido por una corriente de tensi\u00f3n de CA a trav\u00e9s del aislamiento sin necesidad de entrar en contacto con conductores no aislados. Una luz de color rojo en la punta y un pitido (si no est\u00e1 desconectado) le indica la presencia de tensi\u00f3n.<\/li>\n<li style='margin-bottom: 5px;'><strong>Rangos de detecci\u00f3n de tensi\u00f3n:<\/strong> Tensi\u00f3n nominal de 90 Vca a 1000 Vca; de 45 Hz a 405 Hz&comma; adem\u00e1s de un modelo de circuito de control de 20 V a 90 V.<\/li>\n<li style='margin-bottom: 5px;'><strong>Fuente de luz:<\/strong> LED rojo de alta intensidad.<\/li>\n<li style='margin-bottom: 5px;'><strong>Categor\u00eda de Seguridad:<\/strong> 1000V&comma; CAT IV<\/li>\n<li style='margin-bottom: 5px;'><strong>Grado de protecci\u00f3n IP:<\/strong> IP40<\/li>\n<li style='margin-bottom: 5px;'><strong>Temperatura de trabajo:<\/strong> -10 a 50\u00baC<\/li>\n<li style='margin-bottom: 5px;'><strong>Altitud de trabajo:<\/strong> 3000 metros<\/li>\n<li style='margin-bottom: 5px;'><strong>Incluye:<\/strong> 2 bater\u00edas alcalinas AA<\/li>\n<\/ul><\/div>\n<\/p><\/div>\n<\/p><\/div>\n<hr style='border: 0; border-top: 1px solid rgba(150&comma; 150&comma; 150&comma; 0.3); margin: 30px 0;'> <\/div>\n","protected":false},"excerpt":{"rendered":"<p>Detector de Voltaje VoltAlert\u2122, Rango de 90 a 1000 Vca, Con Luz Roja y Sonido al Detectar Existencia de Tensi\u00f3n<\/p>\n","protected":false},"featured_media":45736,"comment_status":"open","ping_status":"closed","template":"","meta":[],"product_brand":[],"product_cat":[130],"product_tag":[393,25,131],"class_list":{"0":"post-45737","1":"product","2":"type-product","3":"status-publish","4":"has-post-thumbnail","6":"product_cat-herramientas-electricas","7":"product_tag-fluke","8":"product_tag-herramientas","9":"product_tag-herramientas-electricas","11":"first","12":"instock","13":"sale","14":"shipping-taxable","15":"purchasable","16":"product-type-simple"},"_links":{"self":[{"href":"https:\/\/soydeaqui.ddns.net\/pachuca\/index.php\/wp-json\/wp\/v2\/product\/45737","targetHints":{"allow":["GET"]}}],"collection":[{"href":"https:\/\/soydeaqui.ddns.net\/pachuca\/index.php\/wp-json\/wp\/v2\/product"}],"about":[{"href":"https:\/\/soydeaqui.ddns.net\/pachuca\/index.php\/wp-json\/wp\/v2\/types\/product"}],"replies":[{"embeddable":true,"href":"https:\/\/soydeaqui.ddns.net\/pachuca\/index.php\/wp-json\/wp\/v2\/comments?post=45737"}],"wp:featuredmedia":[{"embeddable":true,"href":"https:\/\/soydeaqui.ddns.net\/pachuca\/index.php\/wp-json\/wp\/v2\/media\/45736"}],"wp:attachment":[{"href":"https:\/\/soydeaqui.ddns.net\/pachuca\/index.php\/wp-json\/wp\/v2\/media?parent=45737"}],"wp:term":[{"taxonomy":"product_brand","embeddable":true,"href":"https:\/\/soydeaqui.ddns.net\/pachuca\/index.php\/wp-json\/wp\/v2\/product_brand?post=45737"},{"taxonomy":"product_cat","embeddable":true,"href":"https:\/\/soydeaqui.ddns.net\/pachuca\/index.php\/wp-json\/wp\/v2\/product_cat?post=45737"},{"taxonomy":"product_tag","embeddable":true,"href":"https:\/\/soydeaqui.ddns.net\/pachuca\/index.php\/wp-json\/wp\/v2\/product_tag?post=45737"}],"curies":[{"name":"wp","href":"https:\/\/api.w.org\/{rel}","templated":true}]}}