{"id":45435,"date":"2026-03-18T20:08:33","date_gmt":"2026-03-18T20:08:33","guid":{"rendered":"https:\/\/soydeaqui.ddns.net\/pachuca\/index.php\/producto\/inversor-hibrido-para-interconexion-a-cfe-de-11-4-kw-con-salida-de-220-vca-modulo-wifi-incluido\/"},"modified":"2026-03-18T20:08:33","modified_gmt":"2026-03-18T20:08:33","slug":"inversor-hibrido-para-interconexion-a-cfe-de-11-4-kw-con-salida-de-220-vca-modulo-wifi-incluido","status":"publish","type":"product","link":"https:\/\/soydeaqui.ddns.net\/pachuca\/index.php\/producto\/inversor-hibrido-para-interconexion-a-cfe-de-11-4-kw-con-salida-de-220-vca-modulo-wifi-incluido\/","title":{"rendered":"Inversor H\u00edbrido para Interconexi\u00f3n a CFE de 11.4 kW con Salida de 220 Vca, M\u00f3dulo Wifi Incluido"},"content":{"rendered":"<div style='width: 100%; max-width: 1200px; margin: 0 auto; font-family: sans-serif; line-height: 1.6; color: inherit; background-color: transparent;'> <!-- Barra informativa --> <\/p>\n<div style='width: 100%; margin-bottom: 20px;'>\n<div style='padding: 15px; background-color: rgba(150&comma;150&comma;150&comma;0.1); border-left: 4px solid #007bff;'>\n<p style='margin: 0; font-size: 14px; color: inherit;'> Antes de adquirir cualquier inversor hibrido consulta los requerimientos de instalaci\u00f3n con el departamento de ingenier\u00eda <a href='mailto:solarsyscomgroup@syscom.mx' style='color: #007bff; text-decoration: none; font-weight: bold;'>solarsyscomgroup@syscom.mx<\/a> <\/p>\n<\/p><\/div>\n<\/p><\/div>\n<p> <!-- Secci\u00f3n \u00bfPor qu\u00e9 utilizar inversores Growatt? --> <\/p>\n<div style='margin-bottom: 30px;'>\n<h4 style='font-size: 20px; border-bottom: 2px solid currentColor; padding-bottom: 5px; margin-top: 0; color: inherit; opacity: 0.8;'> \u00bfPor qu\u00e9 utilizar inversores Growatt? <\/h4>\n<ul style='padding-left: 20px; font-size: 15px; color: inherit;'>\n<li style='margin-bottom: 8px;'>M\u00e1xima eficiencia de conversi\u00f3n de hasta un 99.5%<\/li>\n<li style='margin-bottom: 8px;'>Ahorros de hasta un 98% en el pago de recibo de luz<\/li>\n<li style='margin-bottom: 8px;'>Aproveche al m\u00e1ximo la potencia del sol con la tecnolog\u00eda MPPT<\/li>\n<li style='margin-bottom: 8px;'>Amplio rango de Vcc de entrada<\/li>\n<li style='margin-bottom: 8px;'>F\u00e1cil configuraci\u00f3n para el dise\u00f1ador<\/li>\n<li style='margin-bottom: 8px;'>No mezclar potencias de paneles en las cadenas<\/li>\n<li style='margin-bottom: 8px;'> contra defectos de f\u00e1brica<\/li>\n<li style='margin-bottom: 8px;'> Utilice los protectores de picos <a href='https:\/\/www.syscom.mx\/producto\/SP-50-240S-P-LEA-INTERNATIONAL-144712.html' style='color: #007bff; text-decoration: none;'> SP50-240SP <\/a>&comma; para alargar la vida de su inversor. <\/li>\n<li style='margin-bottom: 8px;'>Excelente beneficio<\/li>\n<li style='margin-bottom: 8px;'>Cuenta con la certificaci\u00f3n necesaria para realizar contratos de interconexi\u00f3n con la red de CFE (IEE1547 y UL1741)<\/li>\n<\/ul><\/div>\n<p> <!-- Garant\u00eda --> <\/p>\n<div style='text-align: center; margin: 40px 0;'>\n<h2 style='font-size: 24px; color: inherit; margin: 0;'> contra defectos de fabricaci\u00f3n&#8230;! <\/h2>\n<\/p><\/div>\n<p> <!-- Monitoreo --> <\/p>\n<div style='margin-bottom: 30px;'>\n<h2 style='font-size: 22px; border-bottom: 2px solid currentColor; padding-bottom: 5px; margin-top: 0; color: inherit; opacity: 0.8;'> Monitoreo desde P\u00e1gina Web <\/h2>\n<p> <!-- Im\u00e1genes de monitoreo --> <\/p>\n<div style='display: flex; flex-direction: column; gap: 15px; margin: 20px 0;'> <a href='http:\/\/server.growatt.com\/login\/toViewExamlePlant' style='text-decoration: none;'> <img style='width: 100%; height: auto; border: 1px solid rgba(150&comma;150&comma;150&comma;0.3); border-radius: 8px;' src='https:\/\/ftp3.syscom.mx\/usuarios\/mtopete\/Energia%20Solar\/Growatt\/monitoreo%20Growatt.png' alt='Monitoreo Growatt'> <\/a> <a href='http:\/\/server.growatt.com\/indexbC\/getInvPage' style='text-decoration: none;'> <img style='width: 100%; height: auto; border: 1px solid rgba(150&comma;150&comma;150&comma;0.3); border-radius: 8px;' src='https:\/\/ftp3.syscom.mx\/usuarios\/mtopete\/Energia%20Solar\/Growatt\/monitoreo%20Growatt%20planta.png' alt='Monitoreo Growatt Planta'> <\/a> <a href='http:\/\/server.growatt.com\/login\/toViewExamlePlant' style='text-decoration: none;'> <img style='width: 100%; height: auto; border: 1px solid rgba(150&comma;150&comma;150&comma;0.3); border-radius: 8px;' src='https:\/\/ftp3.syscom.mx\/usuarios\/mtopete\/Energia%20Solar\/Growatt\/plantas%20monitoreo.PNG' alt='Plantas de monitoreo'> <\/a> <\/p>\n<p style='text-align: center; margin: 15px 0;'> <a href='http:\/\/server.growatt.com\/login\/toViewExamlePlant' style='color: #007bff; text-decoration: none; font-weight: bold;'> &#8216;De Click en la Imagen Para Acceder a las Plantas Demo&#8217; <\/a> <\/p>\n<\/p><\/div>\n<p> <!-- Videos de YouTube --> <\/p>\n<div style='display: flex; flex-direction: column; gap: 20px; margin: 20px 0;'>\n<div style='position: relative; padding-bottom: 56.25%; height: 0; overflow: hidden;'>   <\/div>\n<div style='position: relative; padding-bottom: 56.25%; height: 0; overflow: hidden;'>   <\/div>\n<div style='position: relative; padding-bottom: 56.25%; height: 0; overflow: hidden;'>   <\/div>\n<\/p><\/div>\n<\/p><\/div>\n<p> <!-- Recomendaciones --> <\/p>\n<div style='margin-bottom: 30px;'>\n<p style='font-size: 10pt; color: inherit; margin: 15px 0;'> <strong>Nota:<\/strong> Se recomienda utilizar sistemas de tierra f\u00edsica <a href='https:\/\/www.syscom.mx\/principal\/searchcont?route=LP-GROUND-30A-LINKEDPRO-172180&#038;autodetect=lpground30a' style='color: #007bff; text-decoration: none; font-weight: 600;'> LP-GROUND-30A <\/a>&comma; colocar supresores de picos <a href='https:\/\/www.syscom.mx\/principal\/searchcont?route=LA302R-DELTA-167343&#038;autodetect=la302' style='color: #007bff; text-decoration: none; font-weight: 600;'> LA302R <\/a> y verificar voltajes de operaci\u00f3n. <\/p>\n<p style='font-size: 10pt; color: inherit; text-align: center; margin: 15px 0;'> Consultarlo con el departamento de ingenier\u00eda en energ\u00eda solar. <\/p>\n<\/p><\/div>\n<p> <!-- Caracter\u00edsticas adicionales --> <\/p>\n<div style='margin-bottom: 30px;'>\n<div style='display: grid; grid-template-columns: repeat(auto-fill&comma; minmax(200px&comma; 1fr)); gap: 20px;'>\n<div style='text-align: center;'> <img style='width: 100%; max-width: 150px; height: auto; border: 1px solid rgba(150&comma;150&comma;150&comma;0.3); border-radius: 8px;' src='https:\/\/ftp3.syscom.mx\/usuarios\/ftp\/single_page\/epcom_powerline\/limpia.png' alt='Energ\u00eda Limpia'> <\/p>\n<p style='margin-top: 10px; font-size: 14px; color: inherit;'>Energ\u00eda Limpia<\/p>\n<\/p><\/div>\n<div style='text-align: center;'> <img style='width: 100%; max-width: 150px; height: auto; border: 1px solid rgba(150&comma;150&comma;150&comma;0.3); border-radius: 8px;' src='https:\/\/ftp3.syscom.mx\/usuarios\/ftp\/single_page\/epcom_powerline\/ahorro.png' alt='Ahorro de Energ\u00eda'> <\/p>\n<p style='margin-top: 10px; font-size: 14px; color: inherit;'>Ahorro de Energ\u00eda<\/p>\n<\/p><\/div>\n<div style='text-align: center;'> <img style='width: 100%; max-width: 150px; height: auto; border: 1px solid rgba(150&comma;150&comma;150&comma;0.3); border-radius: 8px;' src='https:\/\/ftp3.syscom.mx\/usuarios\/ftp\/single_page\/epcom_powerline\/ciudad.png' alt='Cuidado del Medio Ambiente'> <\/p>\n<p style='margin-top: 10px; font-size: 14px; color: inherit;'>Cuidado del Medio Ambiente<\/p>\n<\/p><\/div>\n<div style='text-align: center;'> <img style='width: 100%; max-width: 150px; height: auto; border: 1px solid rgba(150&comma;150&comma;150&comma;0.3); border-radius: 8px;' src='https:\/\/ftp3.syscom.mx\/usuarios\/ftp\/single_page\/epcom_powerline\/conexion.png' alt='Conexi\u00f3n sencilla'> <\/p>\n<p style='margin-top: 10px; font-size: 14px; color: inherit;'>Conexi\u00f3n sencilla<\/p>\n<\/p><\/div>\n<\/p><\/div>\n<\/p><\/div>\n<p> <!-- Diagramas de conexi\u00f3n --> <\/p>\n<div style='margin-bottom: 30px;'>\n<h4 style='font-size: 20px; border-bottom: 2px solid currentColor; padding-bottom: 5px; margin-top: 0; color: inherit; opacity: 0.8;'> Diagramas de Conexi\u00f3n <\/h4>\n<div style='display: grid; grid-template-columns: repeat(auto-fill&comma; minmax(300px&comma; 1fr)); gap: 20px; margin-top: 20px;'>\n<div style='text-align: center;'>\n<h5 style='font-size: 16px; margin-top: 0; color: inherit;'> Diagrama de Conexi\u00f3n para Soluci\u00f3n con Inversores de Cadena <\/h5>\n<p> <img style='width: 100%; height: auto; border: 1px solid rgba(150&comma;150&comma;150&comma;0.3); border-radius: 8px; margin-top: 10px;' src='https:\/\/ftp3.syscom.mx\/usuarios\/ftp\/single_page\/epcom_powerline\/DIAG-2.png' alt='Diagrama de Conexi\u00f3n para Soluci\u00f3n con Inversores de Cadena'> <\/div>\n<div style='text-align: center;'>\n<h5 style='font-size: 16px; margin-top: 0; color: inherit;'> Diagrama de Conexi\u00f3n para Soluci\u00f3n con Microinversores <\/h5>\n<p> <img style='width: 100%; height: auto; border: 1px solid rgba(150&comma;150&comma;150&comma;0.3); border-radius: 8px; margin-top: 10px;' src='https:\/\/ftp3.syscom.mx\/usuarios\/ftp\/single_page\/epcom_powerline\/diagrama-1.png' alt='Diagrama de Conexi\u00f3n para Soluci\u00f3n con Microinversores'> <\/div>\n<\/p><\/div>\n<\/p><\/div>\n<p> <!-- Revisi\u00f3n de consumo --> <\/p>\n<div style='margin-bottom: 30px;'>\n<h4 style='font-size: 20px; border-bottom: 2px solid currentColor; padding-bottom: 5px; margin-top: 0; color: inherit; opacity: 0.8;'> Revisi\u00f3n de consumo bimestral <\/h4>\n<p style='margin-top: 15px; color: inherit; font-size: 14px;'> Revise en el consumo bimestral de su recibo de luz y tabule lo siguiente con nuestros KITS&comma; para saber que kit necesita. <\/p>\n<p> <img style='width: 100%; height: auto; border: 1px solid rgba(150&comma;150&comma;150&comma;0.3); border-radius: 8px; margin-top: 15px;' src='https:\/\/ftp3.syscom.mx\/usuarios\/ftp\/single_page\/epcom_powerline\/recibo.png' alt='Recibo de luz'> <\/div>\n<p> <!-- Notas importantes --> <\/p>\n<div style='margin-bottom: 30px;'>\n<h4 style='font-size: 20px; border-bottom: 2px solid currentColor; padding-bottom: 5px; margin-top: 0; color: inherit; opacity: 0.8;'> Notas importantes <\/h4>\n<ul style='padding-left: 20px; font-size: 14px; color: inherit; margin-top: 15px;'>\n<li style='margin-bottom: 8px;'> Los equipos de interconexi\u00f3n a la red el\u00e9ctrica no pueden operar con generadores di\u00e9sel o a gasolina. <\/li>\n<li style='margin-bottom: 8px;'> Los inversores requieren sincronizarse para entregar voltaje&comma; de lo contrario el equipo no entregara voltaje&comma; si se miden las terminales con los paneles conectados el voltaje medido debe ser 0V. <\/li>\n<\/ul><\/div>\n<p> <!-- Separador final --> <\/p>\n<hr style='border: 0; border-top: 1px solid rgba(150&comma; 150&comma; 150&comma; 0.3); margin: 30px 0;'> <\/div>\n","protected":false},"excerpt":{"rendered":"<p>Inversor H\u00edbrido para Interconexi\u00f3n a CFE de 11.4 kW con Salida de 220 Vca, M\u00f3dulo Wifi Incluido<\/p>\n","protected":false},"featured_media":45434,"comment_status":"open","ping_status":"closed","template":"","meta":[],"product_brand":[],"product_cat":[1092],"product_tag":[964,1157,1093],"class_list":{"0":"post-45435","1":"product","2":"type-product","3":"status-publish","4":"has-post-thumbnail","6":"product_cat-inversores-interconexion-on-grid","7":"product_tag-energia-solar","8":"product_tag-growatt","9":"product_tag-inversores-interconexion-on-grid","11":"first","12":"instock","13":"sale","14":"shipping-taxable","15":"purchasable","16":"product-type-simple"},"_links":{"self":[{"href":"https:\/\/soydeaqui.ddns.net\/pachuca\/index.php\/wp-json\/wp\/v2\/product\/45435","targetHints":{"allow":["GET"]}}],"collection":[{"href":"https:\/\/soydeaqui.ddns.net\/pachuca\/index.php\/wp-json\/wp\/v2\/product"}],"about":[{"href":"https:\/\/soydeaqui.ddns.net\/pachuca\/index.php\/wp-json\/wp\/v2\/types\/product"}],"replies":[{"embeddable":true,"href":"https:\/\/soydeaqui.ddns.net\/pachuca\/index.php\/wp-json\/wp\/v2\/comments?post=45435"}],"wp:featuredmedia":[{"embeddable":true,"href":"https:\/\/soydeaqui.ddns.net\/pachuca\/index.php\/wp-json\/wp\/v2\/media\/45434"}],"wp:attachment":[{"href":"https:\/\/soydeaqui.ddns.net\/pachuca\/index.php\/wp-json\/wp\/v2\/media?parent=45435"}],"wp:term":[{"taxonomy":"product_brand","embeddable":true,"href":"https:\/\/soydeaqui.ddns.net\/pachuca\/index.php\/wp-json\/wp\/v2\/product_brand?post=45435"},{"taxonomy":"product_cat","embeddable":true,"href":"https:\/\/soydeaqui.ddns.net\/pachuca\/index.php\/wp-json\/wp\/v2\/product_cat?post=45435"},{"taxonomy":"product_tag","embeddable":true,"href":"https:\/\/soydeaqui.ddns.net\/pachuca\/index.php\/wp-json\/wp\/v2\/product_tag?post=45435"}],"curies":[{"name":"wp","href":"https:\/\/api.w.org\/{rel}","templated":true}]}}