{"id":45336,"date":"2026-03-18T20:05:35","date_gmt":"2026-03-18T20:05:35","guid":{"rendered":"https:\/\/soydeaqui.ddns.net\/pachuca\/index.php\/producto\/cable-de-alimentacion-electrica-con-bloqueo-de-seguridad-de-iec-c20-a-iec-c19-60-cm-de-largo-color-negro-paquete-de-10-piezas\/"},"modified":"2026-03-18T20:05:40","modified_gmt":"2026-03-18T20:05:40","slug":"cable-de-alimentacion-electrica-con-bloqueo-de-seguridad-de-iec-c20-a-iec-c19-60-cm-de-largo-color-negro-paquete-de-10-piezas","status":"publish","type":"product","link":"https:\/\/soydeaqui.ddns.net\/pachuca\/index.php\/producto\/cable-de-alimentacion-electrica-con-bloqueo-de-seguridad-de-iec-c20-a-iec-c19-60-cm-de-largo-color-negro-paquete-de-10-piezas\/","title":{"rendered":"Cable de Alimentaci\u00f3n El\u00e9ctrica Con Bloqueo de Seguridad, de IEC C20 a IEC C19, 60 cm de Largo, Color Negro, Paquete de 10 Piezas"},"content":{"rendered":"<div style='width: 100%; max-width: 1200px; margin: 0 auto; font-family: sans-serif; line-height: 1.6; color: inherit; background-color: transparent;'>\n<div style='display: flex; flex-wrap: wrap; gap: 30px; margin-bottom: 30px;'>\n<div style='flex: 1 1 300px; min-width: 280px;'>\n<h3 style='font-size: 22px; border-bottom: 2px solid currentColor; padding-bottom: 5px; margin-top: 0; color: inherit; opacity: 0.8;'>Descripci\u00f3n<\/h3>\n<p style='font-size: 15px; color: inherit; margin-bottom: 15px;'>La amplia variedad de cables de alimentaci\u00f3n est\u00e1ndar y de bloqueo de alta resistencia son la mejor oferta de su clase; dise\u00f1ados para transferir energ\u00eda desde la unidad de distribuci\u00f3n de energ\u00eda (PDU) del rack al equipo de TI en un gabinete o rack del centro de datos. Los cables de doble bloqueo eliminan las desconexiones accidentales causadas por vibraci\u00f3n y\/o contacto&comma; con bloqueo en ambos extremos para una conexi\u00f3n segura.<\/p>\n<\/p><\/div>\n<div style='flex: 1 1 300px; min-width: 280px;'>\n<h3 style='font-size: 22px; border-bottom: 2px solid currentColor; padding-bottom: 5px; margin-top: 0; color: inherit; opacity: 0.8;'>Caracter\u00edsticas Principales<\/h3>\n<ul style='padding-left: 20px; font-size: 15px; color: inherit;'>\n<li style='margin-bottom: 5px;'>Dise\u00f1o de doble extremo con bloqueo en ambos lados (G5 PDU &#038; lado de equipo IT)<\/li>\n<li style='margin-bottom: 5px;'>Compartimiento V-Lock compatible en el lado de PDU G5<\/li>\n<li style='margin-bottom: 5px;'>Conector hembra universal compatible con todos los enchufes de entrada est\u00e1ndar de equipos IT<\/li>\n<li style='margin-bottom: 5px;'>Selecci\u00f3n de longitudes para optimizar la gesti\u00f3n de cables y reducir holguras<\/li>\n<li style='margin-bottom: 5px;'>Embalaje no conforme que previene la deformidad del cable<\/li>\n<li style='margin-bottom: 5px;'>Disponible en colores rojo&comma; azul y negro<\/li>\n<\/ul><\/div>\n<div style='flex: 1 1 300px; min-width: 280px;'>\n<h3 style='font-size: 22px; border-bottom: 2px solid currentColor; padding-bottom: 5px; margin-top: 0; color: inherit; opacity: 0.8;'>Aplicaciones<\/h3>\n<p style='font-size: 15px; color: inherit; margin-bottom: 15px;'>Cables de alimentaci\u00f3n para centros de datos&comma; dise\u00f1ados para conectar unidades de distribuci\u00f3n de energ\u00eda (PDU) con equipos de TI en racks o gabinetes. Las diferentes longitudes permiten prevenir bucles de cableado y desorden&comma; ahorrando energ\u00eda y mejorando el flujo de aire. Los distintos colores permiten identificar visualmente las rutas de alimentaci\u00f3n.<\/p>\n<\/p><\/div>\n<\/p><\/div>\n<div style='display: flex; flex-wrap: wrap; gap: 20px; margin-bottom: 30px;'>\n<div style='flex: 1 1 250px; border: 1px solid rgba(150&comma; 150&comma; 150&comma; 0.4); border-radius: 8px; overflow: hidden; display: flex; flex-direction: column;'>\n<div style='padding: 15px; border-bottom: 1px solid rgba(150&comma; 150&comma; 150&comma; 0.2); font-weight: bold; font-size: 18px; color: inherit;'>Especificaciones T\u00e9cnicas<\/div>\n<div style='padding: 15px; color: inherit;'>\n<ul style='padding-left: 20px; margin: 0; font-size: 14px; list-style-type: disc;'>\n<li style='margin-bottom: 5px;'><strong>Tipo de conector:<\/strong> IEC60320 C20 a IEC60320 C19<\/li>\n<li style='margin-bottom: 5px;'><strong>Voltaje:<\/strong> 250 Volts<\/li>\n<li style='margin-bottom: 5px;'><strong>Corriente:<\/strong> 16 Amperios<\/li>\n<li style='margin-bottom: 5px;'><strong>Calibre:<\/strong> 15 AWG\/1.5mm\u00b2<\/li>\n<li style='margin-bottom: 5px;'><strong>Conductores:<\/strong> 3 alambres<\/li>\n<li style='margin-bottom: 5px;'><strong>C\u00f3digo de colores:<\/strong> Azul&comma; Marr\u00f3n&comma; Verde\/Amarillo (ICC)<\/li>\n<li style='margin-bottom: 5px;'><strong>Aislamiento:<\/strong> SJT\/H05VV-F<\/li>\n<li style='margin-bottom: 5px;'><strong>Material de chaqueta:<\/strong> PVC<\/li>\n<li style='margin-bottom: 5px;'><strong>Temperatura de operaci\u00f3n:<\/strong> 105\u00b0C<\/li>\n<li style='margin-bottom: 5px;'><strong>Di\u00e1metro exterior:<\/strong> 9.25 &#8211; 9.45mm<\/li>\n<\/ul><\/div>\n<\/p><\/div>\n<div style='flex: 1 1 250px; border: 1px solid rgba(150&comma; 150&comma; 150&comma; 0.4); border-radius: 8px; overflow: hidden; display: flex; flex-direction: column;'>\n<div style='padding: 15px; border-bottom: 1px solid rgba(150&comma; 150&comma; 150&comma; 0.2); font-weight: bold; font-size: 18px; color: inherit;'>Caracter\u00edsticas F\u00edsicas<\/div>\n<div style='padding: 15px; color: inherit;'>\n<ul style='padding-left: 20px; margin: 0; font-size: 14px; list-style-type: disc;'>\n<li style='margin-bottom: 5px;'><strong>Longitud:<\/strong> 60 cm (2 pies)<\/li>\n<li style='margin-bottom: 5px;'><strong>Color:<\/strong> Negro<\/li>\n<li style='margin-bottom: 5px;'><strong>Fuerza de retenci\u00f3n:<\/strong> 200 Newton<\/li>\n<li style='margin-bottom: 5px;'><strong>Embalaje:<\/strong> Paquete de 10 piezas<\/li>\n<\/ul><\/div>\n<\/p><\/div>\n<div style='flex: 1 1 250px; border: 1px solid rgba(150&comma; 150&comma; 150&comma; 0.4); border-radius: 8px; overflow: hidden; display: flex; flex-direction: column;'>\n<div style='padding: 15px; border-bottom: 1px solid rgba(150&comma; 150&comma; 150&comma; 0.2); font-weight: bold; font-size: 18px; color: inherit;'>Certificaciones<\/div>\n<div style='padding: 15px; color: inherit;'>\n<ul style='padding-left: 20px; margin: 0; font-size: 14px; list-style-type: disc;'>\n<li style='margin-bottom: 5px;'>UL<\/li>\n<li style='margin-bottom: 5px;'>CE<\/li>\n<li style='margin-bottom: 5px;'>EAC<\/li>\n<li style='margin-bottom: 5px;'>VDE<\/li>\n<li style='margin-bottom: 5px;'>TUV<\/li>\n<\/ul><\/div>\n<\/p><\/div>\n<div style='flex: 1 1 250px; border: 1px solid rgba(150&comma; 150&comma; 150&comma; 0.4); border-radius: 8px; overflow: hidden; display: flex; flex-direction: column;'>\n<div style='padding: 15px; border-bottom: 1px solid rgba(150&comma; 150&comma; 150&comma; 0.2); font-weight: bold; font-size: 18px; color: inherit;'>Pruebas Realizadas<\/div>\n<div style='padding: 15px; color: inherit;'>\n<ul style='padding-left: 20px; margin: 0; font-size: 14px; list-style-type: disc;'>\n<li style='margin-bottom: 5px;'>Prueba de tensi\u00f3n diel\u00e9ctrica (Hi-Pot)<\/li>\n<li style='margin-bottom: 5px;'>Prueba de polarizaci\u00f3n<\/li>\n<li style='margin-bottom: 5px;'>Prueba de continuidad<\/li>\n<\/ul><\/div>\n<\/p><\/div>\n<\/p><\/div>\n<hr style='border: 0; border-top: 1px solid rgba(150&comma; 150&comma; 150&comma; 0.3); margin: 30px 0;'>\n<div style='display: flex; flex-wrap: wrap; gap: 30px; margin-bottom: 30px;'>\n<div style='flex: 1 1 300px; min-width: 280px;'>\n<h3 style='font-size: 22px; border-bottom: 2px solid currentColor; padding-bottom: 5px; margin-top: 0; color: inherit; opacity: 0.8;'>Comparativa con Otros Cables<\/h3>\n<p style='font-size: 15px; color: inherit; margin-bottom: 15px;'>El modelo LPCB11X forma parte de la l\u00ednea de cables de bloqueo dual&comma; que ofrecen ventajas sobre los cables est\u00e1ndar:<\/p>\n<ul style='padding-left: 20px; font-size: 15px; color: inherit;'>\n<li style='margin-bottom: 5px;'><strong>Bloqueo en ambos extremos:<\/strong> Garantiza conexi\u00f3n segura en PDU y equipo IT<\/li>\n<li style='margin-bottom: 5px;'><strong>Mayor calibre:<\/strong> 15 AWG\/1.5mm\u00b2 vs 17 AWG\/1.0mm\u00b2 en cables est\u00e1ndar<\/li>\n<li style='margin-bottom: 5px;'><strong>Mayor capacidad:<\/strong> 16A vs 10A en cables est\u00e1ndar<\/li>\n<\/ul><\/div>\n<div style='flex: 1 1 300px; min-width: 280px;'>\n<h3 style='font-size: 22px; border-bottom: 2px solid currentColor; padding-bottom: 5px; margin-top: 0; color: inherit; opacity: 0.8;'>Compatibilidad<\/h3>\n<p style='font-size: 15px; color: inherit; margin-bottom: 15px;'>El cable LPCB11X es compatible con:<\/p>\n<ul style='padding-left: 20px; font-size: 15px; color: inherit;'>\n<li style='margin-bottom: 5px;'>Unidades de distribuci\u00f3n de energ\u00eda (PDU) con conector IEC C20<\/li>\n<li style='margin-bottom: 5px;'>Equipos IT con entrada IEC C19<\/li>\n<li style='margin-bottom: 5px;'>Sistemas el\u00e9ctricos de 250V<\/li>\n<li style='margin-bottom: 5px;'>Ambientes de centros de datos y servidores<\/li>\n<\/ul><\/div>\n<\/p><\/div>\n<\/p><\/div>\n","protected":false},"excerpt":{"rendered":"<p>Cable de Alimentaci\u00f3n El\u00e9ctrica Con Bloqueo de Seguridad, de IEC C20 a IEC C19, 60 cm de Largo, Color Negro, Paquete de 10 Piezas<\/p>\n","protected":false},"featured_media":45335,"comment_status":"open","ping_status":"closed","template":"","meta":[],"product_brand":[],"product_cat":[645],"product_tag":[647,445,646],"class_list":{"0":"post-45336","1":"product","2":"type-product","3":"status-publish","4":"has-post-thumbnail","6":"product_cat-basicos","7":"product_tag-basicos","8":"product_tag-panduit","9":"product_tag-pdu","11":"first","12":"outofstock","13":"sale","14":"shipping-taxable","15":"purchasable","16":"product-type-simple"},"_links":{"self":[{"href":"https:\/\/soydeaqui.ddns.net\/pachuca\/index.php\/wp-json\/wp\/v2\/product\/45336","targetHints":{"allow":["GET"]}}],"collection":[{"href":"https:\/\/soydeaqui.ddns.net\/pachuca\/index.php\/wp-json\/wp\/v2\/product"}],"about":[{"href":"https:\/\/soydeaqui.ddns.net\/pachuca\/index.php\/wp-json\/wp\/v2\/types\/product"}],"replies":[{"embeddable":true,"href":"https:\/\/soydeaqui.ddns.net\/pachuca\/index.php\/wp-json\/wp\/v2\/comments?post=45336"}],"wp:featuredmedia":[{"embeddable":true,"href":"https:\/\/soydeaqui.ddns.net\/pachuca\/index.php\/wp-json\/wp\/v2\/media\/45335"}],"wp:attachment":[{"href":"https:\/\/soydeaqui.ddns.net\/pachuca\/index.php\/wp-json\/wp\/v2\/media?parent=45336"}],"wp:term":[{"taxonomy":"product_brand","embeddable":true,"href":"https:\/\/soydeaqui.ddns.net\/pachuca\/index.php\/wp-json\/wp\/v2\/product_brand?post=45336"},{"taxonomy":"product_cat","embeddable":true,"href":"https:\/\/soydeaqui.ddns.net\/pachuca\/index.php\/wp-json\/wp\/v2\/product_cat?post=45336"},{"taxonomy":"product_tag","embeddable":true,"href":"https:\/\/soydeaqui.ddns.net\/pachuca\/index.php\/wp-json\/wp\/v2\/product_tag?post=45336"}],"curies":[{"name":"wp","href":"https:\/\/api.w.org\/{rel}","templated":true}]}}