{"id":4531,"date":"2026-03-18T06:20:18","date_gmt":"2026-03-18T06:20:18","guid":{"rendered":"https:\/\/soydeaqui.ddns.net\/pachuca\/index.php\/producto\/detector-de-movimiento-180-de-deteccion-inalambrico-alimentacion-100-exterior-compatible-con-cualquier-panel-de-alarma\/"},"modified":"2026-03-18T06:20:18","modified_gmt":"2026-03-18T06:20:18","slug":"detector-de-movimiento-180-de-deteccion-inalambrico-alimentacion-100-exterior-compatible-con-cualquier-panel-de-alarma","status":"publish","type":"product","link":"https:\/\/soydeaqui.ddns.net\/pachuca\/index.php\/producto\/detector-de-movimiento-180-de-deteccion-inalambrico-alimentacion-100-exterior-compatible-con-cualquier-panel-de-alarma\/","title":{"rendered":"Detector de Movimiento \/ 180\u00b0 de Detecci\u00f3n \/ Inalambrico  (Alimentaci\u00f3n)\/ 100% Exterior \/ Compatible con cualquier panel de alarma"},"content":{"rendered":"<div style='width: 100%; max-width: 1200px; margin: 0 auto; font-family: sans-serif; line-height: 1.6; color: inherit; background-color: transparent;'>\n<div style='text-align: center; margin-bottom: 30px;'>\n<h1 style='font-size: 2.5rem; margin: 40px 0 20px; color: inherit; border-bottom: 2px solid rgba(150&comma;150&comma;150&comma;0.3); padding-bottom: 10px;'>\u00a1Detecci\u00f3n externa de la que puede depender!<\/h1>\n<p> <img style='width: 100%; max-width: 600px; height: auto; border: 1px solid rgba(150&comma;150&comma;150&comma;0.3); border-radius: 8px;' src='https:\/\/www.optex.co.jp\/e\/products\/intrusion-detection\/passivesensor\/tdphtg00000019ji-img\/tdphtg00000019m5.jpg' alt=''> <\/div>\n<div style='margin-bottom: 30px;'>\n<p style='font-size: 15px; color: inherit; text-align: justify; max-width: 800px; margin: 0 auto;'>La serie <strong>OPTEX WXI<\/strong> es una familia de sensores externos basados en los a\u00f1os de experiencia comprobada. La serie WXI utiliza tecnolog\u00edas an\u00e1logas y digitales para detectar intrusos que se aproximan antes de que accedan a su \u00e1rea protegida. Con su amplio <strong>campo de visi\u00f3n de 180\u00b0<\/strong> y capacidades para adaptar su configuraci\u00f3n al entorno de su premisa&comma; la serie <strong>WXI<\/strong> proporcionar\u00e1 una soluci\u00f3n efectiva para sistemas de seguridad nuevos y existentes.<\/p>\n<\/p><\/div>\n<div style='margin-bottom: 30px;'>\n<div style='position: relative; padding-bottom: 56.25%; height: 0; overflow: hidden; margin-bottom: 30px;'>   <\/div>\n<\/p><\/div>\n<div style='margin-bottom: 30px;'>\n<h3 style='font-size: 22px; border-bottom: 2px solid currentColor; padding-bottom: 5px; margin-top: 0; color: inherit; opacity: 0.8;'>Caracter\u00edsticas<\/h3>\n<ul style='padding-left: 20px; font-size: 15px; color: inherit; margin-top: 20px;'>\n<li style='margin-bottom: 5px;'>180 grados de cobertura de pared a pared.<\/li>\n<li style='margin-bottom: 5px;'>Salidas de alarma individuales.<\/li>\n<li style='margin-bottom: 5px;'>Ajuste de sensado individual.<\/li>\n<li style='margin-bottom: 5px;'>Detecci\u00f3n individual del tama\u00f1o del \u00e1rea.<\/li>\n<li style='margin-bottom: 5px;'>Funci\u00f3n antienmascaramiento digital IR de autoaprendizaje.<\/li>\n<li style='margin-bottom: 5px;'>Cancelaci\u00f3n de luz solar.<\/li>\n<li style='margin-bottom: 5px;'>Cancelaci\u00f3n de agua de lluvia e insectos.<\/li>\n<li style='margin-bottom: 5px;'>Funci\u00f3n l\u00f3gica AND para reducir falsas alarmas.<\/li>\n<li style='margin-bottom: 5px;'>Persiana de enmascarismo de \u00e1rea.<\/li>\n<li style='margin-bottom: 5px;'>Placa de enmascaramiento de \u00e1rea.<\/li>\n<li style='margin-bottom: 5px;'>L\u00f3gica SMDA (An\u00e1lisis Super Multidimensional).<\/li>\n<li style='margin-bottom: 5px;'>Exterior\/Interior&comma; operado a bater\u00edas y funci\u00f3n antimascara.<\/li>\n<\/ul><\/div>\n<div style='display: flex; flex-wrap: wrap; gap: 20px; margin-bottom: 30px;'>\n<div style='flex: 1 1 250px; border: 1px solid rgba(150&comma; 150&comma; 150&comma; 0.4); border-radius: 8px; overflow: hidden; display: flex; flex-direction: column;'>\n<div style='padding: 15px; border-bottom: 1px solid rgba(150&comma; 150&comma; 150&comma; 0.2); font-weight: bold; font-size: 18px; color: inherit;'>Salidas de alarma individuales<\/div>\n<div style='padding: 15px; color: inherit;'> <img style='width: 100%; height: auto; border: 1px solid rgba(150&comma;150&comma;150&comma;0.3); border-radius: 8px; margin-bottom: 15px;' src='https:\/\/www.optex.co.jp\/e\/products\/intrusion-detection\/passivesensor\/tdphtg00000019ji-img\/tdphtg0000003pis.png' alt=''> <\/p>\n<p style='margin-top: 10px;'>La instalaci\u00f3n de un WXI detecta 2 detectores porque activa las se\u00f1ales de alarma tanto en el lado izquierdo como en el derecho individualmente. Por lo tanto&comma; es \u00fatil para la activaci\u00f3n de PTZ&comma; el reconocimiento de direcci\u00f3n y el cambio del patr\u00f3n de detecci\u00f3n de d\u00eda y de noche con un CP.<\/p>\n<\/p><\/div>\n<\/p><\/div>\n<div style='flex: 1 1 250px; border: 1px solid rgba(150&comma; 150&comma; 150&comma; 0.4); border-radius: 8px; overflow: hidden; display: flex; flex-direction: column;'>\n<div style='padding: 15px; border-bottom: 1px solid rgba(150&comma; 150&comma; 150&comma; 0.2); font-weight: bold; font-size: 18px; color: inherit;'>Ajuste de sensibilidad individual<\/div>\n<div style='padding: 15px; color: inherit;'> <img style='width: 100%; height: auto; border: 1px solid rgba(150&comma;150&comma;150&comma;0.3); border-radius: 8px; margin-bottom: 15px;' src='https:\/\/www.optex.co.jp\/e\/products\/intrusion-detection\/passivesensor\/tdphtg00000019ji-img\/tdphtg0000003pio.png' alt=''> <\/p>\n<p style='margin-top: 10px;'>La sensibilidad de detecci\u00f3n se puede configurar en Alta&comma; Media y Baja mediante los interruptores izquierdo y derecho individualmente.<\/p>\n<\/p><\/div>\n<\/p><\/div>\n<div style='flex: 1 1 250px; border: 1px solid rgba(150&comma; 150&comma; 150&comma; 0.4); border-radius: 8px; overflow: hidden; display: flex; flex-direction: column;'>\n<div style='padding: 15px; border-bottom: 1px solid rgba(150&comma; 150&comma; 150&comma; 0.2); font-weight: bold; font-size: 18px; color: inherit;'>Funci\u00f3n antienmascaramiento digital IR de autoaprendizaje<\/div>\n<div style='padding: 15px; color: inherit;'> <img style='width: 100%; height: auto; border: 1px solid rgba(150&comma;150&comma;150&comma;0.3); border-radius: 8px; margin-bottom: 15px;' src='https:\/\/www.optex.co.jp\/e\/products\/intrusion-detection\/passivesensor\/tdphtg00000019ji-img\/tdphtg0000003phg.png' alt=''> <\/p>\n<p style='margin-top: 10px;'>WXI detecta objetos que cubren la superficie de la lente. La funci\u00f3n antienmascaramiento digital IR optimiza el nivel de activaci\u00f3n de las salidas de problemas generadas por el enmascaramiento depende del estado de la superficie de la lente. Un ajuste bien calibrado tanto para el nivel de emisi\u00f3n como de recepci\u00f3n del LED IR que fluct\u00faa por temperatura contribuye a un antienmascaramiento estable.<\/p>\n<\/p><\/div>\n<\/p><\/div>\n<div style='flex: 1 1 250px; border: 1px solid rgba(150&comma; 150&comma; 150&comma; 0.4); border-radius: 8px; overflow: hidden; display: flex; flex-direction: column;'>\n<div style='padding: 15px; border-bottom: 1px solid rgba(150&comma; 150&comma; 150&comma; 0.2); font-weight: bold; font-size: 18px; color: inherit;'>L\u00f3gica SMDA (Super Multi Dimension Analysis)<\/div>\n<div style='padding: 15px; color: inherit;'> <img style='width: 100%; height: auto; border: 1px solid rgba(150&comma;150&comma;150&comma;0.3); border-radius: 8px; margin-bottom: 15px;' src='https:\/\/www.optex.co.jp\/e\/products\/intrusion-detection\/passivesensor\/tdphtg00000019ji-img\/tdphtg00000032ib.png' alt=''> <\/p>\n<p style='margin-top: 10px;'>Al analizar los patrones de detecci\u00f3n y la informaci\u00f3n ambiental&comma; SMDA mejora la inmunidad contra diversos factores de ruido&comma; como los cambios clim\u00e1ticos y la vegetaci\u00f3n&comma; y puede distinguir entre la causa de las falsas alarmas molestas y las intrusiones genuinas.<\/p>\n<\/p><\/div>\n<\/p><\/div>\n<div style='flex: 1 1 250px; border: 1px solid rgba(150&comma; 150&comma; 150&comma; 0.4); border-radius: 8px; overflow: hidden; display: flex; flex-direction: column;'>\n<div style='padding: 15px; border-bottom: 1px solid rgba(150&comma; 150&comma; 150&comma; 0.2); font-weight: bold; font-size: 18px; color: inherit;'>Persiana de enmascaramiento de \u00e1rea<\/div>\n<div style='padding: 15px; color: inherit;'> <img style='width: 100%; height: auto; border: 1px solid rgba(150&comma;150&comma;150&comma;0.3); border-radius: 8px; margin-bottom: 15px;' src='https:\/\/www.optex.co.jp\/e\/products\/intrusion-detection\/passivesensor\/tdphtg00000019ji-img\/tdphtg0000003p9a.png' alt=''> <\/p>\n<p style='margin-top: 10px;'>Mediante el obturador giratorio de enmascaramiento del \u00e1rea deslizante&comma; se puede cambiar el tama\u00f1o de las \u00e1reas de detecci\u00f3n.<\/p>\n<\/p><\/div>\n<\/p><\/div>\n<div style='flex: 1 1 250px; border: 1px solid rgba(150&comma; 150&comma; 150&comma; 0.4); border-radius: 8px; overflow: hidden; display: flex; flex-direction: column;'>\n<div style='padding: 15px; border-bottom: 1px solid rgba(150&comma; 150&comma; 150&comma; 0.2); font-weight: bold; font-size: 18px; color: inherit;'>Placa de enmascaramiento de \u00e1rea<\/div>\n<div style='padding: 15px; color: inherit;'> <img style='width: 100%; height: auto; border: 1px solid rgba(150&comma;150&comma;150&comma;0.3); border-radius: 8px; margin-bottom: 15px;' src='https:\/\/www.optex.co.jp\/e\/products\/intrusion-detection\/passivesensor\/tdphtg00000019ji-img\/tdphtg0000003paa.png' alt=''> <\/p>\n<p style='margin-top: 10px;'>Las \u00e1reas de detecci\u00f3n no deseadas se pueden enmascarar con la placa de enmascaramiento del \u00e1rea incluida.<\/p>\n<\/p><\/div>\n<\/p><\/div>\n<\/p><\/div>\n<div style='margin-bottom: 30px;'>\n<h3 style='font-size: 22px; border-bottom: 2px solid currentColor; padding-bottom: 5px; margin-top: 0; color: inherit; opacity: 0.8;'>Aplicaciones<\/h3>\n<div style='display: flex; flex-wrap: wrap; justify-content: center; gap: 30px; margin-top: 20px;'>\n<div style='flex: 1 1 250px; min-width: 250px; text-align: center;'> <img style='width: 100%; max-width: 250px; height: auto; border: 1px solid rgba(150&comma;150&comma;150&comma;0.3); border-radius: 8px; margin-bottom: 15px;' src='https:\/\/www.optex.co.jp\/e\/products\/intrusion-detection\/passivesensor\/tdphtg00000019ji-img\/image_01.jpg' alt='Residencial'> <\/p>\n<p style='font-weight: bold; margin: 0;'>Residencial<\/p>\n<\/p><\/div>\n<div style='flex: 1 1 250px; min-width: 250px; text-align: center;'> <img style='width: 100%; max-width: 250px; height: auto; border: 1px solid rgba(150&comma;150&comma;150&comma;0.3); border-radius: 8px; margin-bottom: 15px;' src='https:\/\/www.optex.co.jp\/e\/products\/intrusion-detection\/passivesensor\/tdphtg00000019ji-img\/tdphtg00000019qp.png' alt='Techos'> <\/p>\n<p style='font-weight: bold; margin: 0;'>Techos<\/p>\n<\/p><\/div>\n<div style='flex: 1 1 250px; min-width: 250px; text-align: center;'> <img style='width: 100%; max-width: 250px; height: auto; border: 1px solid rgba(150&comma;150&comma;150&comma;0.3); border-radius: 8px; margin-bottom: 15px;' src='https:\/\/www.optex.co.jp\/e\/products\/intrusion-detection\/passivesensor\/tdphtg00000019ji-img\/tdphtg00000019qt.png' alt='Subestaciones'> <\/p>\n<p style='font-weight: bold; margin: 0;'>Subestaciones<\/p>\n<\/p><\/div>\n<\/p><\/div>\n<\/p><\/div>\n<\/div>\n","protected":false},"excerpt":{"rendered":"<p>Detector de Movimiento \/ 180\u00b0 de Detecci\u00f3n \/ Inalambrico  (Alimentaci\u00f3n)\/ 100% Exterior \/ Compatible con cualquier panel de alarma<\/p>\n","protected":false},"featured_media":4530,"comment_status":"open","ping_status":"closed","template":"","meta":[],"product_brand":[],"product_cat":[202],"product_tag":[19,203,106],"class_list":{"0":"post-4531","1":"product","2":"type-product","3":"status-publish","4":"has-post-thumbnail","6":"product_cat-movimiento-para-exterior","7":"product_tag-detectores-sensores","8":"product_tag-movimiento-para-exterior","9":"product_tag-optex","11":"first","12":"outofstock","13":"sale","14":"shipping-taxable","15":"purchasable","16":"product-type-simple"},"_links":{"self":[{"href":"https:\/\/soydeaqui.ddns.net\/pachuca\/index.php\/wp-json\/wp\/v2\/product\/4531","targetHints":{"allow":["GET"]}}],"collection":[{"href":"https:\/\/soydeaqui.ddns.net\/pachuca\/index.php\/wp-json\/wp\/v2\/product"}],"about":[{"href":"https:\/\/soydeaqui.ddns.net\/pachuca\/index.php\/wp-json\/wp\/v2\/types\/product"}],"replies":[{"embeddable":true,"href":"https:\/\/soydeaqui.ddns.net\/pachuca\/index.php\/wp-json\/wp\/v2\/comments?post=4531"}],"wp:featuredmedia":[{"embeddable":true,"href":"https:\/\/soydeaqui.ddns.net\/pachuca\/index.php\/wp-json\/wp\/v2\/media\/4530"}],"wp:attachment":[{"href":"https:\/\/soydeaqui.ddns.net\/pachuca\/index.php\/wp-json\/wp\/v2\/media?parent=4531"}],"wp:term":[{"taxonomy":"product_brand","embeddable":true,"href":"https:\/\/soydeaqui.ddns.net\/pachuca\/index.php\/wp-json\/wp\/v2\/product_brand?post=4531"},{"taxonomy":"product_cat","embeddable":true,"href":"https:\/\/soydeaqui.ddns.net\/pachuca\/index.php\/wp-json\/wp\/v2\/product_cat?post=4531"},{"taxonomy":"product_tag","embeddable":true,"href":"https:\/\/soydeaqui.ddns.net\/pachuca\/index.php\/wp-json\/wp\/v2\/product_tag?post=4531"}],"curies":[{"name":"wp","href":"https:\/\/api.w.org\/{rel}","templated":true}]}}