{"id":4520,"date":"2026-03-18T06:20:12","date_gmt":"2026-03-18T06:20:12","guid":{"rendered":"https:\/\/soydeaqui.ddns.net\/pachuca\/index.php\/producto\/servicio-de-datos-4glte-5g-por-un-ano-para-mn02ltem-mn01ltem-pro4gltem-pro4gen2-mq03ltem\/"},"modified":"2026-03-18T06:20:13","modified_gmt":"2026-03-18T06:20:13","slug":"servicio-de-datos-4glte-5g-por-un-ano-para-mn02ltem-mn01ltem-pro4gltem-pro4gen2-mq03ltem","status":"publish","type":"product","link":"https:\/\/soydeaqui.ddns.net\/pachuca\/index.php\/producto\/servicio-de-datos-4glte-5g-por-un-ano-para-mn02ltem-mn01ltem-pro4gltem-pro4gen2-mq03ltem\/","title":{"rendered":"Servicio de datos 4GLTE\/5G por un A\u00f1o para MN02LTEM \/ MN01LTEM \/ PRO4GLTEM \/ PRO4GEN2 \/ MQ03LTEM"},"content":{"rendered":"<div style='width: 100%; max-width: 1200px; margin: 0 auto; font-family: sans-serif; line-height: 1.6; color: inherit; background-color: transparent;'>\n<div style='text-align: center; margin-bottom: 30px;'> <img style='width: 100%; max-width: 300px; height: auto; border: 1px solid rgba(150&comma;150&comma;150&comma;0.3); border-radius: 8px;' src='https:\/\/ftp3.syscom.mx\/usuarios\/vvega\/M2M\/licencias\/Voucherltem%20nombre.png' alt=''> <\/div>\n<div style='margin-bottom: 30px;'>\n<h3 style='font-size: 24px; text-align: center; border-bottom: 2px solid currentColor; padding-bottom: 8px; margin-top: 0; color: inherit; opacity: 0.8;'>Anualidad de Servicio M2M<\/h3>\n<p style='text-align: center; font-size: 16px; margin: 10px 70px 30px 70px; color: inherit;'>Con esta licencia podr\u00e1s a\u00f1adir f\u00e1cilmente un a\u00f1o m\u00e1s de servicio a tus comunicadores M2M&comma; sin complicaciones y sin esperar<\/p>\n<\/p><\/div>\n<div style='display: flex; flex-wrap: wrap; gap: 30px; margin-bottom: 30px;'>\n<div style='flex: 1 1 300px; min-width: 280px;'>\n<div style='border-left: 5px solid #ca393c; border-radius: 8px; padding: 15px; box-shadow: 2px 2px 10px rgba(150&comma;150&comma;150&comma;0.2);'> <strong style='font-size: 18px; display: block; margin-bottom: 10px; color: inherit;'>Aplica Unicamente en los Siguientes Modelos<\/strong> <\/p>\n<ul style='padding-left: 20px; margin: 0; font-size: 14px; color: inherit;'>\n<li style='margin-bottom: 5px;'><a href='https:\/\/www.syscom.mx\/producto\/MN01LTEM-M2M-SERVICES-208355.html' target='_blank' rel='noopener' style='color: inherit; text-decoration: underline; opacity: 0.85;'>MN01LTEM<\/a><\/li>\n<li style='margin-bottom: 5px;'><a href='https:\/\/www.syscom.mx\/producto\/MN02LTEM-M2M-SERVICES-183884.html' target='_blank' rel='noopener' style='color: inherit; text-decoration: underline; opacity: 0.85;'>MN02LTEM<\/a><\/li>\n<li style='margin-bottom: 5px;'><a href='https:\/\/www.syscom.mx\/principal\/searchcont?route=MN02LTEMV3-M2M-SERVICES-197086&#038;autodetect=mn02ltemv3' target='_blank' rel='noopener' style='color: inherit; text-decoration: underline; opacity: 0.85;'>MN02LTEMV3<\/a><\/li>\n<li style='margin-bottom: 5px;'><a href='https:\/\/www.syscom.mx\/producto\/MQ03LTEM-M2M-SERVICES-183547.html' target='_blank' rel='noopener' style='color: inherit; text-decoration: underline; opacity: 0.85;'>MQ03LTEM<\/a><\/li>\n<li style='margin-bottom: 5px;'><a href='https:\/\/www.syscom.mx\/producto\/MQ03-LTE-M-LAN-M2M-SERVICES-202184.html' target='_blank' rel='noopener' style='color: inherit; text-decoration: underline; opacity: 0.85;'>MQ03LTEMLAN<\/a><\/li>\n<li style='margin-bottom: 5px;'><a href='https:\/\/www.syscom.mx\/producto\/PRO4GLTEM-M2M-SERVICES-170945.html' target='_blank' rel='noopener' style='color: inherit; text-decoration: underline; opacity: 0.85;'>PRO4GLTEM<\/a><\/li>\n<li style='margin-bottom: 5px;'><a href='https:\/\/www.syscom.mx\/principal\/searchcont?route=PRO4GEN2-M2M-SERVICES-204728&#038;autodetect=pro4gen2' target='_blank' rel='noopener' style='color: inherit; text-decoration: underline; opacity: 0.85;'>PRO4GEN2<\/a><\/li>\n<\/ul><\/div>\n<\/p><\/div>\n<div style='flex: 1 1 300px; min-width: 280px;'>\n<div style='border-left: 5px solid #ca393c; border-radius: 8px; padding: 15px; box-shadow: 2px 2px 10px rgba(150&comma;150&comma;150&comma;0.2);'> <strong style='font-size: 18px; display: block; margin-bottom: 10px; color: inherit;'>Para Activar solo siga estas Instrucciones:<\/strong> <\/p>\n<ul style='padding-left: 20px; margin: 0; font-size: 14px; color: inherit;'>\n<li style='margin-bottom: 5px;'>Facturar VOUCHERLTEM<\/li>\n<li style='margin-bottom: 5px;'>Descargar factura de su portal SYSCOM<\/li>\n<li style='margin-bottom: 5px;'>Copiar c\u00f3digo impreso en su Factura<\/li>\n<li style='margin-bottom: 5px;'>Teclearlo en el apartado &#8216;vouchers&#8217; de la aplicaci\u00f3n RControl<\/li>\n<li style='margin-bottom: 5px;'>Puede seguir esta sencilla <a href='https:\/\/soporte.syscom.mx\/es\/articles\/5104719-como-anadir-un-voucher-en-la-nueva-app-rcontrol' target='_blank' rel='noopener' style='color: inherit; text-decoration: underline; opacity: 0.85;'>GUIA<\/a><\/li>\n<\/ul><\/div>\n<\/p><\/div>\n<div style='flex: 1 1 300px; min-width: 280px;'>\n<div style='border-left: 5px solid #ca393c; border-radius: 8px; padding: 15px; box-shadow: 2px 2px 10px rgba(150&comma;150&comma;150&comma;0.2);'> <strong style='font-size: 18px; display: block; margin-bottom: 10px; color: inherit;'>Caracter\u00edsticas Destacadas:<\/strong> <\/p>\n<p style='margin: 0 0 15px 0; font-size: 14px; color: inherit;'>Con este servicio podr\u00e1 disfrutar de un a\u00f1o m\u00e1s de comunicaci\u00f3n ilimitada entre su dispositivo M2M y la aplicaci\u00f3n RControl y\/o Central de Monitoreo.<\/p>\n<p style='margin: 0; font-size: 14px; color: inherit;'><em>NOTA. En caso de que su dispositivo est\u00e9 vencido deber\u00e1 primero activarlo adquiriendo el modelo <a href='https:\/\/www.syscom.mx\/producto\/REACTIVAM2M-M2M-SERVICES-143759.html' target='_blank' rel='noopener' style='color: inherit; text-decoration: underline; opacity: 0.85;'>REACTIVAM2M<\/a> y una vez activado ya hacer uso de la anualidad.<\/em><\/p>\n<\/p><\/div>\n<\/p><\/div>\n<\/p><\/div>\n<hr style='border: 0; border-top: 1px solid rgba(150&comma; 150&comma; 150&comma; 0.3); margin: 30px 0;'> <\/div>\n","protected":false},"excerpt":{"rendered":"<p>Servicio de datos 4GLTE\/5G por un A\u00f1o para MN02LTEM \/ MN01LTEM \/ PRO4GLTEM \/ PRO4GEN2 \/ MQ03LTEM<\/p>\n","protected":false},"featured_media":4519,"comment_status":"open","ping_status":"closed","template":"","meta":[],"product_brand":[],"product_cat":[386],"product_tag":[40,207,188],"class_list":{"0":"post-4520","1":"product","2":"type-product","3":"status-publish","4":"has-post-thumbnail","6":"product_cat-comunicadores-centrales-de-monitoreo","7":"product_tag-centrales-de-monitoreo","8":"product_tag-comunicadores","9":"product_tag-m2m-services","11":"first","12":"instock","13":"sale","14":"shipping-taxable","15":"purchasable","16":"product-type-simple"},"_links":{"self":[{"href":"https:\/\/soydeaqui.ddns.net\/pachuca\/index.php\/wp-json\/wp\/v2\/product\/4520","targetHints":{"allow":["GET"]}}],"collection":[{"href":"https:\/\/soydeaqui.ddns.net\/pachuca\/index.php\/wp-json\/wp\/v2\/product"}],"about":[{"href":"https:\/\/soydeaqui.ddns.net\/pachuca\/index.php\/wp-json\/wp\/v2\/types\/product"}],"replies":[{"embeddable":true,"href":"https:\/\/soydeaqui.ddns.net\/pachuca\/index.php\/wp-json\/wp\/v2\/comments?post=4520"}],"wp:featuredmedia":[{"embeddable":true,"href":"https:\/\/soydeaqui.ddns.net\/pachuca\/index.php\/wp-json\/wp\/v2\/media\/4519"}],"wp:attachment":[{"href":"https:\/\/soydeaqui.ddns.net\/pachuca\/index.php\/wp-json\/wp\/v2\/media?parent=4520"}],"wp:term":[{"taxonomy":"product_brand","embeddable":true,"href":"https:\/\/soydeaqui.ddns.net\/pachuca\/index.php\/wp-json\/wp\/v2\/product_brand?post=4520"},{"taxonomy":"product_cat","embeddable":true,"href":"https:\/\/soydeaqui.ddns.net\/pachuca\/index.php\/wp-json\/wp\/v2\/product_cat?post=4520"},{"taxonomy":"product_tag","embeddable":true,"href":"https:\/\/soydeaqui.ddns.net\/pachuca\/index.php\/wp-json\/wp\/v2\/product_tag?post=4520"}],"curies":[{"name":"wp","href":"https:\/\/api.w.org\/{rel}","templated":true}]}}