{"id":4505,"date":"2026-03-18T06:20:00","date_gmt":"2026-03-18T06:20:00","guid":{"rendered":"https:\/\/soydeaqui.ddns.net\/pachuca\/index.php\/producto\/accesorio-de-recarga-de-niebla-1-vez-de-expulsion-para-rellenar-sf-501p-2\/"},"modified":"2026-03-18T06:20:01","modified_gmt":"2026-03-18T06:20:01","slug":"accesorio-de-recarga-de-niebla-1-vez-de-expulsion-para-rellenar-sf-501p-2","status":"publish","type":"product","link":"https:\/\/soydeaqui.ddns.net\/pachuca\/index.php\/producto\/accesorio-de-recarga-de-niebla-1-vez-de-expulsion-para-rellenar-sf-501p-2\/","title":{"rendered":"Accesorio de Recarga de Niebla \/  1 vez de expulsi\u00f3n \/ PARA RELLENAR SF-501P"},"content":{"rendered":"<div style='width: 100%; max-width: 1200px; margin: 0 auto; font-family: sans-serif; line-height: 1.6; color: inherit; background-color: transparent;'>\n<div style='margin-bottom: 30px;'>\n<p style='font-size: 18px; margin-top: 0; margin-bottom: 15px; color: inherit;'>Cartucho de Recarga de Generador de Niebla<\/p>\n<ul style='padding-left: 20px; font-size: 15px; color: inherit; list-style-type: disc;'>\n<li style='margin-bottom: 8px;'><strong>Sistema:<\/strong> F\u00f3rmula de niebla &#8211; Material seco s\u00f3lido&comma; apto para uso alimentario<\/li>\n<li style='margin-bottom: 8px;'><strong>Protecci\u00f3n:<\/strong> \u00c1rea de 100 m\u00b3-150 m\u00b3 en espacios cerrados o semicerrados (altura 2.5-3m)<\/li>\n<li style='margin-bottom: 8px;'><strong>Rendimiento:<\/strong> Tecnolog\u00eda Cold Fog&comma; activaci\u00f3n en 1 segundo&comma; sin tiempo de calentamiento<\/li>\n<li style='margin-bottom: 8px;'><strong>Durabilidad:<\/strong> 5 a\u00f1os de vida \u00fatil<\/li>\n<\/ul><\/div>\n<div style='display: flex; flex-wrap: wrap; gap: 20px; margin-bottom: 30px;'>\n<div style='flex: 1 1 250px; border: 1px solid rgba(150&comma; 150&comma; 150&comma; 0.4); border-radius: 8px; overflow: hidden; display: flex; flex-direction: column;'>\n<div style='padding: 15px; border-bottom: 1px solid rgba(150&comma; 150&comma; 150&comma; 0.2); font-weight: bold; font-size: 16px; color: inherit;'>Control<\/div>\n<div style='padding: 15px; color: inherit;'>\n<ul style='padding-left: 20px; margin: 0; font-size: 14px; list-style-type: disc;'>\n<li style='margin-bottom: 8px;'><strong>Trigger:<\/strong> Bot\u00f3n de p\u00e1nico \/ interruptor de encendido y apagado<\/li>\n<li style='margin-bottom: 8px;'><strong>Accionamiento:<\/strong> Conecte el IN + y IN-&comma; presione el bot\u00f3n al menos 1 segundo (sugiera 5-8 segundos)&comma; expulsi\u00f3n de niebla. Cambia al modo de ahorro de energ\u00eda cuando el circuito se cierra.<\/li>\n<\/ul><\/div>\n<\/p><\/div>\n<div style='flex: 1 1 250px; border: 1px solid rgba(150&comma; 150&comma; 150&comma; 0.4); border-radius: 8px; overflow: hidden; display: flex; flex-direction: column;'>\n<div style='padding: 15px; border-bottom: 1px solid rgba(150&comma; 150&comma; 150&comma; 0.2); font-weight: bold; font-size: 16px; color: inherit;'>Especificaciones<\/div>\n<div style='padding: 15px; color: inherit;'>\n<ul style='padding-left: 20px; margin: 0; font-size: 14px; list-style-type: disc;'>\n<li style='margin-bottom: 8px;'><strong>Alimentaci\u00f3n:<\/strong> 12 Vcc&comma; 3A<\/li>\n<li style='margin-bottom: 8px;'><strong>Consumo:<\/strong> 0-24W<\/li>\n<li style='margin-bottom: 8px;'><strong>Temperatura de trabajo:<\/strong> -10\u00b0C a 50\u00b0C<\/li>\n<li style='margin-bottom: 8px;'><strong>Humedad de trabajo:<\/strong> 10%-80%<\/li>\n<li style='margin-bottom: 8px;'><strong>Instalaci\u00f3n:<\/strong> En muro o techo<\/li>\n<li style='margin-bottom: 8px;'><strong>Tiempo de cubrimiento:<\/strong> 8 segundos<\/li>\n<li style='margin-bottom: 8px;'><strong>Niebla densa:<\/strong> 30-45 minutos<\/li>\n<\/ul><\/div>\n<\/p><\/div>\n<\/p><\/div>\n<div style='margin-bottom: 30px;'>\n<div style='position: relative; padding-bottom: 56.25%; height: 0; overflow: hidden; margin-bottom: 30px;'>   <\/div>\n<\/p><\/div>\n<\/p><\/div>\n","protected":false},"excerpt":{"rendered":"<p>Accesorio de Recarga de Niebla \/  1 vez de expulsi\u00f3n \/ PARA RELLENAR SF-501P<\/p>\n","protected":false},"featured_media":4504,"comment_status":"open","ping_status":"closed","template":"","meta":[],"product_brand":[],"product_cat":[77],"product_tag":[78,79,62],"class_list":{"0":"post-4505","1":"product","2":"type-product","3":"status-publish","4":"has-post-thumbnail","6":"product_cat-todos-generadores-de-niebla","7":"product_tag-generadores-de-niebla","8":"product_tag-sfire","9":"product_tag-todos","11":"first","12":"instock","13":"sale","14":"shipping-taxable","15":"purchasable","16":"product-type-simple"},"_links":{"self":[{"href":"https:\/\/soydeaqui.ddns.net\/pachuca\/index.php\/wp-json\/wp\/v2\/product\/4505","targetHints":{"allow":["GET"]}}],"collection":[{"href":"https:\/\/soydeaqui.ddns.net\/pachuca\/index.php\/wp-json\/wp\/v2\/product"}],"about":[{"href":"https:\/\/soydeaqui.ddns.net\/pachuca\/index.php\/wp-json\/wp\/v2\/types\/product"}],"replies":[{"embeddable":true,"href":"https:\/\/soydeaqui.ddns.net\/pachuca\/index.php\/wp-json\/wp\/v2\/comments?post=4505"}],"wp:featuredmedia":[{"embeddable":true,"href":"https:\/\/soydeaqui.ddns.net\/pachuca\/index.php\/wp-json\/wp\/v2\/media\/4504"}],"wp:attachment":[{"href":"https:\/\/soydeaqui.ddns.net\/pachuca\/index.php\/wp-json\/wp\/v2\/media?parent=4505"}],"wp:term":[{"taxonomy":"product_brand","embeddable":true,"href":"https:\/\/soydeaqui.ddns.net\/pachuca\/index.php\/wp-json\/wp\/v2\/product_brand?post=4505"},{"taxonomy":"product_cat","embeddable":true,"href":"https:\/\/soydeaqui.ddns.net\/pachuca\/index.php\/wp-json\/wp\/v2\/product_cat?post=4505"},{"taxonomy":"product_tag","embeddable":true,"href":"https:\/\/soydeaqui.ddns.net\/pachuca\/index.php\/wp-json\/wp\/v2\/product_tag?post=4505"}],"curies":[{"name":"wp","href":"https:\/\/api.w.org\/{rel}","templated":true}]}}