{"id":44947,"date":"2026-03-18T19:54:43","date_gmt":"2026-03-18T19:54:43","guid":{"rendered":"https:\/\/soydeaqui.ddns.net\/pachuca\/index.php\/producto\/estacion-de-carga-para-vehiculos-electricos-240-vca-12-kw-50-a\/"},"modified":"2026-03-18T19:54:44","modified_gmt":"2026-03-18T19:54:44","slug":"estacion-de-carga-para-vehiculos-electricos-240-vca-12-kw-50-a","status":"publish","type":"product","link":"https:\/\/soydeaqui.ddns.net\/pachuca\/index.php\/producto\/estacion-de-carga-para-vehiculos-electricos-240-vca-12-kw-50-a\/","title":{"rendered":"Estaci\u00f3n de carga para veh\u00edculos el\u00e9ctricos 240 VCA 12 kW 50 A"},"content":{"rendered":"<div style='width: 100%; max-width: 1200px; margin: 0 auto; font-family: sans-serif; line-height: 1.6; color: inherit; background-color: transparent;'>\n<div style='display: flex; flex-wrap: wrap; gap: 30px; margin-bottom: 30px;'>\n<div style='flex: 1 1 300px; min-width: 280px;'>\n<h3 style='font-size: 22px; border-bottom: 2px solid currentColor; padding-bottom: 5px; margin-top: 0; color: inherit; opacity: 0.8;'>Descripci\u00f3n del Producto<\/h3>\n<ul style='padding-left: 20px; font-size: 15px; color: inherit;'>\n<li style='margin-bottom: 5px;'>Compatible con todas las marcas de veh\u00edculos el\u00e9ctricos<\/li>\n<li style='margin-bottom: 5px;'>Carga al 100% con energ\u00eda solar<\/li>\n<li style='margin-bottom: 5px;'>Control y programaci\u00f3n inteligente con la APP<\/li>\n<li style='margin-bottom: 5px;'>Dise\u00f1o IP65 para uso en interiores o exteriores<\/li>\n<li style='margin-bottom: 5px;'>Se integra con sistemas fotovoltaicos existentes o nuevas instalaciones<\/li>\n<\/ul><\/div>\n<div style='flex: 1 1 300px; min-width: 280px;'>\n<h3 style='font-size: 22px; border-bottom: 2px solid currentColor; padding-bottom: 5px; margin-top: 0; color: inherit; opacity: 0.8;'>Caracter\u00edsticas T\u00e9cnicas<\/h3>\n<ul style='padding-left: 20px; font-size: 15px; color: inherit;'>\n<li style='margin-bottom: 5px;'><strong>Potencia nominal:<\/strong> 12 kW<\/li>\n<li style='margin-bottom: 5px;'><strong>Tipo de corriente:<\/strong> Trif\u00e1sico<\/li>\n<li style='margin-bottom: 5px;'><strong>Eficiencia:<\/strong> Alta eficiencia de conversi\u00f3n<\/li>\n<li style='margin-bottom: 5px;'><strong>Monitoreo:<\/strong> En tiempo real<\/li>\n<li style='margin-bottom: 5px;'><strong>Conectividad:<\/strong> Wi-Fi<\/li>\n<li style='margin-bottom: 5px;'><strong>Dise\u00f1o:<\/strong> Robusto y duradero<\/li>\n<\/ul><\/div>\n<\/p><\/div>\n<div style='display: flex; flex-wrap: wrap; gap: 20px; margin-bottom: 30px;'>\n<div style='flex: 1 1 250px; border: 1px solid rgba(150&comma; 150&comma; 150&comma; 0.4); border-radius: 8px; overflow: hidden; display: flex; flex-direction: column;'>\n<div style='padding: 15px; border-bottom: 1px solid rgba(150&comma; 150&comma; 150&comma; 0.2); font-weight: bold; font-size: 18px; color: inherit;'>Dise\u00f1o del Producto<\/div>\n<div style='padding: 15px; color: inherit;'>\n<ul style='padding-left: 20px; margin: 0; font-size: 14px; list-style-type: disc;'>\n<li style='margin-bottom: 5px;'>1. LOGO e indicador de estado<\/li>\n<li style='margin-bottom: 5px;'>2. Pantalla LCD (Cargador con versi\u00f3n LCD)<\/li>\n<li style='margin-bottom: 5px;'>3. Preparado para RFID (Para versi\u00f3n RFID)<\/li>\n<li style='margin-bottom: 5px;'>4. Bot\u00f3n de encendido y apagado<\/li>\n<li style='margin-bottom: 5px;'>5. Soporte de enchufe<\/li>\n<li style='margin-bottom: 5px;'>6. Soporte de montaje<\/li>\n<li style='margin-bottom: 5px;'>7. Ventana lateral y placa de nombre<\/li>\n<li style='margin-bottom: 5px;'>8. Gl\u00e1ndula impermeable para cables de entrada AC<\/li>\n<li style='margin-bottom: 5px;'>9. Gl\u00e1ndula impermeable para cables de comunicaci\u00f3n<\/li>\n<\/ul><\/div>\n<\/p><\/div>\n<div style='flex: 1 1 250px; border: 1px solid rgba(150&comma; 150&comma; 150&comma; 0.4); border-radius: 8px; overflow: hidden; display: flex; flex-direction: column;'>\n<div style='padding: 15px; border-bottom: 1px solid rgba(150&comma; 150&comma; 150&comma; 0.2); font-weight: bold; font-size: 18px; color: inherit;'>Caracter\u00edsticas T\u00e9cnicas<\/div>\n<div style='padding: 15px; color: inherit;'>\n<ul style='padding-left: 20px; margin: 0; font-size: 14px; list-style-type: disc;'>\n<li style='margin-bottom: 5px;'><strong>Potencia nominal:<\/strong> 12 kW<\/li>\n<li style='margin-bottom: 5px;'><strong>Tipo de corriente:<\/strong> Trif\u00e1sico<\/li>\n<li style='margin-bottom: 5px;'><strong>Eficiencia:<\/strong> Alta eficiencia de conversi\u00f3n<\/li>\n<li style='margin-bottom: 5px;'><strong>Monitoreo:<\/strong> En tiempo real<\/li>\n<li style='margin-bottom: 5px;'><strong>Conectividad:<\/strong> Wi-Fi<\/li>\n<li style='margin-bottom: 5px;'><strong>Dise\u00f1o:<\/strong> Robusto y duradero<\/li>\n<\/ul><\/div>\n<\/p><\/div>\n<\/p><\/div>\n<div style='display: flex; flex-wrap: wrap; gap: 20px; margin-bottom: 30px;'>\n<div style='flex: 1 1 100%; max-width: 600px; margin: 0 auto;'> <img style='width: 100%; height: auto; border: 1px solid rgba(150&comma;150&comma;150&comma;0.3); border-radius: 8px;' src='https:\/\/lh7-us.googleusercontent.com\/9Vwt8a9iy0HWgACW1WSP3gcALykGQowmxl1tuUzpR2Ds6eBrCynECcSs4aA3vH3YJfkp-FcbdlZIFOKOMKe0MJ98wvdRazAd2rLdBvukDVkxCPSaQyhiYExR5TQTsSqYuXcoog7wagjro5Uw==&amp;token=ADsFjZP2JfJ0JzLq6V1jJ99VzLd8o0t80Q' alt=''> <\/div>\n<\/p><\/div>\n<hr style='border: 0; border-top: 1px solid rgba(150&comma; 150&comma; 150&comma; 0.3); margin: 30px 0;'> <\/div>\n","protected":false},"excerpt":{"rendered":"<p>Estaci\u00f3n de carga para veh\u00edculos el\u00e9ctricos 240 VCA 12 kW 50 A<\/p>\n","protected":false},"featured_media":44946,"comment_status":"open","ping_status":"closed","template":"","meta":[],"product_brand":[],"product_cat":[1263],"product_tag":[1085,1264,1157],"class_list":{"0":"post-44947","1":"product","2":"type-product","3":"status-publish","4":"has-post-thumbnail","6":"product_cat-cargadores-de-vehiculos-ev-chargers","7":"product_tag-baterias-y-cargadores","8":"product_tag-cargadores-de-vehiculos-ev-chargers","9":"product_tag-growatt","11":"first","12":"outofstock","13":"sale","14":"shipping-taxable","15":"purchasable","16":"product-type-simple"},"_links":{"self":[{"href":"https:\/\/soydeaqui.ddns.net\/pachuca\/index.php\/wp-json\/wp\/v2\/product\/44947","targetHints":{"allow":["GET"]}}],"collection":[{"href":"https:\/\/soydeaqui.ddns.net\/pachuca\/index.php\/wp-json\/wp\/v2\/product"}],"about":[{"href":"https:\/\/soydeaqui.ddns.net\/pachuca\/index.php\/wp-json\/wp\/v2\/types\/product"}],"replies":[{"embeddable":true,"href":"https:\/\/soydeaqui.ddns.net\/pachuca\/index.php\/wp-json\/wp\/v2\/comments?post=44947"}],"wp:featuredmedia":[{"embeddable":true,"href":"https:\/\/soydeaqui.ddns.net\/pachuca\/index.php\/wp-json\/wp\/v2\/media\/44946"}],"wp:attachment":[{"href":"https:\/\/soydeaqui.ddns.net\/pachuca\/index.php\/wp-json\/wp\/v2\/media?parent=44947"}],"wp:term":[{"taxonomy":"product_brand","embeddable":true,"href":"https:\/\/soydeaqui.ddns.net\/pachuca\/index.php\/wp-json\/wp\/v2\/product_brand?post=44947"},{"taxonomy":"product_cat","embeddable":true,"href":"https:\/\/soydeaqui.ddns.net\/pachuca\/index.php\/wp-json\/wp\/v2\/product_cat?post=44947"},{"taxonomy":"product_tag","embeddable":true,"href":"https:\/\/soydeaqui.ddns.net\/pachuca\/index.php\/wp-json\/wp\/v2\/product_tag?post=44947"}],"curies":[{"name":"wp","href":"https:\/\/api.w.org\/{rel}","templated":true}]}}