{"id":44941,"date":"2026-03-18T19:54:33","date_gmt":"2026-03-18T19:54:33","guid":{"rendered":"https:\/\/soydeaqui.ddns.net\/pachuca\/index.php\/producto\/montaje-para-panel-solar-riel-8-de-5400mm-para-modulos-con-espesor-de-35mm-velocidad-de-viento-max-136km-h-20-a-45\/"},"modified":"2026-03-18T19:54:33","modified_gmt":"2026-03-18T19:54:33","slug":"montaje-para-panel-solar-riel-8-de-5400mm-para-modulos-con-espesor-de-35mm-velocidad-de-viento-max-136km-h-20-a-45","status":"publish","type":"product","link":"https:\/\/soydeaqui.ddns.net\/pachuca\/index.php\/producto\/montaje-para-panel-solar-riel-8-de-5400mm-para-modulos-con-espesor-de-35mm-velocidad-de-viento-max-136km-h-20-a-45\/","title":{"rendered":"Montaje para Panel Solar, Riel &#8220;8&#8221; de 5400mm para M\u00f3dulos con Espesor de 35mm, Velocidad de Viento M\u00e1x. 136km\/h (20\u00b0 a 45\u00b0)"},"content":{"rendered":"<div style='width: 100%; max-width: 1200px; margin: 0 auto; font-family: sans-serif; line-height: 1.6; color: inherit; background-color: transparent;'> <!-- Imagen garant\u00eda --> <\/p>\n<div style='width: 100%; text-align: center; margin: 30px 0;'> <img style='width: 100%; max-width: 963px; height: auto; border: 1px solid rgba(150&comma;150&comma;150&comma;0.3); border-radius: 8px;' src='https:\/\/ftp3.syscom.mx\/usuarios\/anavarro\/SUNFORSON\/garantia25.png' alt=''> <\/div>\n<p> <!-- T\u00edtulo principal --> <\/p>\n<div style='margin-bottom: 30px;'>\n<h1 style='font-size: 28px; text-align: center; color: inherit; margin: 0 0 20px;'>Montajes de aluminio anodizado&comma; alta resistencia al viento y a la corrosi\u00f3n con 2.<\/h1>\n<\/p><\/div>\n<p> <!-- Beneficios --> <\/p>\n<div style='margin-bottom: 30px;'>\n<h2 style='font-size: 20px; color: inherit; margin-bottom: 15px;'>Beneficios de utilizar montajes de Aluminio Anodizado EPCOM POWER LINE:<\/h2>\n<ul style='padding-left: 20px; font-size: 15px; color: inherit;'>\n<li style='margin-bottom: 10px;'>Mitigue la corrosi\u00f3n por efecto del &#8216;Par Galv\u00e1nico&#8217;&comma; garantice sus instalaciones contra la corrosi\u00f3n prematura.<\/li>\n<li style='margin-bottom: 10px;'>Resistencia al viento de hasta 136 km\/h&comma; ideales para zonas con fuertes vientos.<\/li>\n<li style='margin-bottom: 10px;'>F\u00e1cil instalaci\u00f3n y adaptabilidad a sus necesidades debido a la gran variedad de accesorios disponibles.<\/li>\n<li style='margin-bottom: 10px;'>\u00a12 contra defectos de fabricaci\u00f3n!<\/li>\n<li style='margin-bottom: 10px;'>Sistema de aterrizaje &#8216;Ground Clip&#8217; integrado (no incluye electrodo ni cable para aterrizaje).<\/li>\n<\/ul><\/div>\n<p> <!-- Imagen Ground System --> <\/p>\n<div style='width: 100%; text-align: center; margin: 30px 0;'> <img style='width: 100%; max-width: 600px; height: auto; border: 1px solid rgba(150&comma;150&comma;150&comma;0.3); border-radius: 8px;' src='https:\/\/ftp3.syscom.mx\/usuarios\/anavarro\/SUNFORSON\/Ground%20system.png' alt=''> <\/div>\n<p> <!-- Descripci\u00f3n de montaje --> <\/p>\n<div style='margin-bottom: 30px;'>\n<p style='font-size: 24px; color: inherit; text-align: center; margin: 0;'>Montaje de aluminio para techo o piso de concreto&comma; arreglo 1&#215;12 m\u00f3dulos fotovolt\u00e1icos.<\/p>\n<\/p><\/div>\n<p> <!-- Caracter\u00edsticas Principales --> <\/p>\n<div style='margin-bottom: 30px;'>\n<h3 style='font-size: 20px; color: inherit; margin-bottom: 15px;'>Caracter\u00edsticas Principales:<\/h3>\n<ul style='padding-left: 20px; font-size: 15px; color: inherit;'>\n<li style='margin-bottom: 10px;'>Para arreglo de 1&#215;12 modulos fotovoltaicos de 35mm de espesor<\/li>\n<li style='margin-bottom: 10px;'>Inclinaci\u00f3n: 20-45\u00b0<\/li>\n<li style='margin-bottom: 10px;'>Peso: 21.3 kg<\/li>\n<li style='margin-bottom: 10px;'>Velocidad del viento m\u00e1x.: 136 km\/h<\/li>\n<\/ul><\/div>\n<p> <!-- Consideraciones especiales --> <\/p>\n<div style='margin-bottom: 30px;'>\n<h3 style='font-size: 20px; color: inherit; margin-bottom: 15px;'>Consideraciones especiales:<\/h3>\n<p style='margin-bottom: 10px;'>Para la instalaci\u00f3n de 12 m\u00f3dulos el ancho de cada m\u00f3dulo debe ser menor a 1134 mm.<\/p>\n<p style='margin-bottom: 10px;'>*Se sugiere revisar compatibilidad con el departamento de ingenier\u00eda.<\/p>\n<\/p><\/div>\n<p> <!-- M\u00f3dulos compatibles --> <\/p>\n<div style='margin-bottom: 30px;'>\n<h2 style='font-size: 20px; color: inherit; margin-bottom: 15px;'>M\u00f3dulos compatibles:<\/h2>\n<ul style='padding-left: 20px; font-size: 15px; color: inherit;'>\n<li style='margin-bottom: 10px;'>ET-M772BH550WW\/WB (12 modulos)<\/li>\n<li style='margin-bottom: 10px;'>EGE-550W-144M (M10) (12 modulos)<\/li>\n<li style='margin-bottom: 10px;'>LP210*210M66MH665W (12 modulos)<\/li>\n<\/ul><\/div>\n<p> <!-- Comparaci\u00f3n con competencia --> <\/p>\n<div style='margin-bottom: 30px;'>\n<h2 style='font-size: 24px; color: inherit; margin-bottom: 20px; text-align: center;'>Epcom Power Line vs Competencia<\/h2>\n<div style='width: 100%; text-align: center; margin: 30px 0;'> <img style='width: 100%; max-width: 1000px; height: auto; border: 1px solid rgba(150&comma;150&comma;150&comma;0.3); border-radius: 8px;' src='https:\/\/ftp3.syscom.mx\/usuarios\/anavarro\/SUNFORSON\/Comparacion-montajes.jpg' alt=''> <\/div>\n<\/p><\/div>\n<p> <!-- Ventajas --> <\/p>\n<div style='margin-bottom: 30px;'>\n<h2 style='font-size: 24px; color: inherit; margin-bottom: 20px; text-align: center;'>Ventajas de los sistemas de montaje de Epcom Power Line<\/h2>\n<ul style='padding-left: 20px; font-size: 15px; color: inherit;'>\n<li style='margin-bottom: 10px;'>Materiales de la m\u00e1s alta calidad.<\/li>\n<li style='margin-bottom: 10px;'>Instalaci\u00f3n r\u00e1pida y sencilla.<\/li>\n<li style='margin-bottom: 10px;'>Sistema de aterrizaje &#8216;Ground Clip&#8217; de f\u00e1cil instalaci\u00f3n.<\/li>\n<li style='margin-bottom: 10px;'>Piezas m\u00e1s robustas resistentes en climas extremos.<\/li>\n<li style='margin-bottom: 10px;'>Soporte t\u00e9cnico 365 d\u00edas del a\u00f1o.<\/li>\n<li style='margin-bottom: 10px;'>2.<\/li>\n<\/ul><\/div>\n<p> <!-- Imagen final --> <\/p>\n<div style='width: 100%; text-align: center; margin: 30px 0;'> <img style='width: 100%; max-width: 450px; height: auto; border: 1px solid rgba(150&comma;150&comma;150&comma;0.3); border-radius: 8px;' src='https:\/\/ftp3.syscom.mx\/usuarios\/anavarro\/Epcom.png' alt=''> <\/div>\n<\/p><\/div>\n","protected":false},"excerpt":{"rendered":"<p>Montaje para Panel Solar, Riel &#8220;8&#8221; de 5400mm para M\u00f3dulos con Espesor de 35mm, Velocidad de Viento M\u00e1x. 136km\/h (20\u00b0 a 45\u00b0)<\/p>\n","protected":false},"featured_media":44940,"comment_status":"open","ping_status":"closed","template":"","meta":[],"product_brand":[],"product_cat":[963],"product_tag":[964,454,965],"class_list":{"0":"post-44941","1":"product","2":"type-product","3":"status-publish","4":"has-post-thumbnail","6":"product_cat-montajes-completos-para-modulos","7":"product_tag-energia-solar","8":"product_tag-epcom-powerline","9":"product_tag-montajes-completos-para-modulos","11":"first","12":"instock","13":"sale","14":"shipping-taxable","15":"purchasable","16":"product-type-simple"},"_links":{"self":[{"href":"https:\/\/soydeaqui.ddns.net\/pachuca\/index.php\/wp-json\/wp\/v2\/product\/44941","targetHints":{"allow":["GET"]}}],"collection":[{"href":"https:\/\/soydeaqui.ddns.net\/pachuca\/index.php\/wp-json\/wp\/v2\/product"}],"about":[{"href":"https:\/\/soydeaqui.ddns.net\/pachuca\/index.php\/wp-json\/wp\/v2\/types\/product"}],"replies":[{"embeddable":true,"href":"https:\/\/soydeaqui.ddns.net\/pachuca\/index.php\/wp-json\/wp\/v2\/comments?post=44941"}],"wp:featuredmedia":[{"embeddable":true,"href":"https:\/\/soydeaqui.ddns.net\/pachuca\/index.php\/wp-json\/wp\/v2\/media\/44940"}],"wp:attachment":[{"href":"https:\/\/soydeaqui.ddns.net\/pachuca\/index.php\/wp-json\/wp\/v2\/media?parent=44941"}],"wp:term":[{"taxonomy":"product_brand","embeddable":true,"href":"https:\/\/soydeaqui.ddns.net\/pachuca\/index.php\/wp-json\/wp\/v2\/product_brand?post=44941"},{"taxonomy":"product_cat","embeddable":true,"href":"https:\/\/soydeaqui.ddns.net\/pachuca\/index.php\/wp-json\/wp\/v2\/product_cat?post=44941"},{"taxonomy":"product_tag","embeddable":true,"href":"https:\/\/soydeaqui.ddns.net\/pachuca\/index.php\/wp-json\/wp\/v2\/product_tag?post=44941"}],"curies":[{"name":"wp","href":"https:\/\/api.w.org\/{rel}","templated":true}]}}