{"id":44878,"date":"2026-03-18T19:52:52","date_gmt":"2026-03-18T19:52:52","guid":{"rendered":"https:\/\/soydeaqui.ddns.net\/pachuca\/index.php\/producto\/cable-de-alimentacion-electrica-con-bloqueo-de-seguridad-de-iec-c14-a-iec-c13-1-8-metros-de-largo-color-negro-paquete-de-10-piezas\/"},"modified":"2026-03-18T19:52:57","modified_gmt":"2026-03-18T19:52:57","slug":"cable-de-alimentacion-electrica-con-bloqueo-de-seguridad-de-iec-c14-a-iec-c13-1-8-metros-de-largo-color-negro-paquete-de-10-piezas","status":"publish","type":"product","link":"https:\/\/soydeaqui.ddns.net\/pachuca\/index.php\/producto\/cable-de-alimentacion-electrica-con-bloqueo-de-seguridad-de-iec-c14-a-iec-c13-1-8-metros-de-largo-color-negro-paquete-de-10-piezas\/","title":{"rendered":"Cable de Alimentaci\u00f3n El\u00e9ctrica Con Bloqueo de Seguridad, de IEC C14 a IEC C13, 1.8 Metros de Largo, Color Negro, Paquete de 10 Piezas"},"content":{"rendered":"<div style='width: 100%; max-width: 1200px; margin: 0 auto; font-family: sans-serif; line-height: 1.6; color: inherit; background-color: transparent;'>\n<div style='display: flex; flex-wrap: wrap; gap: 30px; margin-bottom: 30px;'>\n<div style='flex: 1 1 300px; min-width: 280px;'>\n<h3 style='font-size: 22px; border-bottom: 2px solid currentColor; padding-bottom: 5px; margin-top: 0; color: inherit; opacity: 0.8;'>Descripci\u00f3n General<\/h3>\n<p style='font-size: 15px; color: inherit; margin-top: 0; margin-bottom: 15px;'>La amplia variedad de cables de alimentaci\u00f3n est\u00e1ndar y de bloqueo de alta resistencia son la mejor oferta de su clase; dise\u00f1ado para transferir energ\u00eda desde la unidad de distribuci\u00f3n de energ\u00eda (PDU) del rack al equipo de TI en un gabinete o rack del centro de datos. Los cables de doble bloqueo eliminan las desconexiones accidentales causadas por vibraci\u00f3n y\/o contacto&comma; con bloqueo en ambos extremos para una conexi\u00f3n segura.<\/p>\n<\/p><\/div>\n<div style='flex: 1 1 300px; min-width: 280px;'>\n<h3 style='font-size: 22px; border-bottom: 2px solid currentColor; padding-bottom: 5px; margin-top: 0; color: inherit; opacity: 0.8;'>Caracter\u00edsticas Clave<\/h3>\n<ul style='padding-left: 20px; font-size: 15px; color: inherit;'>\n<li style='margin-bottom: 5px;'>Dise\u00f1o de doble extremo con bloqueo en ambos lados (G5 PDU e IT Gear)<\/li>\n<li style='margin-bottom: 5px;'>Compatible con V-Lock en lado G5 PDU<\/li>\n<li style='margin-bottom: 5px;'>Conector hembra universal compatible con todos los enchufes est\u00e1ndar de equipos IT<\/li>\n<li style='margin-bottom: 5px;'>Selecci\u00f3n de longitudes para optimizar gesti\u00f3n de cables y reducir holgura<\/li>\n<li style='margin-bottom: 5px;'>Empaquetado no conformante para prevenir deformaci\u00f3n del cable<\/li>\n<li style='margin-bottom: 5px;'>Disponible en colores rojo&comma; azul y negro<\/li>\n<\/ul><\/div>\n<\/p><\/div>\n<div style='display: flex; flex-wrap: wrap; gap: 20px; margin-bottom: 30px;'>\n<div style='flex: 1 1 250px; border: 1px solid rgba(150&comma; 150&comma; 150&comma; 0.4); border-radius: 8px; overflow: hidden; display: flex; flex-direction: column;'>\n<div style='padding: 15px; border-bottom: 1px solid rgba(150&comma; 150&comma; 150&comma; 0.2); font-weight: bold; font-size: 18px; color: inherit;'>Especificaciones El\u00e9ctricas<\/div>\n<div style='padding: 15px; color: inherit;'>\n<ul style='padding-left: 20px; margin: 0; font-size: 14px; list-style-type: disc;'>\n<li style='margin-bottom: 5px;'><strong>Voltaje:<\/strong> 250 Volts<\/li>\n<li style='margin-bottom: 5px;'><strong>Amperaje:<\/strong> 10 Amps<\/li>\n<li style='margin-bottom: 5px;'><strong>Conductor:<\/strong> 3 hilos<\/li>\n<li style='margin-bottom: 5px;'><strong>C\u00f3digo de colores:<\/strong> Azul&comma; Marr\u00f3n&comma; Verde\/Amarillo (ICC)<\/li>\n<\/ul><\/div>\n<\/p><\/div>\n<div style='flex: 1 1 250px; border: 1px solid rgba(150&comma; 150&comma; 150&comma; 0.4); border-radius: 8px; overflow: hidden; display: flex; flex-direction: column;'>\n<div style='padding: 15px; border-bottom: 1px solid rgba(150&comma; 150&comma; 150&comma; 0.2); font-weight: bold; font-size: 18px; color: inherit;'>Caracter\u00edsticas F\u00edsicas<\/div>\n<div style='padding: 15px; color: inherit;'>\n<ul style='padding-left: 20px; margin: 0; font-size: 14px; list-style-type: disc;'>\n<li style='margin-bottom: 5px;'><strong>Calibre:<\/strong> 17 AWG\/1.0mm\u00b2<\/li>\n<li style='margin-bottom: 5px;'><strong>Jacket:<\/strong> SJT\/H05VV-F<\/li>\n<li style='margin-bottom: 5px;'><strong>Material:<\/strong> PVC<\/li>\n<li style='margin-bottom: 5px;'><strong>Temperatura:<\/strong> 105\u00b0C<\/li>\n<li style='margin-bottom: 5px;'><strong>Di\u00e1metro:<\/strong> 7.95 &#8211; 8.25mm<\/li>\n<\/ul><\/div>\n<\/p><\/div>\n<div style='flex: 1 1 250px; border: 1px solid rgba(150&comma; 150&comma; 150&comma; 0.4); border-radius: 8px; overflow: hidden; display: flex; flex-direction: column;'>\n<div style='padding: 15px; border-bottom: 1px solid rgba(150&comma; 150&comma; 150&comma; 0.2); font-weight: bold; font-size: 18px; color: inherit;'>Certificaciones<\/div>\n<div style='padding: 15px; color: inherit;'>\n<ul style='padding-left: 20px; margin: 0; font-size: 14px; list-style-type: disc;'>\n<li style='margin-bottom: 5px;'>UL<\/li>\n<li style='margin-bottom: 5px;'>CE<\/li>\n<li style='margin-bottom: 5px;'>EAC<\/li>\n<li style='margin-bottom: 5px;'>VDE<\/li>\n<li style='margin-bottom: 5px;'>TUV<\/li>\n<\/ul><\/div>\n<\/p><\/div>\n<div style='flex: 1 1 250px; border: 1px solid rgba(150&comma; 150&comma; 150&comma; 0.4); border-radius: 8px; overflow: hidden; display: flex; flex-direction: column;'>\n<div style='padding: 15px; border-bottom: 1px solid rgba(150&comma; 150&comma; 150&comma; 0.2); font-weight: bold; font-size: 18px; color: inherit;'>Especificaciones Mec\u00e1nicas<\/div>\n<div style='padding: 15px; color: inherit;'>\n<ul style='padding-left: 20px; margin: 0; font-size: 14px; list-style-type: disc;'>\n<li style='margin-bottom: 5px;'><strong>Fuerza de retenci\u00f3n:<\/strong> 200 Newton<\/li>\n<li style='margin-bottom: 5px;'><strong>Embalaje:<\/strong> Paquete de 10 piezas<\/li>\n<li style='margin-bottom: 5px;'><strong>Color:<\/strong> Negro<\/li>\n<li style='margin-bottom: 5px;'><strong>Conector:<\/strong> IEC60320 C13<\/li>\n<li style='margin-bottom: 5px;'><strong>Enchufe:<\/strong> IEC60320 C14<\/li>\n<\/ul><\/div>\n<\/p><\/div>\n<\/p><\/div>\n<div style='display: flex; flex-wrap: wrap; gap: 30px; margin-bottom: 30px;'>\n<div style='flex: 1 1 300px; min-width: 280px;'>\n<h3 style='font-size: 22px; border-bottom: 2px solid currentColor; padding-bottom: 5px; margin-top: 0; color: inherit; opacity: 0.8;'>Aplicaciones<\/h3>\n<p style='font-size: 15px; color: inherit; margin-top: 0; margin-bottom: 15px;'>Los cables de alimentaci\u00f3n Panduit est\u00e1n disponibles en una variedad de longitudes \u00f3ptimas y colores. Las longitudes \u00f3ptimas previenen bucles sueltos y desorden&comma; ahorrando energ\u00eda y permitiendo un mejor flujo de aire. Los diferentes colores permiten identificar visualmente las rutas de alimentaci\u00f3n dentro del centro de datos.<\/p>\n<\/p><\/div>\n<div style='flex: 1 1 300px; min-width: 280px;'>\n<h3 style='font-size: 22px; border-bottom: 2px solid currentColor; padding-bottom: 5px; margin-top: 0; color: inherit; opacity: 0.8;'>Detalles del Producto<\/h3>\n<ul style='padding-left: 20px; font-size: 15px; color: inherit;'>\n<li style='margin-bottom: 5px;'><strong>Longitud:<\/strong> 1.8 metros (6 pies)<\/li>\n<li style='margin-bottom: 5px;'><strong>Tipo:<\/strong> Cable de alimentaci\u00f3n con bloqueo de seguridad<\/li>\n<li style='margin-bottom: 5px;'><strong>Conector:<\/strong> IEC C14 a IEC C13<\/li>\n<li style='margin-bottom: 5px;'><strong>Paquete:<\/strong> 10 piezas<\/li>\n<\/ul><\/div>\n<\/p><\/div>\n<hr style='border: 0; border-top: 1px solid rgba(150&comma; 150&comma; 150&comma; 0.3); margin: 30px 0;'>\n<div style='display: flex; flex-wrap: wrap; gap: 30px; margin-bottom: 30px;'>\n<div style='flex: 1 1 300px; min-width: 280px;'>\n<h3 style='font-size: 22px; border-bottom: 2px solid currentColor; padding-bottom: 5px; margin-top: 0; color: inherit; opacity: 0.8;'>Pruebas y Normas<\/h3>\n<p style='font-size: 15px; color: inherit; margin-top: 0; margin-bottom: 15px;'>Cada cable es probado para resistencia diel\u00e9ctrica (Hi-Pot)&comma; polaridad y continuidad. Cumple con certificaciones UL&comma; CE&comma; VDE y TUV.<\/p>\n<\/p><\/div>\n<div style='flex: 1 1 300px; min-width: 280px;'>\n<h3 style='font-size: 22px; border-bottom: 2px solid currentColor; padding-bottom: 5px; margin-top: 0; color: inherit; opacity: 0.8;'>Opciones de Configuraci\u00f3n<\/h3>\n<p style='font-size: 15px; color: inherit; margin-top: 0; margin-bottom: 15px;'>Disponible en tres colores (rojo&comma; azul y negro) y m\u00faltiples longitudes (2&comma; 4&comma; 6&comma; 8 y 10 pies) para adaptarse a diferentes necesidades de instalaci\u00f3n en centros de datos.<\/p>\n<\/p><\/div>\n<\/p><\/div>\n<\/p><\/div>\n","protected":false},"excerpt":{"rendered":"<p>Cable de Alimentaci\u00f3n El\u00e9ctrica Con Bloqueo de Seguridad, de IEC C14 a IEC C13, 1.8 Metros de Largo, Color Negro, Paquete de 10 Piezas<\/p>\n","protected":false},"featured_media":44877,"comment_status":"open","ping_status":"closed","template":"","meta":[],"product_brand":[],"product_cat":[645],"product_tag":[647,445,646],"class_list":{"0":"post-44878","1":"product","2":"type-product","3":"status-publish","4":"has-post-thumbnail","6":"product_cat-basicos","7":"product_tag-basicos","8":"product_tag-panduit","9":"product_tag-pdu","11":"first","12":"outofstock","13":"sale","14":"shipping-taxable","15":"purchasable","16":"product-type-simple"},"_links":{"self":[{"href":"https:\/\/soydeaqui.ddns.net\/pachuca\/index.php\/wp-json\/wp\/v2\/product\/44878","targetHints":{"allow":["GET"]}}],"collection":[{"href":"https:\/\/soydeaqui.ddns.net\/pachuca\/index.php\/wp-json\/wp\/v2\/product"}],"about":[{"href":"https:\/\/soydeaqui.ddns.net\/pachuca\/index.php\/wp-json\/wp\/v2\/types\/product"}],"replies":[{"embeddable":true,"href":"https:\/\/soydeaqui.ddns.net\/pachuca\/index.php\/wp-json\/wp\/v2\/comments?post=44878"}],"wp:featuredmedia":[{"embeddable":true,"href":"https:\/\/soydeaqui.ddns.net\/pachuca\/index.php\/wp-json\/wp\/v2\/media\/44877"}],"wp:attachment":[{"href":"https:\/\/soydeaqui.ddns.net\/pachuca\/index.php\/wp-json\/wp\/v2\/media?parent=44878"}],"wp:term":[{"taxonomy":"product_brand","embeddable":true,"href":"https:\/\/soydeaqui.ddns.net\/pachuca\/index.php\/wp-json\/wp\/v2\/product_brand?post=44878"},{"taxonomy":"product_cat","embeddable":true,"href":"https:\/\/soydeaqui.ddns.net\/pachuca\/index.php\/wp-json\/wp\/v2\/product_cat?post=44878"},{"taxonomy":"product_tag","embeddable":true,"href":"https:\/\/soydeaqui.ddns.net\/pachuca\/index.php\/wp-json\/wp\/v2\/product_tag?post=44878"}],"curies":[{"name":"wp","href":"https:\/\/api.w.org\/{rel}","templated":true}]}}