{"id":44866,"date":"2026-03-18T19:52:33","date_gmt":"2026-03-18T19:52:33","guid":{"rendered":"https:\/\/soydeaqui.ddns.net\/pachuca\/index.php\/producto\/inversor-hibrido-para-interconexion-a-cfe-de-3-8-kw-con-salida-de-220-vca-modulo-wifi-incluido\/"},"modified":"2026-03-18T19:52:34","modified_gmt":"2026-03-18T19:52:34","slug":"inversor-hibrido-para-interconexion-a-cfe-de-3-8-kw-con-salida-de-220-vca-modulo-wifi-incluido","status":"publish","type":"product","link":"https:\/\/soydeaqui.ddns.net\/pachuca\/index.php\/producto\/inversor-hibrido-para-interconexion-a-cfe-de-3-8-kw-con-salida-de-220-vca-modulo-wifi-incluido\/","title":{"rendered":"Inversor Hibrido para Interconexi\u00f3n a CFE de 3.8 kW con Salida de 220 Vca, M\u00f3dulo Wifi Incluido"},"content":{"rendered":"<div style='width: 100%; max-width: 1200px; margin: 0 auto; font-family: sans-serif; line-height: 1.6; color: inherit; background-color: transparent;'>\n<div style='text-align: center; margin-bottom: 30px;'> <img style='width: 100%; max-width: 585px; height: auto; border: 1px solid rgba(150&comma;150&comma;150&comma;0.3); border-radius: 8px;' src='https:\/\/latam.growatt.com\/upload\/image\/20220824\/5b704433ede360112a868c9e26f77545.png' alt=''> <\/div>\n<div style='margin-bottom: 30px;'>\n<h3 style='font-size: 22px; border-bottom: 2px solid currentColor; padding-bottom: 5px; margin-top: 0; color: inherit; opacity: 0.8;'>\u00bfPor qu\u00e9 utilizar inversores Growatt?<\/h3>\n<ul style='padding-left: 20px; font-size: 15px; color: inherit;'>\n<li style='margin-bottom: 5px;'><span style='font-size: 14pt;'><em><span style='font-family: Verdana&comma; Geneva&comma; sans-serif;'>M\u00e1xima eficiencia de conversi\u00f3n de hasta un 99.5%.<\/span><\/em><\/span><\/li>\n<li style='margin-bottom: 5px;'><span style='font-size: 14pt;'><em><span style='font-family: Verdana&comma; Geneva&comma; sans-serif;'>Ahorros de hasta un 98% en el pago de recibo de luz.<\/span><\/em><\/span><\/li>\n<li style='margin-bottom: 5px;'><span style='font-size: 14pt;'><em><span style='font-family: Verdana&comma; Geneva&comma; sans-serif;'>Aproveche al m\u00e1ximo la potencia del sol con la tecnolog\u00eda MPPT.<\/span><\/em><\/span><\/li>\n<li style='margin-bottom: 5px;'><span style='font-size: 14pt;'><em><span style='font-family: Verdana&comma; Geneva&comma; sans-serif;'>Amplio rango de Vcc de entrada. <\/span><\/em><\/span><\/li>\n<li style='margin-bottom: 5px;'><span style='font-size: 14pt;'><em><span style='font-family: Verdana&comma; Geneva&comma; sans-serif;'>F\u00e1cil configuraci\u00f3n para el dise\u00f1ador.<\/span><\/em><\/span><\/li>\n<li style='margin-bottom: 5px;'><span style='font-size: 14pt;'><em><span style='font-family: Verdana&comma; Geneva&comma; sans-serif;'>No mezclar potencias de paneles en las cadenas.<\/span><\/em><\/span><\/li>\n<li style='margin-bottom: 5px;'><span style='font-size: 14pt;'><em><span style='font-family: Verdana&comma; Geneva&comma; sans-serif;'> contra defectos de f\u00e1brica.<\/span><\/em><\/span><\/li>\n<li style='margin-bottom: 5px;'><span style='font-size: 14pt;'><span style='font-family: Verdana&comma; Geneva&comma; sans-serif;'><em>Utilice los protectores de picos <a style='color: inherit; text-decoration: underline;' href='https:\/\/www.syscom.mx\/producto\/SP-50-240S-P-LEA-INTERNATIONAL-144712.html'>SP50-240SP<\/a>&comma; para alargar la vida de su inversor.<\/em><\/span><\/span><\/li>\n<li style='margin-bottom: 5px;'><span style='font-size: 14pt;'><span style='font-family: Verdana&comma; Geneva&comma; sans-serif;'><em>Excelente beneficio.<\/em><\/span><\/span><\/li>\n<li style='margin-bottom: 5px;'><span style='font-size: 14pt;'><span style='font-family: Verdana&comma; Geneva&comma; sans-serif;'><em>Cuenta con la certificaci\u00f3n necesaria para realizar contratos de interconexi\u00f3n con la red de CFE (IEE1547 y UL1741).<\/em><\/span><\/span><\/li>\n<\/ul><\/div>\n<div style='text-align: center; margin: 40px 0;'>\n<p style='font-size: 24px; font-weight: bold; margin: 0;'><strong>Garant\u00eda de 10 a\u00f1os contra defectos de fabricaci\u00f3n&#8230;!<\/strong><\/p>\n<\/p><\/div>\n<div style='margin-bottom: 40px;'>\n<h3 style='font-size: 22px; border-bottom: 2px solid currentColor; padding-bottom: 5px; margin-top: 0; color: inherit; opacity: 0.8;'>Monitoreo desde P\u00e1gina Web<\/h3>\n<div style='margin: 20px 0;'> <a style='display: block; text-align: center;' href='http:\/\/server.growatt.com\/login\/toViewExamlePlant'> <img style='width: 100%; max-width: 855px; height: auto; border: 1px solid rgba(150&comma;150&comma;150&comma;0.3); border-radius: 8px;' src='https:\/\/ftp3.syscom.mx\/usuarios\/mtopete\/Energia%20Solar\/Growatt\/monitoreo%20Growatt.png' alt=''> <\/a> <\/div>\n<div style='margin: 20px 0;'> <a style='display: block; text-align: center;' href='http:\/\/server.growatt.com\/indexbC\/getInvPage'> <img style='width: 100%; max-width: 1340px; height: auto; border: 1px solid rgba(150&comma;150&comma;150&comma;0.3); border-radius: 8px;' src='https:\/\/ftp3.syscom.mx\/usuarios\/mtopete\/Energia%20Solar\/Growatt\/monitoreo%20Growatt%20planta.png' alt=''> <\/a> <\/div>\n<div style='margin: 20px 0;'> <a style='display: block; text-align: center;' href='http:\/\/server.growatt.com\/login\/toViewExamlePlant'> <img style='width: 100%; max-width: 1142px; height: auto; border: 1px solid rgba(150&comma;150&comma;150&comma;0.3); border-radius: 8px;' src='https:\/\/ftp3.syscom.mx\/usuarios\/mtopete\/Energia%20Solar\/Growatt\/plantas%20monitoreo.PNG' alt=''> <\/a> <\/div>\n<div style='text-align: center; margin: 20px 0;'> <a style='color: inherit; text-decoration: underline; font-size: 18px;' href='http:\/\/server.growatt.com\/login\/toViewExamlePlant'>De Click en la Imagen Para Acceder a las Plantas Demo<\/a> <\/div>\n<p> <!-- Videos --> <\/p>\n<div style='margin: 30px 0;'>\n<div style='position: relative; padding-bottom: 56.25%; height: 0; overflow: hidden; margin-bottom: 30px;'>   <\/div>\n<div style='position: relative; padding-bottom: 56.25%; height: 0; overflow: hidden; margin-bottom: 30px;'>   <\/div>\n<div style='position: relative; padding-bottom: 56.25%; height: 0; overflow: hidden; margin-bottom: 30px;'>   <\/div>\n<\/p><\/div>\n<\/p><\/div>\n<p> <!-- Iconos de beneficios --> <\/p>\n<div style='display: flex; flex-wrap: wrap; gap: 20px; margin: 40px 0; justify-content: center;'>\n<div style='flex: 1 1 200px; min-width: 150px; text-align: center;'> <img style='width: 100%; max-width: 150px; height: auto; margin: 0 auto;' src='https:\/\/ftp3.syscom.mx\/usuarios\/ftp\/single_page\/epcom_powerline\/limpia.png' alt=''> <\/p>\n<p style='margin-top: 10px;'>Energ\u00eda Limpia<\/p>\n<\/p><\/div>\n<div style='flex: 1 1 200px; min-width: 150px; text-align: center;'> <img style='width: 100%; max-width: 150px; height: auto; margin: 0 auto;' src='https:\/\/ftp3.syscom.mx\/usuarios\/ftp\/single_page\/epcom_powerline\/ahorro.png' alt=''> <\/p>\n<p style='margin-top: 10px;'>Ahorro de Energ\u00eda<\/p>\n<\/p><\/div>\n<div style='flex: 1 1 200px; min-width: 150px; text-align: center;'> <img style='width: 100%; max-width: 150px; height: auto; margin: 0 auto;' src='https:\/\/ftp3.syscom.mx\/usuarios\/ftp\/single_page\/epcom_powerline\/ciudad.png' alt=''> <\/p>\n<p style='margin-top: 10px;'>Cuidado del Medio Ambiente<\/p>\n<\/p><\/div>\n<div style='flex: 1 1 200px; min-width: 150px; text-align: center;'> <img style='width: 100%; max-width: 150px; height: auto; margin: 0 auto;' src='https:\/\/ftp3.syscom.mx\/usuarios\/ftp\/single_page\/epcom_powerline\/conexion.png' alt=''> <\/p>\n<p style='margin-top: 10px;'>Conexi\u00f3n sencilla<\/p>\n<\/p><\/div>\n<\/p><\/div>\n<p> <!-- Diagramas de conexi\u00f3n --> <\/p>\n<div style='display: flex; flex-wrap: wrap; gap: 30px; margin: 40px 0;'>\n<div style='flex: 1 1 400px; min-width: 300px;'>\n<h4 style='font-size: 18px; text-align: center; margin-top: 0; color: inherit; opacity: 0.8;'>Diagrama de Conexi\u00f3n para Soluci\u00f3n con Inversores de Cadena<\/h4>\n<p> <img style='width: 100%; height: auto; border: 1px solid rgba(150&comma;150&comma;150&comma;0.3); border-radius: 8px;' src='https:\/\/ftp3.syscom.mx\/usuarios\/ftp\/single_page\/epcom_powerline\/DIAG-2.png' alt=''> <\/div>\n<div style='flex: 1 1 400px; min-width: 300px;'>\n<h4 style='font-size: 18px; text-align: center; margin-top: 0; color: inherit; opacity: 0.8;'>Diagrama de Conexi\u00f3n para Soluci\u00f3n con Microinversores<\/h4>\n<p> <img style='width: 100%; height: auto; border: 1px solid rgba(150&comma;150&comma;150&comma;0.3); border-radius: 8px;' src='https:\/\/ftp3.syscom.mx\/usuarios\/ftp\/single_page\/epcom_powerline\/diagrama-1.png' alt=''> <\/div>\n<\/p><\/div>\n<hr style='border: 0; border-top: 1px solid rgba(150&comma; 150&comma; 150&comma; 0.3); margin: 40px 0;'>\n<div style='margin-bottom: 40px;'>\n<h3 style='font-size: 22px; border-bottom: 2px solid currentColor; padding-bottom: 5px; margin-top: 0; color: inherit; opacity: 0.8;'>Revise en el consumo bimestral de su recibo de luz<\/h3>\n<p style='margin-top: 20px;'>Para saber qu\u00e9 kit necesita&comma; revise su consumo bimestral en el recibo de luz y tab\u00falelo con nuestros KITS:<\/p>\n<p> <img style='width: 100%; max-width: 100%; height: auto; border: 1px solid rgba(150&comma;150&comma;150&comma;0.3); border-radius: 8px; margin: 20px 0;' src='https:\/\/ftp3.syscom.mx\/usuarios\/ftp\/single_page\/epcom_powerline\/recibo.png' alt=''> <\/div>\n<hr style='border: 0; border-top: 1px solid rgba(150&comma;150&comma;150&comma;0.3); margin: 40px 0;'>\n<div>\n<h3 style='font-size: 22px; border-bottom: 2px solid currentColor; padding-bottom: 5px; margin-top: 0; color: inherit; opacity: 0.8;'>Notas<\/h3>\n<ul style='padding-left: 20px; font-size: 15px; color: inherit; margin-top: 20px;'>\n<li style='margin-bottom: 10px;'><span style='font-family: 'times new roman'&comma; times&comma; serif; font-size: 14pt;'><em><span style='font-family: Verdana&comma; Geneva&comma; sans-serif;'>Los equipos de interconexi\u00f3n a la red el\u00e9ctrica no pueden operar con generadores di\u00e9sel o a gasolina.<\/span><\/em><\/span><\/li>\n<li style='margin-bottom: 10px;'><span style='font-family: 'times new roman'&comma; times&comma; serif; font-size: 14pt;'><em><span style='font-family: Verdana&comma; Geneva&comma; sans-serif;'>Los inversores requieren sincronizarse para entregar voltaje&comma; de lo contrario el equipo no entregar\u00e1 voltaje&comma; si se miden las terminales con los paneles conectados el voltaje medido debe ser 0V.<\/span><\/em><\/span><\/li>\n<\/ul><\/div>\n<hr style='border: 0; border-top: 1px solid rgba(150&comma;150&comma;150&comma;0.3); margin: 40px 0;'>\n<div>\n<h3 style='font-size: 22px; border-bottom: 2px solid currentColor; padding-bottom: 5px; margin-top: 0; color: inherit; opacity: 0.8;'>Recomendaciones de Protecci\u00f3n<\/h3>\n<p style='margin-top: 20px;'><span style='font-size: 10pt;'><span style='font-family: Verdana&comma;Geneva&comma;sans-serif;'><strong>Nota:<\/strong> Se recomienda utilizar sistemas de tierra f\u00edsica (<a style='color: inherit; text-decoration: underline;' href='https:\/\/www.syscom.mx\/principal\/searchcont?route=LP-GROUND-30A-LINKEDPRO-172180&#038;autodetect=lpground30a'>LP-GROUND-30A<\/a>)&comma; colocar supresores de picos (<a style='color: inherit; text-decoration: underline;' href='https:\/\/www.syscom.mx\/principal\/searchcont?route=LA302R-DELTA-167343&#038;autodetect=la302'>LA302R<\/a>) y verificar voltajes de operaci\u00f3n.<\/span><\/span><\/p>\n<p style='margin-top: 15px;'><span style='font-family: Verdana&comma; Geneva&comma; sans-serif; font-size: 10pt;'>Consultarlo con el departamento de ingenier\u00eda en energ\u00eda solar.<\/span><\/p>\n<\/p><\/div>\n<\/p><\/div>\n","protected":false},"excerpt":{"rendered":"<p>Inversor Hibrido para Interconexi\u00f3n a CFE de 3.8 kW con Salida de 220 Vca, M\u00f3dulo Wifi Incluido<\/p>\n","protected":false},"featured_media":44865,"comment_status":"open","ping_status":"closed","template":"","meta":[],"product_brand":[],"product_cat":[1092],"product_tag":[964,1157,1093],"class_list":{"0":"post-44866","1":"product","2":"type-product","3":"status-publish","4":"has-post-thumbnail","6":"product_cat-inversores-interconexion-on-grid","7":"product_tag-energia-solar","8":"product_tag-growatt","9":"product_tag-inversores-interconexion-on-grid","11":"first","12":"outofstock","13":"sale","14":"shipping-taxable","15":"purchasable","16":"product-type-simple"},"_links":{"self":[{"href":"https:\/\/soydeaqui.ddns.net\/pachuca\/index.php\/wp-json\/wp\/v2\/product\/44866","targetHints":{"allow":["GET"]}}],"collection":[{"href":"https:\/\/soydeaqui.ddns.net\/pachuca\/index.php\/wp-json\/wp\/v2\/product"}],"about":[{"href":"https:\/\/soydeaqui.ddns.net\/pachuca\/index.php\/wp-json\/wp\/v2\/types\/product"}],"replies":[{"embeddable":true,"href":"https:\/\/soydeaqui.ddns.net\/pachuca\/index.php\/wp-json\/wp\/v2\/comments?post=44866"}],"wp:featuredmedia":[{"embeddable":true,"href":"https:\/\/soydeaqui.ddns.net\/pachuca\/index.php\/wp-json\/wp\/v2\/media\/44865"}],"wp:attachment":[{"href":"https:\/\/soydeaqui.ddns.net\/pachuca\/index.php\/wp-json\/wp\/v2\/media?parent=44866"}],"wp:term":[{"taxonomy":"product_brand","embeddable":true,"href":"https:\/\/soydeaqui.ddns.net\/pachuca\/index.php\/wp-json\/wp\/v2\/product_brand?post=44866"},{"taxonomy":"product_cat","embeddable":true,"href":"https:\/\/soydeaqui.ddns.net\/pachuca\/index.php\/wp-json\/wp\/v2\/product_cat?post=44866"},{"taxonomy":"product_tag","embeddable":true,"href":"https:\/\/soydeaqui.ddns.net\/pachuca\/index.php\/wp-json\/wp\/v2\/product_tag?post=44866"}],"curies":[{"name":"wp","href":"https:\/\/api.w.org\/{rel}","templated":true}]}}