{"id":44809,"date":"2026-03-18T19:51:03","date_gmt":"2026-03-18T19:51:03","guid":{"rendered":"https:\/\/soydeaqui.ddns.net\/pachuca\/index.php\/producto\/kit-fuente-ps12dc4pbk-bateria-incluida-lk712\/"},"modified":"2026-03-18T19:51:04","modified_gmt":"2026-03-18T19:51:04","slug":"kit-fuente-ps12dc4pbk-bateria-incluida-lk712","status":"publish","type":"product","link":"https:\/\/soydeaqui.ddns.net\/pachuca\/index.php\/producto\/kit-fuente-ps12dc4pbk-bateria-incluida-lk712\/","title":{"rendered":"Kit \/ Fuente PS12DC4PBK + Bater\u00eda inclu\u00edda LK712"},"content":{"rendered":"<div style='width: 100%; max-width: 1200px; margin: 0 auto; font-family: sans-serif; line-height: 1.6; color: inherit; background-color: transparent;'>\n<div style='display: flex; flex-direction: column; align-items: center; text-align: center; margin-bottom: 30px;'>\n<h1 style='font-size: 28px; color: inherit; margin: 0;'><strong>PS12DC4ABK\/K<\/strong><\/h1>\n<h3 style='font-size: 18px; color: inherit; margin: 10px 0;'>Fuente de alimentaci\u00f3n 11-15 Vcc @ 5 Amper<\/h3>\n<h3 style='font-size: 16px; color: inherit; margin: 10px 0;'>Incluye bater\u00eda de respaldo de 12 Vcc @ 7 Ah LK712<\/h3>\n<p style='margin: 20px 0; color: inherit; opacity: 0.8; font-size: 15px; max-width: 800px; text-align: center;'> Sistemas de alimentaci\u00f3n para aplicaciones en sistemas de seguridad electr\u00f3nica y comunicaci\u00f3n. <\/p>\n<\/p><\/div>\n<div style='display: flex; flex-wrap: wrap; gap: 30px;'> <!-- Fuente --> <\/p>\n<div style='flex: 1 1 300px; min-width: 280px;'> <img style='width: 100%; height: auto; border: 1px solid rgba(150&comma;150&comma;150&comma;0.3); border-radius: 8px; margin-bottom: 15px;' src='https:\/\/ftp3.syscom.mx\/usuarios\/fotos\/BancoFotografiasSyscom\/EPCOMPOWERLINE\/PS12DC4PBK\/PS12DC4PBK-AD-1-p.PNG' alt='Fuente PS12DC4PBK'> <\/p>\n<div style='border: 1px solid rgba(150&comma; 150&comma; 150&comma; 0.4); border-radius: 8px; overflow: hidden;'>\n<div style='padding: 15px; border-bottom: 1px solid rgba(150&comma; 150&comma; 150&comma; 0.2); font-weight: bold; font-size: 18px; color: inherit;'>Caracter\u00edsticas de la Fuente<\/div>\n<div style='padding: 15px; color: inherit;'>\n<ul style='padding-left: 20px; margin: 0; font-size: 14px; list-style-type: disc;'>\n<li style='margin-bottom: 5px;'>4 salidas @ 1.25 Amper<\/li>\n<li style='margin-bottom: 5px;'>Voltaje de entrada: 96-264 Vca<\/li>\n<li style='margin-bottom: 5px;'><strong>Voltaje de salida: 11-15 Vcc<\/strong><\/li>\n<li style='margin-bottom: 5px;'><strong>Corriente de salida: 5 Amper (Distribuidos en 4 salidas)<\/strong><\/li>\n<li style='margin-bottom: 5px;'>Frecuencia nominal: 50-60 Hz<\/li>\n<li style='margin-bottom: 5px;'>Dimensiones (mm): 187 x 193 x 90 (L*W*H)<\/li>\n<li style='margin-bottom: 5px;'>Peso: 1.94 Kgs.<\/li>\n<\/ul><\/div>\n<\/p><\/div>\n<\/p><\/div>\n<p> <!-- Bater\u00eda --> <\/p>\n<div style='flex: 1 1 300px; min-width: 280px;'> <img style='width: 100%; height: auto; border: 1px solid rgba(150&comma;150&comma;150&comma;0.3); border-radius: 8px; margin-bottom: 15px;' src='https:\/\/ftp3.syscom.mx\/usuarios\/fotos\/BancoFotografiasSyscom\/EPCOMPOWERLINE\/PL712\/PL712-p.PNG' alt='Bater\u00eda LK712'> <\/p>\n<div style='border: 1px solid rgba(150&comma; 150&comma; 150&comma; 0.4); border-radius: 8px; overflow: hidden;'>\n<div style='padding: 15px; border-bottom: 1px solid rgba(150&comma; 150&comma; 150&comma; 0.2); font-weight: bold; font-size: 18px; color: inherit;'>Caracter\u00edsticas de la Bater\u00eda<\/div>\n<div style='padding: 15px; color: inherit;'>\n<ul style='padding-left: 20px; margin: 0; font-size: 14px; list-style-type: disc;'>\n<li style='margin-bottom: 5px;'><strong>Capacidad en Ah: 7.<\/strong><\/li>\n<li style='margin-bottom: 5px;'>Tipo de terminal: F1<\/li>\n<li style='margin-bottom: 5px;'><strong>Voltaje (Vcc): 12.<\/strong><\/li>\n<li style='margin-bottom: 5px;'>Tipo: AGM\/VRLA.<\/li>\n<li style='margin-bottom: 5px;'>Dimensiones (mm): 65 x 101 x 151<\/li>\n<li style='margin-bottom: 5px;'>Peso (kg): 2.05<\/li>\n<\/ul><\/div>\n<\/p><\/div>\n<\/p><\/div>\n<p> <!-- Productos relacionados --> <\/p>\n<div style='flex: 1 1 300px; min-width: 280px;'> <img style='width: 100%; height: auto; border: 1px solid rgba(150&comma;150&comma;150&comma;0.3); border-radius: 8px; margin-bottom: 15px;' src='https:\/\/ftp3.syscom.mx\/usuarios\/fotos\/BancoFotografiasSyscom\/EPCOMPOWERLINE\/PL12DC5ABK_K\/PL12DC5ABK_K-p.PNG' alt='Productos relacionados'> <\/p>\n<div style='border: 1px solid rgba(150&comma; 150&comma; 150&comma; 0.4); border-radius: 8px; overflow: hidden;'>\n<div style='padding: 15px; border-bottom: 1px solid rgba(150&comma; 150&comma; 150&comma; 0.2); font-weight: bold; font-size: 18px; color: inherit;'>Productos relacionados<\/div>\n<div style='padding: 15px; color: inherit;'>\n<ul style='padding-left: 20px; margin: 0; font-size: 14px; list-style-type: disc;'>\n<li style='margin-bottom: 5px;'><strong style='color: #3598db;'>PL-12DC-3A-BK\/K<\/strong><\/li>\n<li style='margin-bottom: 5px;'><strong style='color: #3598db;'>PL-12DC-5A-BK\/K<\/strong><\/li>\n<li style='margin-bottom: 5px;'><strong style='color: #3598db;'>AC-PS-T12-05<\/strong><\/li>\n<li style='margin-bottom: 5px;'><strong style='color: #3598db;'>PS-12DC-4P-BK\/K<\/strong><\/li>\n<li style='margin-bottom: 5px;'><strong style='color: #3598db;'>PLK-12DC-8A-BK\/K<\/strong><\/li>\n<li style='margin-bottom: 5px;'><strong style='color: #3598db;'>PLK-12DC-20A-BK\/K<\/strong><\/li>\n<\/ul><\/div>\n<\/p><\/div>\n<\/p><\/div>\n<\/p><\/div>\n<p> <!-- Separador --> <\/p>\n<hr style='border: 0; border-top: 1px solid rgba(150&comma; 150&comma; 150&comma; 0.3); margin: 40px 0;'> <\/div>\n","protected":false},"excerpt":{"rendered":"<p>Kit \/ Fuente PS12DC4PBK + Bater\u00eda inclu\u00edda LK712<\/p>\n","protected":false},"featured_media":44808,"comment_status":"open","ping_status":"closed","template":"","meta":[],"product_brand":[],"product_cat":[1081],"product_tag":[454,1082,405],"class_list":{"0":"post-44809","1":"product","2":"type-product","3":"status-publish","4":"has-post-thumbnail","6":"product_cat-fuentes-con-distribuidor","7":"product_tag-epcom-powerline","8":"product_tag-fuentes-con-distribuidor","9":"product_tag-fuentes-de-poder","11":"first","12":"instock","13":"sale","14":"shipping-taxable","15":"purchasable","16":"product-type-simple"},"_links":{"self":[{"href":"https:\/\/soydeaqui.ddns.net\/pachuca\/index.php\/wp-json\/wp\/v2\/product\/44809","targetHints":{"allow":["GET"]}}],"collection":[{"href":"https:\/\/soydeaqui.ddns.net\/pachuca\/index.php\/wp-json\/wp\/v2\/product"}],"about":[{"href":"https:\/\/soydeaqui.ddns.net\/pachuca\/index.php\/wp-json\/wp\/v2\/types\/product"}],"replies":[{"embeddable":true,"href":"https:\/\/soydeaqui.ddns.net\/pachuca\/index.php\/wp-json\/wp\/v2\/comments?post=44809"}],"wp:featuredmedia":[{"embeddable":true,"href":"https:\/\/soydeaqui.ddns.net\/pachuca\/index.php\/wp-json\/wp\/v2\/media\/44808"}],"wp:attachment":[{"href":"https:\/\/soydeaqui.ddns.net\/pachuca\/index.php\/wp-json\/wp\/v2\/media?parent=44809"}],"wp:term":[{"taxonomy":"product_brand","embeddable":true,"href":"https:\/\/soydeaqui.ddns.net\/pachuca\/index.php\/wp-json\/wp\/v2\/product_brand?post=44809"},{"taxonomy":"product_cat","embeddable":true,"href":"https:\/\/soydeaqui.ddns.net\/pachuca\/index.php\/wp-json\/wp\/v2\/product_cat?post=44809"},{"taxonomy":"product_tag","embeddable":true,"href":"https:\/\/soydeaqui.ddns.net\/pachuca\/index.php\/wp-json\/wp\/v2\/product_tag?post=44809"}],"curies":[{"name":"wp","href":"https:\/\/api.w.org\/{rel}","templated":true}]}}