{"id":44520,"date":"2026-03-18T19:42:38","date_gmt":"2026-03-18T19:42:38","guid":{"rendered":"https:\/\/soydeaqui.ddns.net\/pachuca\/index.php\/producto\/zwave-relevador-inalambrico-inteligente-contacto-seco-16a-110-230-v-compatible-con-hub-zwave-hubitat-hc7-y-hc8\/"},"modified":"2026-03-18T19:42:41","modified_gmt":"2026-03-18T19:42:41","slug":"zwave-relevador-inalambrico-inteligente-contacto-seco-16a-110-230-v-compatible-con-hub-zwave-hubitat-hc7-y-hc8","status":"publish","type":"product","link":"https:\/\/soydeaqui.ddns.net\/pachuca\/index.php\/producto\/zwave-relevador-inalambrico-inteligente-contacto-seco-16a-110-230-v-compatible-con-hub-zwave-hubitat-hc7-y-hc8\/","title":{"rendered":"Zwave Relevador inal\u00e1mbrico inteligente, contacto seco, 16A, 110-230 V, compatible con HUB Zwave, Hubitat HC7 y HC8"},"content":{"rendered":"<div style='width: 100%; max-width: 1200px; margin: 0 auto; font-family: sans-serif; line-height: 1.6; color: inherit; background-color: transparent;'>\n<p style='text-align: justify; font-size: 16px; margin-bottom: 20px; color: inherit;'> <strong>Interruptor inteligente operado por Wi-Fi&comma; 1 canal 8A&comma; con medici\u00f3n.<\/strong> <\/p>\n<p style='text-align: justify; font-size: 15px; margin-bottom: 30px; color: inherit;'> El interruptor de rel\u00e9 m\u00e1s peque\u00f1o del mundo para un control inteligente y un monitoreo preciso de la energ\u00eda. Automatiza tus luces o peque\u00f1os electrodom\u00e9sticos en menos de 10 minutos&comma; y contr\u00f3lalos y monitor\u00edzalos desde cualquier lugar. Lo suficientemente peque\u00f1o como para caber detr\u00e1s de cualquier interruptor o enchufe de pared&comma; Shelly Plus 1PM Mini es retroadaptable y altamente compatible con su ecosistema inteligente existente. <\/p>\n<div style='display: flex; flex-wrap: wrap; gap: 30px; margin-bottom: 30px;'>\n<div style='flex: 1 1 300px; min-width: 280px;'>\n<h3 style='font-size: 22px; border-bottom: 2px solid currentColor; padding-bottom: 5px; margin-top: 0; color: inherit; opacity: 0.8;'>Caracter\u00edsticas principales<\/h3>\n<ul style='padding-left: 20px; font-size: 15px; color: inherit;'>\n<li style='margin-bottom: 5px;'>Requiere HUB Gateway Zwave<\/li>\n<li style='margin-bottom: 5px;'>Contacto Seco<\/li>\n<li style='margin-bottom: 5px;'>N\u00famero de canales : 1<\/li>\n<li style='margin-bottom: 5px;'>Conectividad Z-Wave\u2122 S800 Plus<\/li>\n<li style='margin-bottom: 5px;'>Alcance: 40m linea de vista exterior\/interior<\/li>\n<li style='margin-bottom: 5px;'>Carga: 16A<\/li>\n<li style='margin-bottom: 5px;'>Compatible con HUB Hubitat HC7 y HC8<\/li>\n<\/ul><\/div>\n<div style='flex: 1 1 300px; min-width: 280px;'>\n<h3 style='font-size: 22px; border-bottom: 2px solid currentColor; padding-bottom: 5px; margin-top: 0; color: inherit; opacity: 0.8;'>Caracter\u00edsticas F\u00edsicas y El\u00e9ctricas<\/h3>\n<ul style='padding-left: 20px; font-size: 15px; color: inherit;'>\n<li style='margin-bottom: 5px;'>Alimentaci\u00f3n 110-240 V CA \/ 24-48 V CC \/ 12 V CC<\/li>\n<li style='margin-bottom: 5px;'>Temperatura de Operaci\u00f3n: -20 \u00b0C a 40 \u00b0C<\/li>\n<li style='margin-bottom: 5px;'>Humedad: 30 % a 70 % HR<\/li>\n<li style='margin-bottom: 5px;'>Consumo del dispositivo : < 0.5 - 1W<\/li>\n<li style='margin-bottom: 5px;'>Carga m\u00e1xima : Std versi\u00f3n 16A<\/li>\n<li style='margin-bottom: 5px;'>Dimensiones: 37x42x16 \u00b10&comma;5 mm<\/li>\n<\/ul><\/div>\n<div style='flex: 1 1 300px; min-width: 280px;'>\n<h3 style='font-size: 22px; border-bottom: 2px solid currentColor; padding-bottom: 5px; margin-top: 0; color: inherit; opacity: 0.8;'>Casos de uso<\/h3>\n<ul style='padding-left: 20px; font-size: 15px; color: inherit;'>\n<li style='margin-bottom: 5px;'>Controle puerta de garage de forma remota<\/li>\n<li style='margin-bottom: 5px;'>Automatice sistemas de riego para su jardin<\/li>\n<li style='margin-bottom: 5px;'>Crea escenarios y calendarios<\/li>\n<li style='margin-bottom: 5px;'>Contorl de iluminaci\u00f3n<\/li>\n<li style='margin-bottom: 5px;'>Etc.<\/li>\n<\/ul><\/div>\n<\/p><\/div>\n<div style='margin-top: 40px; padding: 30px; border-radius: 10px; background-color: #434342;'> <img style='width: 100%; height: auto; border: 1px solid rgba(150&comma;150&comma;150&comma;0.3); border-radius: 8px;' src='https:\/\/ftp3.syscom.mx\/usuarios\/ftp\/single_page\/shelly_img\/shelly_logo_white_std.png' alt='Logo Shelly'> <\/div>\n<\/p><\/div>\n","protected":false},"excerpt":{"rendered":"<p>Zwave Relevador inal\u00e1mbrico inteligente, contacto seco, 16A, 110-230 V, compatible con HUB Zwave, Hubitat HC7 y HC8<\/p>\n","protected":false},"featured_media":44519,"comment_status":"open","ping_status":"closed","template":"","meta":[],"product_brand":[],"product_cat":[56],"product_tag":[30,57,58],"class_list":{"0":"post-44520","1":"product","2":"type-product","3":"status-publish","4":"has-post-thumbnail","6":"product_cat-control-de-iluminacion","7":"product_tag-automatizacion-casa-inteligente","8":"product_tag-control-de-iluminacion","9":"product_tag-shelly","11":"first","12":"outofstock","13":"sale","14":"shipping-taxable","15":"purchasable","16":"product-type-simple"},"_links":{"self":[{"href":"https:\/\/soydeaqui.ddns.net\/pachuca\/index.php\/wp-json\/wp\/v2\/product\/44520","targetHints":{"allow":["GET"]}}],"collection":[{"href":"https:\/\/soydeaqui.ddns.net\/pachuca\/index.php\/wp-json\/wp\/v2\/product"}],"about":[{"href":"https:\/\/soydeaqui.ddns.net\/pachuca\/index.php\/wp-json\/wp\/v2\/types\/product"}],"replies":[{"embeddable":true,"href":"https:\/\/soydeaqui.ddns.net\/pachuca\/index.php\/wp-json\/wp\/v2\/comments?post=44520"}],"wp:featuredmedia":[{"embeddable":true,"href":"https:\/\/soydeaqui.ddns.net\/pachuca\/index.php\/wp-json\/wp\/v2\/media\/44519"}],"wp:attachment":[{"href":"https:\/\/soydeaqui.ddns.net\/pachuca\/index.php\/wp-json\/wp\/v2\/media?parent=44520"}],"wp:term":[{"taxonomy":"product_brand","embeddable":true,"href":"https:\/\/soydeaqui.ddns.net\/pachuca\/index.php\/wp-json\/wp\/v2\/product_brand?post=44520"},{"taxonomy":"product_cat","embeddable":true,"href":"https:\/\/soydeaqui.ddns.net\/pachuca\/index.php\/wp-json\/wp\/v2\/product_cat?post=44520"},{"taxonomy":"product_tag","embeddable":true,"href":"https:\/\/soydeaqui.ddns.net\/pachuca\/index.php\/wp-json\/wp\/v2\/product_tag?post=44520"}],"curies":[{"name":"wp","href":"https:\/\/api.w.org\/{rel}","templated":true}]}}